192.168.1.152 - - [08/Sep/2023:13:03:06 +0200] "POST /RelaxMT/spring/showTherapists;jsessionid=7BDC0DF8E58EB3C4C83913DD03C599F1?execution=e1s5 HTTP/1.1" 200 155
192.168.1.152 - - [08/Sep/2023:13:03:06 +0200] "POST /RelaxMT/spring/showTherapists;jsessionid=7BDC0DF8E58EB3C4C83913DD03C599F1?execution=e1s5 HTTP/1.1" 200 20331
192.168.1.152 - - [08/Sep/2023:13:03:06 +0200] "POST /RelaxMT/spring/showTherapists;jsessionid=7BDC0DF8E58EB3C4C83913DD03C599F1?execution=e1s5 HTTP/1.1" 200 3321
192.168.1.113 - - [08/Sep/2023:13:03:30 +0200] "POST /RelaxMT/spring/showPatients?execution=e2s3 HTTP/1.1" 200 155
192.168.1.113 - - [08/Sep/2023:13:03:31 +0200] "POST /RelaxMT/spring/showPatients?execution=e2s3 HTTP/1.1" 200 21155
192.168.1.113 - - [08/Sep/2023:13:03:31 +0200] "POST /RelaxMT/spring/showPatients?execution=e2s3 HTTP/1.1" 200 3275
192.168.1.152 - - [08/Sep/2023:13:04:07 +0200] "POST /RelaxMT/spring/showTherapists;jsessionid=7BDC0DF8E58EB3C4C83913DD03C599F1?execution=e1s5 HTTP/1.1" 200 155
192.168.1.152 - - [08/Sep/2023:13:04:07 +0200] "POST /RelaxMT/spring/showTherapists;jsessionid=7BDC0DF8E58EB3C4C83913DD03C599F1?execution=e1s5 HTTP/1.1" 200 20331
192.168.1.152 - - [08/Sep/2023:13:04:07 +0200] "POST /RelaxMT/spring/showTherapists;jsessionid=7BDC0DF8E58EB3C4C83913DD03C599F1?execution=e1s5 HTTP/1.1" 200 3321
192.168.1.113 - - [08/Sep/2023:13:04:30 +0200] "POST /RelaxMT/spring/showPatients?execution=e2s3 HTTP/1.1" 200 155
192.168.1.113 - - [08/Sep/2023:13:04:31 +0200] "POST /RelaxMT/spring/showPatients?execution=e2s3 HTTP/1.1" 200 21155
192.168.1.113 - - [08/Sep/2023:13:04:31 +0200] "POST /RelaxMT/spring/showPatients?execution=e2s3 HTTP/1.1" 200 3275
192.168.1.113 - - [08/Sep/2023:13:04:35 +0200] "POST /RelaxMT/spring/showPatients?execution=e2s3 HTTP/1.1" 200 16537
192.168.1.113 - - [08/Sep/2023:13:04:36 +0200] "POST /RelaxMT/spring/showPatients?execution=e2s3 HTTP/1.1" 200 16537
192.168.1.113 - - [08/Sep/2023:13:04:37 +0200] "POST /RelaxMT/spring/showPatients?execution=e2s3 HTTP/1.1" 200 13383
192.168.1.113 - - [08/Sep/2023:13:04:38 +0200] "POST /RelaxMT/spring/showPatients?execution=e2s3 HTTP/1.1" 200 407
192.168.1.113 - - [08/Sep/2023:13:04:39 +0200] "POST /RelaxMT/spring/showPatients?execution=e2s3 HTTP/1.1" 200 407
192.168.1.113 - - [08/Sep/2023:13:04:42 +0200] "POST /RelaxMT/spring/showPatients?execution=e2s3 HTTP/1.1" 200 16854
192.168.1.152 - - [08/Sep/2023:13:05:08 +0200] "POST /RelaxMT/spring/showTherapists;jsessionid=7BDC0DF8E58EB3C4C83913DD03C599F1?execution=e1s5 HTTP/1.1" 200 155
192.168.1.152 - - [08/Sep/2023:13:05:08 +0200] "POST /RelaxMT/spring/showTherapists;jsessionid=7BDC0DF8E58EB3C4C83913DD03C599F1?execution=e1s5 HTTP/1.1" 200 20331
192.168.1.152 - - [08/Sep/2023:13:05:08 +0200] "POST /RelaxMT/spring/showTherapists;jsessionid=7BDC0DF8E58EB3C4C83913DD03C599F1?execution=e1s5 HTTP/1.1" 200 3321
192.168.1.113 - - [08/Sep/2023:13:05:30 +0200] "POST /RelaxMT/spring/showPatients?execution=e2s3 HTTP/1.1" 200 155
192.168.1.113 - - [08/Sep/2023:13:05:31 +0200] "POST /RelaxMT/spring/showPatients?execution=e2s3 HTTP/1.1" 200 21155
192.168.1.113 - - [08/Sep/2023:13:05:31 +0200] "POST /RelaxMT/spring/showPatients?execution=e2s3 HTTP/1.1" 200 3275
192.168.1.152 - - [08/Sep/2023:13:06:09 +0200] "POST /RelaxMT/spring/showTherapists;jsessionid=7BDC0DF8E58EB3C4C83913DD03C599F1?execution=e1s5 HTTP/1.1" 200 155
192.168.1.152 - - [08/Sep/2023:13:06:09 +0200] "POST /RelaxMT/spring/showTherapists;jsessionid=7BDC0DF8E58EB3C4C83913DD03C599F1?execution=e1s5 HTTP/1.1" 200 20331
192.168.1.152 - - [08/Sep/2023:13:06:09 +0200] "POST /RelaxMT/spring/showTherapists;jsessionid=7BDC0DF8E58EB3C4C83913DD03C599F1?execution=e1s5 HTTP/1.1" 200 3321
192.168.1.113 - - [08/Sep/2023:13:06:30 +0200] "POST /RelaxMT/spring/showPatients?execution=e2s3 HTTP/1.1" 200 155
192.168.1.113 - - [08/Sep/2023:13:06:31 +0200] "POST /RelaxMT/spring/showPatients?execution=e2s3 HTTP/1.1" 200 21155
192.168.1.113 - - [08/Sep/2023:13:06:31 +0200] "POST /RelaxMT/spring/showPatients?execution=e2s3 HTTP/1.1" 200 3275
192.168.1.152 - - [08/Sep/2023:13:07:10 +0200] "POST /RelaxMT/spring/showTherapists;jsessionid=7BDC0DF8E58EB3C4C83913DD03C599F1?execution=e1s5 HTTP/1.1" 200 155
192.168.1.152 - - [08/Sep/2023:13:07:10 +0200] "POST /RelaxMT/spring/showTherapists;jsessionid=7BDC0DF8E58EB3C4C83913DD03C599F1?execution=e1s5 HTTP/1.1" 200 20331
192.168.1.152 - - [08/Sep/2023:13:07:10 +0200] "POST /RelaxMT/spring/showTherapists;jsessionid=7BDC0DF8E58EB3C4C83913DD03C599F1?execution=e1s5 HTTP/1.1" 200 3321
192.168.1.113 - - [08/Sep/2023:13:07:30 +0200] "POST /RelaxMT/spring/showPatients?execution=e2s3 HTTP/1.1" 200 155
192.168.1.113 - - [08/Sep/2023:13:07:31 +0200] "POST /RelaxMT/spring/showPatients?execution=e2s3 HTTP/1.1" 200 21155
192.168.1.113 - - [08/Sep/2023:13:07:31 +0200] "POST /RelaxMT/spring/showPatients?execution=e2s3 HTTP/1.1" 200 3275
192.168.1.152 - - [08/Sep/2023:13:08:11 +0200] "POST /RelaxMT/spring/showTherapists;jsessionid=7BDC0DF8E58EB3C4C83913DD03C599F1?execution=e1s5 HTTP/1.1" 200 155
192.168.1.152 - - [08/Sep/2023:13:08:11 +0200] "POST /RelaxMT/spring/showTherapists;jsessionid=7BDC0DF8E58EB3C4C83913DD03C599F1?execution=e1s5 HTTP/1.1" 200 20331
192.168.1.152 - - [08/Sep/2023:13:08:11 +0200] "POST /RelaxMT/spring/showTherapists;jsessionid=7BDC0DF8E58EB3C4C83913DD03C599F1?execution=e1s5 HTTP/1.1" 200 3321
192.168.1.113 - - [08/Sep/2023:13:08:16 +0200] "POST /RelaxMT/spring/showPatients?execution=e2s3 HTTP/1.1" 200 147
192.168.1.113 - - [08/Sep/2023:13:08:16 +0200] "GET /RelaxMT/spring/showPatients?execution=e2s4 HTTP/1.1" 200 36990
192.168.1.113 - - [08/Sep/2023:13:08:16 +0200] "GET /RelaxMT/spring/javax.faces.resource/theme.css?ln=primefaces-aristo HTTP/1.1" 304 -
192.168.1.113 - - [08/Sep/2023:13:08:16 +0200] "GET /RelaxMT/spring/javax.faces.resource/jsf-tablet.css?ln=skins HTTP/1.1" 304 -
192.168.1.113 - - [08/Sep/2023:13:08:16 +0200] "GET /RelaxMT/spring/javax.faces.resource/primefaces.css?ln=primefaces HTTP/1.1" 304 -
192.168.1.113 - - [08/Sep/2023:13:08:16 +0200] "GET /RelaxMT/spring/javax.faces.resource/jquery/jquery.js?ln=primefaces HTTP/1.1" 304 -
192.168.1.113 - - [08/Sep/2023:13:08:16 +0200] "GET /RelaxMT/spring/javax.faces.resource/primefaces.js?ln=primefaces HTTP/1.1" 304 -
192.168.1.113 - - [08/Sep/2023:13:08:16 +0200] "GET /RelaxMT/spring/javax.faces.resource/jquery/jquery-plugins.js?ln=primefaces HTTP/1.1" 304 -
192.168.1.113 - - [08/Sep/2023:13:08:16 +0200] "GET /RelaxMT/spring/javax.faces.resource/logo.png?ln=pics HTTP/1.1" 304 -
192.168.1.113 - - [08/Sep/2023:13:08:16 +0200] "GET /RelaxMT/spring/javax.faces.resource/green_on.png?ln=pics HTTP/1.1" 304 -
192.168.1.113 - - [08/Sep/2023:13:08:16 +0200] "GET /RelaxMT/spring/javax.faces.resource/RGBColorDummy.gif?ln=pics HTTP/1.1" 304 -
192.168.1.113 - - [08/Sep/2023:13:08:19 +0200] "POST /RelaxMT/spring/showPatients?execution=e2s4 HTTP/1.1" 200 16545
192.168.1.113 - - [08/Sep/2023:13:08:20 +0200] "POST /RelaxMT/spring/showPatients?execution=e2s4 HTTP/1.1" 200 7602
192.168.1.113 - - [08/Sep/2023:13:08:21 +0200] "POST /RelaxMT/spring/showPatients?execution=e2s4 HTTP/1.1" 200 3118
192.168.1.113 - - [08/Sep/2023:13:08:21 +0200] "POST /RelaxMT/spring/showPatients?execution=e2s4 HTTP/1.1" 200 3118
192.168.1.152 - - [08/Sep/2023:13:09:12 +0200] "POST /RelaxMT/spring/showTherapists;jsessionid=7BDC0DF8E58EB3C4C83913DD03C599F1?execution=e1s5 HTTP/1.1" 200 155
192.168.1.152 - - [08/Sep/2023:13:09:12 +0200] "POST /RelaxMT/spring/showTherapists;jsessionid=7BDC0DF8E58EB3C4C83913DD03C599F1?execution=e1s5 HTTP/1.1" 200 20331
192.168.1.152 - - [08/Sep/2023:13:09:12 +0200] "POST /RelaxMT/spring/showTherapists;jsessionid=7BDC0DF8E58EB3C4C83913DD03C599F1?execution=e1s5 HTTP/1.1" 200 3321
192.168.1.113 - - [08/Sep/2023:13:09:17 +0200] "POST /RelaxMT/spring/showPatients?execution=e2s4 HTTP/1.1" 200 155
192.168.1.113 - - [08/Sep/2023:13:09:18 +0200] "POST /RelaxMT/spring/showPatients?execution=e2s4 HTTP/1.1" 200 6819
192.168.1.113 - - [08/Sep/2023:13:09:18 +0200] "POST /RelaxMT/spring/showPatients?execution=e2s4 HTTP/1.1" 200 3275
192.168.1.152 - - [08/Sep/2023:13:10:13 +0200] "POST /RelaxMT/spring/showTherapists;jsessionid=7BDC0DF8E58EB3C4C83913DD03C599F1?execution=e1s5 HTTP/1.1" 200 155
192.168.1.152 - - [08/Sep/2023:13:10:13 +0200] "POST /RelaxMT/spring/showTherapists;jsessionid=7BDC0DF8E58EB3C4C83913DD03C599F1?execution=e1s5 HTTP/1.1" 200 19681
192.168.1.152 - - [08/Sep/2023:13:10:13 +0200] "POST /RelaxMT/spring/showTherapists;jsessionid=7BDC0DF8E58EB3C4C83913DD03C599F1?execution=e1s5 HTTP/1.1" 200 3321
192.168.1.152 - - [08/Sep/2023:13:10:13 +0200] "GET /RelaxMT/spring/javax.faces.resource/green.gif?ln=pics HTTP/1.1" 304 -
192.168.1.113 - - [08/Sep/2023:13:10:17 +0200] "POST /RelaxMT/spring/showPatients?execution=e2s4 HTTP/1.1" 200 155
192.168.1.113 - - [08/Sep/2023:13:10:18 +0200] "POST /RelaxMT/spring/showPatients?execution=e2s4 HTTP/1.1" 200 6920
192.168.1.113 - - [08/Sep/2023:13:10:18 +0200] "POST /RelaxMT/spring/showPatients?execution=e2s4 HTTP/1.1" 200 3275
192.168.1.113 - - [08/Sep/2023:13:10:18 +0200] "GET /RelaxMT/spring/javax.faces.resource/green.gif?ln=pics HTTP/1.1" 304 -
192.168.1.113 - - [08/Sep/2023:13:10:42 +0200] "POST /RelaxMT/spring/showPatients?execution=e2s4 HTTP/1.1" 302 -
192.168.1.113 - - [08/Sep/2023:13:10:42 +0200] "GET /RelaxMT/spring/showPatients?execution=e2s5 HTTP/1.1" 200 34222
192.168.1.113 - - [08/Sep/2023:13:10:43 +0200] "GET /RelaxMT/spring/javax.faces.resource/theme.css?ln=primefaces-aristo HTTP/1.1" 304 -
192.168.1.113 - - [08/Sep/2023:13:10:43 +0200] "GET /RelaxMT/spring/javax.faces.resource/jsf-tablet.css?ln=skins HTTP/1.1" 304 -
192.168.1.113 - - [08/Sep/2023:13:10:43 +0200] "GET /RelaxMT/spring/javax.faces.resource/primefaces.css?ln=primefaces HTTP/1.1" 304 -
192.168.1.113 - - [08/Sep/2023:13:10:43 +0200] "GET /RelaxMT/spring/javax.faces.resource/primefaces.js?ln=primefaces HTTP/1.1" 304 -
192.168.1.113 - - [08/Sep/2023:13:10:43 +0200] "GET /RelaxMT/spring/javax.faces.resource/jquery/jquery-plugins.js?ln=primefaces HTTP/1.1" 304 -
192.168.1.113 - - [08/Sep/2023:13:10:43 +0200] "GET /RelaxMT/spring/javax.faces.resource/jquery/jquery.js?ln=primefaces HTTP/1.1" 304 -
192.168.1.113 - - [08/Sep/2023:13:10:43 +0200] "GET /RelaxMT/spring/javax.faces.resource/green_on.png?ln=pics HTTP/1.1" 304 -
192.168.1.113 - - [08/Sep/2023:13:10:43 +0200] "GET /RelaxMT/spring/javax.faces.resource/logo.png?ln=pics HTTP/1.1" 304 -
192.168.1.113 - - [08/Sep/2023:13:10:43 +0200] "GET /RelaxMT/spring/javax.faces.resource/RGBColorDummy.gif?ln=pics HTTP/1.1" 304 -
192.168.1.113 - - [08/Sep/2023:13:10:46 +0200] "POST /RelaxMT/spring/showPatients?execution=e2s5 HTTP/1.1" 200 147
192.168.1.113 - - [08/Sep/2023:13:10:46 +0200] "GET /RelaxMT/spring/showPatients?execution=e2s6 HTTP/1.1" 200 34232
192.168.1.113 - - [08/Sep/2023:13:10:46 +0200] "GET /RelaxMT/spring/javax.faces.resource/theme.css?ln=primefaces-aristo HTTP/1.1" 304 -
192.168.1.113 - - [08/Sep/2023:13:10:46 +0200] "GET /RelaxMT/spring/javax.faces.resource/jquery/jquery.js?ln=primefaces HTTP/1.1" 304 -
192.168.1.113 - - [08/Sep/2023:13:10:46 +0200] "GET /RelaxMT/spring/javax.faces.resource/primefaces.css?ln=primefaces HTTP/1.1" 304 -
192.168.1.113 - - [08/Sep/2023:13:10:46 +0200] "GET /RelaxMT/spring/javax.faces.resource/jsf-tablet.css?ln=skins HTTP/1.1" 304 -
192.168.1.113 - - [08/Sep/2023:13:10:46 +0200] "GET /RelaxMT/spring/javax.faces.resource/primefaces.js?ln=primefaces HTTP/1.1" 304 -
192.168.1.113 - - [08/Sep/2023:13:10:46 +0200] "GET /RelaxMT/spring/javax.faces.resource/jquery/jquery-plugins.js?ln=primefaces HTTP/1.1" 304 -
192.168.1.113 - - [08/Sep/2023:13:10:46 +0200] "GET /RelaxMT/spring/javax.faces.resource/logo.png?ln=pics HTTP/1.1" 304 -
192.168.1.113 - - [08/Sep/2023:13:10:46 +0200] "GET /RelaxMT/spring/javax.faces.resource/green_on.png?ln=pics HTTP/1.1" 304 -
192.168.1.113 - - [08/Sep/2023:13:10:46 +0200] "GET /RelaxMT/spring/javax.faces.resource/RGBColorDummy.gif?ln=pics HTTP/1.1" 304 -
192.168.1.113 - - [08/Sep/2023:13:10:49 +0200] "POST /RelaxMT/spring/showPatients?execution=e2s6 HTTP/1.1" 200 7703
192.168.1.113 - - [08/Sep/2023:13:10:49 +0200] "GET /RelaxMT/spring/javax.faces.resource/green.gif?ln=pics HTTP/1.1" 304 -
192.168.1.113 - - [08/Sep/2023:13:10:49 +0200] "POST /RelaxMT/spring/showPatients?execution=e2s6 HTTP/1.1" 200 3219
192.168.1.113 - - [08/Sep/2023:13:10:52 +0200] "POST /RelaxMT/spring/showPatients?execution=e2s6 HTTP/1.1" 200 16854
192.168.1.113 - - [08/Sep/2023:13:10:55 +0200] "POST /RelaxMT/spring/showPatients?execution=e2s6 HTTP/1.1" 200 7490
192.168.1.113 - - [08/Sep/2023:13:10:56 +0200] "POST /RelaxMT/spring/showPatients?execution=e2s6 HTTP/1.1" 200 1696
192.168.1.152 - - [08/Sep/2023:13:11:14 +0200] "POST /RelaxMT/spring/showTherapists;jsessionid=7BDC0DF8E58EB3C4C83913DD03C599F1?execution=e1s5 HTTP/1.1" 200 155
192.168.1.152 - - [08/Sep/2023:13:11:14 +0200] "POST /RelaxMT/spring/showTherapists;jsessionid=7BDC0DF8E58EB3C4C83913DD03C599F1?execution=e1s5 HTTP/1.1" 200 19673
192.168.1.152 - - [08/Sep/2023:13:11:14 +0200] "POST /RelaxMT/spring/showTherapists;jsessionid=7BDC0DF8E58EB3C4C83913DD03C599F1?execution=e1s5 HTTP/1.1" 200 479
192.168.1.152 - - [08/Sep/2023:13:11:14 +0200] "GET /RelaxMT/spring/javax.faces.resource/green_on.png?ln=pics HTTP/1.1" 304 -
192.168.1.113 - - [08/Sep/2023:13:11:44 +0200] "POST /RelaxMT/spring/showPatients?execution=e2s6 HTTP/1.1" 302 -
192.168.1.113 - - [08/Sep/2023:13:11:44 +0200] "GET /RelaxMT/spring/showPatients?execution=e2s7 HTTP/1.1" 200 34232
192.168.1.113 - - [08/Sep/2023:13:11:44 +0200] "GET /RelaxMT/spring/javax.faces.resource/theme.css?ln=primefaces-aristo HTTP/1.1" 304 -
192.168.1.113 - - [08/Sep/2023:13:11:44 +0200] "GET /RelaxMT/spring/javax.faces.resource/jsf-tablet.css?ln=skins HTTP/1.1" 304 -
192.168.1.113 - - [08/Sep/2023:13:11:44 +0200] "GET /RelaxMT/spring/javax.faces.resource/primefaces.css?ln=primefaces HTTP/1.1" 304 -
192.168.1.113 - - [08/Sep/2023:13:11:44 +0200] "GET /RelaxMT/spring/javax.faces.resource/jquery/jquery.js?ln=primefaces HTTP/1.1" 304 -
192.168.1.113 - - [08/Sep/2023:13:11:44 +0200] "GET /RelaxMT/spring/javax.faces.resource/primefaces.js?ln=primefaces HTTP/1.1" 304 -
192.168.1.113 - - [08/Sep/2023:13:11:44 +0200] "GET /RelaxMT/spring/javax.faces.resource/jquery/jquery-plugins.js?ln=primefaces HTTP/1.1" 304 -
192.168.1.113 - - [08/Sep/2023:13:11:44 +0200] "GET /RelaxMT/spring/javax.faces.resource/logo.png?ln=pics HTTP/1.1" 304 -
192.168.1.113 - - [08/Sep/2023:13:11:44 +0200] "GET /RelaxMT/spring/javax.faces.resource/green_on.png?ln=pics HTTP/1.1" 304 -
192.168.1.113 - - [08/Sep/2023:13:11:45 +0200] "GET /RelaxMT/spring/javax.faces.resource/RGBColorDummy.gif?ln=pics HTTP/1.1" 304 -
192.168.1.152 - - [08/Sep/2023:13:12:14 +0200] "POST /RelaxMT/spring/showTherapists;jsessionid=7BDC0DF8E58EB3C4C83913DD03C599F1?execution=e1s5 HTTP/1.1" 200 155
192.168.1.152 - - [08/Sep/2023:13:12:14 +0200] "POST /RelaxMT/spring/showTherapists;jsessionid=7BDC0DF8E58EB3C4C83913DD03C599F1?execution=e1s5 HTTP/1.1" 200 19673
192.168.1.152 - - [08/Sep/2023:13:12:14 +0200] "POST /RelaxMT/spring/showTherapists;jsessionid=7BDC0DF8E58EB3C4C83913DD03C599F1?execution=e1s5 HTTP/1.1" 200 479
192.168.1.113 - - [08/Sep/2023:13:12:44 +0200] "POST /RelaxMT/spring/showPatients?execution=e2s7 HTTP/1.1" 200 155
192.168.1.113 - - [08/Sep/2023:13:12:45 +0200] "POST /RelaxMT/spring/showPatients?execution=e2s7 HTTP/1.1" 200 21155
192.168.1.113 - - [08/Sep/2023:13:12:46 +0200] "POST /RelaxMT/spring/showPatients?execution=e2s7 HTTP/1.1" 200 479
192.168.1.152 - - [08/Sep/2023:13:13:14 +0200] "POST /RelaxMT/spring/showTherapists;jsessionid=7BDC0DF8E58EB3C4C83913DD03C599F1?execution=e1s5 HTTP/1.1" 200 155
192.168.1.152 - - [08/Sep/2023:13:13:14 +0200] "POST /RelaxMT/spring/showTherapists;jsessionid=7BDC0DF8E58EB3C4C83913DD03C599F1?execution=e1s5 HTTP/1.1" 200 19673
192.168.1.152 - - [08/Sep/2023:13:13:14 +0200] "POST /RelaxMT/spring/showTherapists;jsessionid=7BDC0DF8E58EB3C4C83913DD03C599F1?execution=e1s5 HTTP/1.1" 200 479
192.168.1.113 - - [08/Sep/2023:13:13:44 +0200] "POST /RelaxMT/spring/showPatients?execution=e2s7 HTTP/1.1" 200 155
192.168.1.113 - - [08/Sep/2023:13:13:45 +0200] "POST /RelaxMT/spring/showPatients?execution=e2s7 HTTP/1.1" 200 21155
192.168.1.113 - - [08/Sep/2023:13:13:46 +0200] "POST /RelaxMT/spring/showPatients?execution=e2s7 HTTP/1.1" 200 479
192.168.1.152 - - [08/Sep/2023:13:14:14 +0200] "POST /RelaxMT/spring/showTherapists;jsessionid=7BDC0DF8E58EB3C4C83913DD03C599F1?execution=e1s5 HTTP/1.1" 200 155
192.168.1.152 - - [08/Sep/2023:13:14:14 +0200] "POST /RelaxMT/spring/showTherapists;jsessionid=7BDC0DF8E58EB3C4C83913DD03C599F1?execution=e1s5 HTTP/1.1" 200 19673
192.168.1.152 - - [08/Sep/2023:13:14:14 +0200] "POST /RelaxMT/spring/showTherapists;jsessionid=7BDC0DF8E58EB3C4C83913DD03C599F1?execution=e1s5 HTTP/1.1" 200 479
192.168.1.113 - - [08/Sep/2023:13:14:44 +0200] "POST /RelaxMT/spring/showPatients?execution=e2s7 HTTP/1.1" 200 155
192.168.1.113 - - [08/Sep/2023:13:14:45 +0200] "POST /RelaxMT/spring/showPatients?execution=e2s7 HTTP/1.1" 200 21155
192.168.1.113 - - [08/Sep/2023:13:14:46 +0200] "POST /RelaxMT/spring/showPatients?execution=e2s7 HTTP/1.1" 200 479
192.168.1.152 - - [08/Sep/2023:13:15:14 +0200] "POST /RelaxMT/spring/showTherapists;jsessionid=7BDC0DF8E58EB3C4C83913DD03C599F1?execution=e1s5 HTTP/1.1" 200 155
192.168.1.152 - - [08/Sep/2023:13:15:14 +0200] "POST /RelaxMT/spring/showTherapists;jsessionid=7BDC0DF8E58EB3C4C83913DD03C599F1?execution=e1s5 HTTP/1.1" 200 19673
192.168.1.152 - - [08/Sep/2023:13:15:14 +0200] "POST /RelaxMT/spring/showTherapists;jsessionid=7BDC0DF8E58EB3C4C83913DD03C599F1?execution=e1s5 HTTP/1.1" 200 479
192.168.1.113 - - [08/Sep/2023:13:15:44 +0200] "POST /RelaxMT/spring/showPatients?execution=e2s7 HTTP/1.1" 200 155
192.168.1.113 - - [08/Sep/2023:13:15:45 +0200] "POST /RelaxMT/spring/showPatients?execution=e2s7 HTTP/1.1" 200 21155
192.168.1.113 - - [08/Sep/2023:13:15:46 +0200] "POST /RelaxMT/spring/showPatients?execution=e2s7 HTTP/1.1" 200 479
192.168.1.152 - - [08/Sep/2023:13:16:14 +0200] "POST /RelaxMT/spring/showTherapists;jsessionid=7BDC0DF8E58EB3C4C83913DD03C599F1?execution=e1s5 HTTP/1.1" 200 155
192.168.1.152 - - [08/Sep/2023:13:16:14 +0200] "POST /RelaxMT/spring/showTherapists;jsessionid=7BDC0DF8E58EB3C4C83913DD03C599F1?execution=e1s5 HTTP/1.1" 200 19669
192.168.1.152 - - [08/Sep/2023:13:16:14 +0200] "POST /RelaxMT/spring/showTherapists;jsessionid=7BDC0DF8E58EB3C4C83913DD03C599F1?execution=e1s5 HTTP/1.1" 200 479
192.168.1.113 - - [08/Sep/2023:13:16:44 +0200] "POST /RelaxMT/spring/showPatients?execution=e2s7 HTTP/1.1" 200 155
192.168.1.113 - - [08/Sep/2023:13:16:45 +0200] "POST /RelaxMT/spring/showPatients?execution=e2s7 HTTP/1.1" 200 21155
192.168.1.113 - - [08/Sep/2023:13:16:46 +0200] "POST /RelaxMT/spring/showPatients?execution=e2s7 HTTP/1.1" 200 479
192.168.1.152 - - [08/Sep/2023:13:17:04 +0200] "POST /RelaxMT/spring/showTherapists;jsessionid=7BDC0DF8E58EB3C4C83913DD03C599F1?execution=e1s5 HTTP/1.1" 200 155
192.168.1.152 - - [08/Sep/2023:13:17:04 +0200] "POST /RelaxMT/spring/showTherapists;jsessionid=7BDC0DF8E58EB3C4C83913DD03C599F1?execution=e1s5 HTTP/1.1" 200 19669
192.168.1.152 - - [08/Sep/2023:13:17:04 +0200] "POST /RelaxMT/spring/showTherapists;jsessionid=7BDC0DF8E58EB3C4C83913DD03C599F1?execution=e1s5 HTTP/1.1" 200 479
192.168.1.152 - - [08/Sep/2023:13:17:24 +0200] "POST /RelaxMT/spring/showTherapists;jsessionid=7BDC0DF8E58EB3C4C83913DD03C599F1?execution=e1s5 HTTP/1.1" 200 1686
192.168.1.152 - - [08/Sep/2023:13:17:26 +0200] "POST /RelaxMT/spring/showTherapists;jsessionid=7BDC0DF8E58EB3C4C83913DD03C599F1?execution=e1s5 HTTP/1.1" 200 15937
192.168.1.113 - - [08/Sep/2023:13:17:44 +0200] "POST /RelaxMT/spring/showPatients?execution=e2s7 HTTP/1.1" 200 155
192.168.1.113 - - [08/Sep/2023:13:17:45 +0200] "POST /RelaxMT/spring/showPatients?execution=e2s7 HTTP/1.1" 200 21155
192.168.1.113 - - [08/Sep/2023:13:17:46 +0200] "POST /RelaxMT/spring/showPatients?execution=e2s7 HTTP/1.1" 200 479
192.168.1.152 - - [08/Sep/2023:13:17:51 +0200] "POST /RelaxMT/spring/showTherapists;jsessionid=7BDC0DF8E58EB3C4C83913DD03C599F1?execution=e1s5 HTTP/1.1" 200 155
192.168.1.152 - - [08/Sep/2023:13:17:51 +0200] "POST /RelaxMT/spring/showTherapists;jsessionid=7BDC0DF8E58EB3C4C83913DD03C599F1?execution=e1s5 HTTP/1.1" 200 19669
192.168.1.152 - - [08/Sep/2023:13:17:51 +0200] "POST /RelaxMT/spring/showTherapists;jsessionid=7BDC0DF8E58EB3C4C83913DD03C599F1?execution=e1s5 HTTP/1.1" 200 479
192.168.1.152 - - [08/Sep/2023:13:17:52 +0200] "POST /RelaxMT/spring/showTherapists;jsessionid=7BDC0DF8E58EB3C4C83913DD03C599F1?execution=e1s5 HTTP/1.1" 302 -
192.168.1.152 - - [08/Sep/2023:13:17:55 +0200] "GET /RelaxMT/spring/showTherapists;jsessionid=7BDC0DF8E58EB3C4C83913DD03C599F1?execution=e1s5 HTTP/1.1" 302 -
192.168.1.152 - - [08/Sep/2023:13:17:55 +0200] "GET /RelaxMT/spring/showTherapists HTTP/1.1" 302 -
192.168.1.152 - - [08/Sep/2023:13:17:55 +0200] "GET /RelaxMT/spring/showTherapists?execution=e2s1 HTTP/1.1" 500 65981
192.168.1.113 - - [08/Sep/2023:13:18:44 +0200] "POST /RelaxMT/spring/showPatients?execution=e2s7 HTTP/1.1" 200 155
192.168.1.113 - - [08/Sep/2023:13:18:46 +0200] "POST /RelaxMT/spring/showPatients?execution=e2s7 HTTP/1.1" 200 21155
192.168.1.113 - - [08/Sep/2023:13:18:46 +0200] "POST /RelaxMT/spring/showPatients?execution=e2s7 HTTP/1.1" 200 479
192.168.1.113 - - [08/Sep/2023:13:19:44 +0200] "POST /RelaxMT/spring/showPatients?execution=e2s7 HTTP/1.1" 200 155
192.168.1.113 - - [08/Sep/2023:13:19:45 +0200] "POST /RelaxMT/spring/showPatients?execution=e2s7 HTTP/1.1" 200 21155
192.168.1.113 - - [08/Sep/2023:13:19:46 +0200] "POST /RelaxMT/spring/showPatients?execution=e2s7 HTTP/1.1" 200 479
192.168.1.113 - - [08/Sep/2023:13:20:44 +0200] "POST /RelaxMT/spring/showPatients?execution=e2s7 HTTP/1.1" 200 155
192.168.1.113 - - [08/Sep/2023:13:20:46 +0200] "POST /RelaxMT/spring/showPatients?execution=e2s7 HTTP/1.1" 200 21155
192.168.1.113 - - [08/Sep/2023:13:20:46 +0200] "POST /RelaxMT/spring/showPatients?execution=e2s7 HTTP/1.1" 200 479
192.168.1.113 - - [08/Sep/2023:13:21:44 +0200] "POST /RelaxMT/spring/showPatients?execution=e2s7 HTTP/1.1" 200 155
192.168.1.113 - - [08/Sep/2023:13:21:45 +0200] "POST /RelaxMT/spring/showPatients?execution=e2s7 HTTP/1.1" 200 21155
192.168.1.113 - - [08/Sep/2023:13:21:46 +0200] "POST /RelaxMT/spring/showPatients?execution=e2s7 HTTP/1.1" 200 479
192.168.1.113 - - [08/Sep/2023:13:22:44 +0200] "POST /RelaxMT/spring/showPatients?execution=e2s7 HTTP/1.1" 200 155
192.168.1.113 - - [08/Sep/2023:13:22:46 +0200] "POST /RelaxMT/spring/showPatients?execution=e2s7 HTTP/1.1" 200 21155
192.168.1.113 - - [08/Sep/2023:13:22:46 +0200] "POST /RelaxMT/spring/showPatients?execution=e2s7 HTTP/1.1" 200 479
192.168.1.113 - - [08/Sep/2023:13:23:44 +0200] "POST /RelaxMT/spring/showPatients?execution=e2s7 HTTP/1.1" 200 155
192.168.1.113 - - [08/Sep/2023:13:23:45 +0200] "POST /RelaxMT/spring/showPatients?execution=e2s7 HTTP/1.1" 200 21155
192.168.1.113 - - [08/Sep/2023:13:23:46 +0200] "POST /RelaxMT/spring/showPatients?execution=e2s7 HTTP/1.1" 200 479
192.168.1.113 - - [08/Sep/2023:13:24:44 +0200] "POST /RelaxMT/spring/showPatients?execution=e2s7 HTTP/1.1" 200 155
192.168.1.113 - - [08/Sep/2023:13:24:45 +0200] "POST /RelaxMT/spring/showPatients?execution=e2s7 HTTP/1.1" 200 21155
192.168.1.113 - - [08/Sep/2023:13:24:46 +0200] "POST /RelaxMT/spring/showPatients?execution=e2s7 HTTP/1.1" 200 479
192.168.1.113 - - [08/Sep/2023:13:25:44 +0200] "POST /RelaxMT/spring/showPatients?execution=e2s7 HTTP/1.1" 200 155
192.168.1.113 - - [08/Sep/2023:13:25:45 +0200] "POST /RelaxMT/spring/showPatients?execution=e2s7 HTTP/1.1" 200 21155
192.168.1.113 - - [08/Sep/2023:13:25:46 +0200] "POST /RelaxMT/spring/showPatients?execution=e2s7 HTTP/1.1" 200 479
192.168.1.113 - - [08/Sep/2023:13:26:15 +0200] "POST /RelaxMT/spring/showPatients?execution=e2s7 HTTP/1.1" 200 5913
192.168.1.113 - - [08/Sep/2023:13:26:16 +0200] "POST /RelaxMT/spring/showPatients?execution=e2s7 HTTP/1.1" 200 147
192.168.1.113 - - [08/Sep/2023:13:26:16 +0200] "GET /RelaxMT/spring/showPatients?execution=e2s8 HTTP/1.1" 200 12116
192.168.1.113 - - [08/Sep/2023:13:26:17 +0200] "GET /RelaxMT/spring/javax.faces.resource/theme.css?ln=primefaces-aristo HTTP/1.1" 304 -
192.168.1.113 - - [08/Sep/2023:13:26:17 +0200] "GET /RelaxMT/spring/javax.faces.resource/jsf-tablet.css?ln=skins HTTP/1.1" 304 -
192.168.1.113 - - [08/Sep/2023:13:26:17 +0200] "GET /RelaxMT/spring/javax.faces.resource/primefaces.js?ln=primefaces HTTP/1.1" 304 -
192.168.1.113 - - [08/Sep/2023:13:26:17 +0200] "GET /RelaxMT/spring/javax.faces.resource/jquery/jquery-plugins.js?ln=primefaces HTTP/1.1" 304 -
192.168.1.113 - - [08/Sep/2023:13:26:17 +0200] "GET /RelaxMT/spring/javax.faces.resource/jquery/jquery.js?ln=primefaces HTTP/1.1" 304 -
192.168.1.113 - - [08/Sep/2023:13:26:17 +0200] "GET /RelaxMT/spring/javax.faces.resource/primefaces.css?ln=primefaces HTTP/1.1" 304 -
192.168.1.113 - - [08/Sep/2023:13:26:17 +0200] "GET /RelaxMT/spring/javax.faces.resource/logo.png?ln=pics HTTP/1.1" 304 -
192.168.1.113 - - [08/Sep/2023:13:26:17 +0200] "GET /RelaxMT/spring/javax.faces.resource/RGBColorDummy.gif?ln=pics HTTP/1.1" 304 -
192.168.1.113 - - [08/Sep/2023:13:26:23 +0200] "POST /RelaxMT/spring/showPatients?execution=e2s8 HTTP/1.1" 302 -
192.168.1.113 - - [08/Sep/2023:13:26:23 +0200] "GET /RelaxMT/spring/showPatients?execution=e2s9 HTTP/1.1" 200 34232
192.168.1.113 - - [08/Sep/2023:13:26:23 +0200] "GET /RelaxMT/spring/javax.faces.resource/theme.css?ln=primefaces-aristo HTTP/1.1" 304 -
192.168.1.113 - - [08/Sep/2023:13:26:23 +0200] "GET /RelaxMT/spring/javax.faces.resource/jsf-tablet.css?ln=skins HTTP/1.1" 304 -
192.168.1.113 - - [08/Sep/2023:13:26:23 +0200] "GET /RelaxMT/spring/javax.faces.resource/primefaces.css?ln=primefaces HTTP/1.1" 304 -
192.168.1.113 - - [08/Sep/2023:13:26:23 +0200] "GET /RelaxMT/spring/javax.faces.resource/primefaces.js?ln=primefaces HTTP/1.1" 304 -
192.168.1.113 - - [08/Sep/2023:13:26:23 +0200] "GET /RelaxMT/spring/javax.faces.resource/logo.png?ln=pics HTTP/1.1" 304 -
192.168.1.113 - - [08/Sep/2023:13:26:23 +0200] "GET /RelaxMT/spring/javax.faces.resource/jquery/jquery-plugins.js?ln=primefaces HTTP/1.1" 304 -
192.168.1.113 - - [08/Sep/2023:13:26:23 +0200] "GET /RelaxMT/spring/javax.faces.resource/jquery/jquery.js?ln=primefaces HTTP/1.1" 304 -
192.168.1.113 - - [08/Sep/2023:13:26:23 +0200] "GET /RelaxMT/spring/javax.faces.resource/green_on.png?ln=pics HTTP/1.1" 304 -
192.168.1.113 - - [08/Sep/2023:13:26:23 +0200] "GET /RelaxMT/spring/javax.faces.resource/RGBColorDummy.gif?ln=pics HTTP/1.1" 304 -
192.168.1.113 - - [08/Sep/2023:13:27:23 +0200] "POST /RelaxMT/spring/showPatients?execution=e2s9 HTTP/1.1" 200 155
192.168.1.113 - - [08/Sep/2023:13:27:24 +0200] "POST /RelaxMT/spring/showPatients?execution=e2s9 HTTP/1.1" 200 21155
192.168.1.113 - - [08/Sep/2023:13:27:24 +0200] "POST /RelaxMT/spring/showPatients?execution=e2s9 HTTP/1.1" 200 479
192.168.1.152 - - [08/Sep/2023:13:27:46 +0200] "GET /RelaxMT HTTP/1.1" 302 -
192.168.1.152 - - [08/Sep/2023:13:27:46 +0200] "GET /RelaxMT/ HTTP/1.1" 302 -
192.168.1.152 - - [08/Sep/2023:13:27:46 +0200] "GET /RelaxMT/spring/showTherapists;jsessionid=0AA66FF0C635086AB6F331BF4C4C564D?execution=e1s1 HTTP/1.1" 200 33787
192.168.1.152 - - [08/Sep/2023:13:27:46 +0200] "GET /RelaxMT/spring/javax.faces.resource/theme.css?ln=primefaces-aristo HTTP/1.1" 304 -
192.168.1.152 - - [08/Sep/2023:13:27:46 +0200] "GET /RelaxMT/spring/javax.faces.resource/jsf-tablet.css?ln=skins HTTP/1.1" 304 -
192.168.1.152 - - [08/Sep/2023:13:27:47 +0200] "GET /RelaxMT/spring/javax.faces.resource/jquery/jquery.js?ln=primefaces HTTP/1.1" 304 -
192.168.1.152 - - [08/Sep/2023:13:27:47 +0200] "GET /RelaxMT/spring/javax.faces.resource/primefaces.css?ln=primefaces HTTP/1.1" 304 -
192.168.1.152 - - [08/Sep/2023:13:27:47 +0200] "GET /RelaxMT/spring/javax.faces.resource/primefaces.js?ln=primefaces HTTP/1.1" 304 -
192.168.1.152 - - [08/Sep/2023:13:27:47 +0200] "GET /RelaxMT/spring/javax.faces.resource/jquery/jquery-plugins.js?ln=primefaces HTTP/1.1" 304 -
192.168.1.152 - - [08/Sep/2023:13:27:47 +0200] "GET /RelaxMT/spring/javax.faces.resource/logo.png?ln=pics HTTP/1.1" 304 -
192.168.1.152 - - [08/Sep/2023:13:27:47 +0200] "GET /RelaxMT/spring/javax.faces.resource/green.gif?ln=pics HTTP/1.1" 304 -
192.168.1.152 - - [08/Sep/2023:13:27:47 +0200] "GET /RelaxMT/spring/javax.faces.resource/RGBColorDummy.gif?ln=pics HTTP/1.1" 304 -
192.168.1.152 - - [08/Sep/2023:13:27:47 +0200] "GET /RelaxMT/spring/javax.faces.resource/images/ui-icons_38667f_256x240.png?ln=primefaces-aristo HTTP/1.1" 304 -
192.168.1.152 - - [08/Sep/2023:13:27:47 +0200] "GET /RelaxMT/spring/javax.faces.resource/images/ui-icons_898989_256x240.png?ln=primefaces-aristo HTTP/1.1" 304 -
192.168.1.152 - - [08/Sep/2023:13:27:47 +0200] "GET /RelaxMT/spring/javax.faces.resource/images/ui-icons_616161_256x240.png?ln=primefaces-aristo HTTP/1.1" 304 -
192.168.1.152 - - [08/Sep/2023:13:27:47 +0200] "GET /favicon.ico HTTP/1.1" 404 729
192.168.1.113 - - [08/Sep/2023:13:28:23 +0200] "POST /RelaxMT/spring/showPatients?execution=e2s9 HTTP/1.1" 200 155
192.168.1.113 - - [08/Sep/2023:13:28:24 +0200] "POST /RelaxMT/spring/showPatients?execution=e2s9 HTTP/1.1" 200 21155
192.168.1.113 - - [08/Sep/2023:13:28:24 +0200] "POST /RelaxMT/spring/showPatients?execution=e2s9 HTTP/1.1" 200 479
192.168.1.152 - - [08/Sep/2023:13:28:48 +0200] "GET /RelaxMT/spring/javax.faces.resource/images/ui-bg_flat_0_2d5972_40x100.png?ln=primefaces-aristo HTTP/1.1" 304 -
192.168.1.152 - - [08/Sep/2023:13:28:48 +0200] "POST /RelaxMT/spring/showTherapists;jsessionid=0AA66FF0C635086AB6F331BF4C4C564D?execution=e1s1 HTTP/1.1" 200 155
192.168.1.152 - - [08/Sep/2023:13:28:48 +0200] "POST /RelaxMT/spring/showTherapists;jsessionid=0AA66FF0C635086AB6F331BF4C4C564D?execution=e1s1 HTTP/1.1" 200 20530
192.168.1.152 - - [08/Sep/2023:13:28:48 +0200] "POST /RelaxMT/spring/showTherapists;jsessionid=0AA66FF0C635086AB6F331BF4C4C564D?execution=e1s1 HTTP/1.1" 200 479
192.168.1.113 - - [08/Sep/2023:13:29:23 +0200] "POST /RelaxMT/spring/showPatients?execution=e2s9 HTTP/1.1" 200 155
192.168.1.113 - - [08/Sep/2023:13:29:24 +0200] "POST /RelaxMT/spring/showPatients?execution=e2s9 HTTP/1.1" 200 21155
192.168.1.113 - - [08/Sep/2023:13:29:25 +0200] "POST /RelaxMT/spring/showPatients?execution=e2s9 HTTP/1.1" 200 479
192.168.1.152 - - [08/Sep/2023:13:29:48 +0200] "POST /RelaxMT/spring/showTherapists;jsessionid=0AA66FF0C635086AB6F331BF4C4C564D?execution=e1s1 HTTP/1.1" 200 155
192.168.1.152 - - [08/Sep/2023:13:29:48 +0200] "POST /RelaxMT/spring/showTherapists;jsessionid=0AA66FF0C635086AB6F331BF4C4C564D?execution=e1s1 HTTP/1.1" 200 20530
192.168.1.152 - - [08/Sep/2023:13:29:48 +0200] "POST /RelaxMT/spring/showTherapists;jsessionid=0AA66FF0C635086AB6F331BF4C4C564D?execution=e1s1 HTTP/1.1" 200 479
192.168.1.113 - - [08/Sep/2023:13:30:23 +0200] "POST /RelaxMT/spring/showPatients?execution=e2s9 HTTP/1.1" 200 155
192.168.1.113 - - [08/Sep/2023:13:30:25 +0200] "POST /RelaxMT/spring/showPatients?execution=e2s9 HTTP/1.1" 200 21155
192.168.1.113 - - [08/Sep/2023:13:30:25 +0200] "POST /RelaxMT/spring/showPatients?execution=e2s9 HTTP/1.1" 200 479
192.168.1.113 - - [08/Sep/2023:13:30:30 +0200] "POST /RelaxMT/spring/showPatients?execution=e2s9 HTTP/1.1" 200 16545
192.168.1.113 - - [08/Sep/2023:13:30:31 +0200] "POST /RelaxMT/spring/showPatients?execution=e2s9 HTTP/1.1" 200 6215
192.168.1.113 - - [08/Sep/2023:13:30:31 +0200] "GET /RelaxMT/spring/javax.faces.resource/green.gif?ln=pics HTTP/1.1" 304 -
192.168.1.152 - - [08/Sep/2023:13:30:33 +0200] "POST /RelaxMT/spring/showTherapists;jsessionid=0AA66FF0C635086AB6F331BF4C4C564D?execution=e1s1 HTTP/1.1" 200 1781
192.168.1.152 - - [08/Sep/2023:13:30:36 +0200] "POST /RelaxMT/spring/showTherapists;jsessionid=0AA66FF0C635086AB6F331BF4C4C564D?execution=e1s1 HTTP/1.1" 200 16727
192.168.1.113 - - [08/Sep/2023:13:30:41 +0200] "POST /RelaxMT/spring/showPatients?execution=e2s9 HTTP/1.1" 200 16854
192.168.1.152 - - [08/Sep/2023:13:30:47 +0200] "POST /RelaxMT/spring/showTherapists;jsessionid=0AA66FF0C635086AB6F331BF4C4C564D?execution=e1s1 HTTP/1.1" 200 155
192.168.1.152 - - [08/Sep/2023:13:30:47 +0200] "POST /RelaxMT/spring/showTherapists;jsessionid=0AA66FF0C635086AB6F331BF4C4C564D?execution=e1s1 HTTP/1.1" 200 20530
192.168.1.152 - - [08/Sep/2023:13:30:47 +0200] "POST /RelaxMT/spring/showTherapists;jsessionid=0AA66FF0C635086AB6F331BF4C4C564D?execution=e1s1 HTTP/1.1" 200 479
192.168.1.113 - - [08/Sep/2023:13:31:23 +0200] "POST /RelaxMT/spring/showPatients?execution=e2s9 HTTP/1.1" 200 155
192.168.1.113 - - [08/Sep/2023:13:31:24 +0200] "POST /RelaxMT/spring/showPatients?execution=e2s9 HTTP/1.1" 200 21155
192.168.1.113 - - [08/Sep/2023:13:31:24 +0200] "POST /RelaxMT/spring/showPatients?execution=e2s9 HTTP/1.1" 200 479
192.168.1.152 - - [08/Sep/2023:13:31:47 +0200] "POST /RelaxMT/spring/showTherapists;jsessionid=0AA66FF0C635086AB6F331BF4C4C564D?execution=e1s1 HTTP/1.1" 200 155
192.168.1.152 - - [08/Sep/2023:13:31:47 +0200] "POST /RelaxMT/spring/showTherapists;jsessionid=0AA66FF0C635086AB6F331BF4C4C564D?execution=e1s1 HTTP/1.1" 200 20486
192.168.1.152 - - [08/Sep/2023:13:31:47 +0200] "POST /RelaxMT/spring/showTherapists;jsessionid=0AA66FF0C635086AB6F331BF4C4C564D?execution=e1s1 HTTP/1.1" 200 479
192.168.1.152 - - [08/Sep/2023:13:31:47 +0200] "GET /RelaxMT/spring/javax.faces.resource/green_on.png?ln=pics HTTP/1.1" 304 -
192.168.1.113 - - [08/Sep/2023:13:32:23 +0200] "POST /RelaxMT/spring/showPatients?execution=e2s9 HTTP/1.1" 200 155
192.168.1.113 - - [08/Sep/2023:13:32:25 +0200] "POST /RelaxMT/spring/showPatients?execution=e2s9 HTTP/1.1" 200 21155
192.168.1.113 - - [08/Sep/2023:13:32:25 +0200] "POST /RelaxMT/spring/showPatients?execution=e2s9 HTTP/1.1" 200 479
192.168.1.152 - - [08/Sep/2023:13:32:47 +0200] "POST /RelaxMT/spring/showTherapists;jsessionid=0AA66FF0C635086AB6F331BF4C4C564D?execution=e1s1 HTTP/1.1" 200 155
192.168.1.152 - - [08/Sep/2023:13:32:47 +0200] "POST /RelaxMT/spring/showTherapists;jsessionid=0AA66FF0C635086AB6F331BF4C4C564D?execution=e1s1 HTTP/1.1" 200 20486
192.168.1.152 - - [08/Sep/2023:13:32:47 +0200] "POST /RelaxMT/spring/showTherapists;jsessionid=0AA66FF0C635086AB6F331BF4C4C564D?execution=e1s1 HTTP/1.1" 200 479
192.168.1.113 - - [08/Sep/2023:13:33:23 +0200] "POST /RelaxMT/spring/showPatients?execution=e2s9 HTTP/1.1" 200 155
192.168.1.113 - - [08/Sep/2023:13:33:24 +0200] "POST /RelaxMT/spring/showPatients?execution=e2s9 HTTP/1.1" 200 21155
192.168.1.113 - - [08/Sep/2023:13:33:24 +0200] "POST /RelaxMT/spring/showPatients?execution=e2s9 HTTP/1.1" 200 479
192.168.1.152 - - [08/Sep/2023:13:33:47 +0200] "POST /RelaxMT/spring/showTherapists;jsessionid=0AA66FF0C635086AB6F331BF4C4C564D?execution=e1s1 HTTP/1.1" 200 155
192.168.1.152 - - [08/Sep/2023:13:33:47 +0200] "POST /RelaxMT/spring/showTherapists;jsessionid=0AA66FF0C635086AB6F331BF4C4C564D?execution=e1s1 HTTP/1.1" 200 20486
192.168.1.152 - - [08/Sep/2023:13:33:47 +0200] "POST /RelaxMT/spring/showTherapists;jsessionid=0AA66FF0C635086AB6F331BF4C4C564D?execution=e1s1 HTTP/1.1" 200 479
192.168.1.113 - - [08/Sep/2023:13:34:23 +0200] "POST /RelaxMT/spring/showPatients?execution=e2s9 HTTP/1.1" 200 155
192.168.1.113 - - [08/Sep/2023:13:34:25 +0200] "POST /RelaxMT/spring/showPatients?execution=e2s9 HTTP/1.1" 200 21155
192.168.1.113 - - [08/Sep/2023:13:34:25 +0200] "POST /RelaxMT/spring/showPatients?execution=e2s9 HTTP/1.1" 200 479
192.168.1.152 - - [08/Sep/2023:13:34:47 +0200] "POST /RelaxMT/spring/showTherapists;jsessionid=0AA66FF0C635086AB6F331BF4C4C564D?execution=e1s1 HTTP/1.1" 200 155
192.168.1.152 - - [08/Sep/2023:13:34:47 +0200] "POST /RelaxMT/spring/showTherapists;jsessionid=0AA66FF0C635086AB6F331BF4C4C564D?execution=e1s1 HTTP/1.1" 200 20486
192.168.1.152 - - [08/Sep/2023:13:34:47 +0200] "POST /RelaxMT/spring/showTherapists;jsessionid=0AA66FF0C635086AB6F331BF4C4C564D?execution=e1s1 HTTP/1.1" 200 479
192.168.1.113 - - [08/Sep/2023:13:35:23 +0200] "POST /RelaxMT/spring/showPatients?execution=e2s9 HTTP/1.1" 200 155
192.168.1.113 - - [08/Sep/2023:13:35:24 +0200] "POST /RelaxMT/spring/showPatients?execution=e2s9 HTTP/1.1" 200 21155
192.168.1.113 - - [08/Sep/2023:13:35:24 +0200] "POST /RelaxMT/spring/showPatients?execution=e2s9 HTTP/1.1" 200 479
192.168.1.152 - - [08/Sep/2023:13:35:48 +0200] "POST /RelaxMT/spring/showTherapists;jsessionid=0AA66FF0C635086AB6F331BF4C4C564D?execution=e1s1 HTTP/1.1" 200 155
192.168.1.152 - - [08/Sep/2023:13:35:48 +0200] "POST /RelaxMT/spring/showTherapists;jsessionid=0AA66FF0C635086AB6F331BF4C4C564D?execution=e1s1 HTTP/1.1" 200 20486
192.168.1.152 - - [08/Sep/2023:13:35:48 +0200] "POST /RelaxMT/spring/showTherapists;jsessionid=0AA66FF0C635086AB6F331BF4C4C564D?execution=e1s1 HTTP/1.1" 200 479
192.168.1.113 - - [08/Sep/2023:13:36:23 +0200] "POST /RelaxMT/spring/showPatients?execution=e2s9 HTTP/1.1" 200 155
192.168.1.113 - - [08/Sep/2023:13:36:24 +0200] "POST /RelaxMT/spring/showPatients?execution=e2s9 HTTP/1.1" 200 21155
192.168.1.113 - - [08/Sep/2023:13:36:24 +0200] "POST /RelaxMT/spring/showPatients?execution=e2s9 HTTP/1.1" 200 479
192.168.1.152 - - [08/Sep/2023:13:36:49 +0200] "POST /RelaxMT/spring/showTherapists;jsessionid=0AA66FF0C635086AB6F331BF4C4C564D?execution=e1s1 HTTP/1.1" 200 155
192.168.1.152 - - [08/Sep/2023:13:36:49 +0200] "POST /RelaxMT/spring/showTherapists;jsessionid=0AA66FF0C635086AB6F331BF4C4C564D?execution=e1s1 HTTP/1.1" 200 20486
192.168.1.152 - - [08/Sep/2023:13:36:49 +0200] "POST /RelaxMT/spring/showTherapists;jsessionid=0AA66FF0C635086AB6F331BF4C4C564D?execution=e1s1 HTTP/1.1" 200 479
192.168.1.113 - - [08/Sep/2023:13:37:23 +0200] "POST /RelaxMT/spring/showPatients?execution=e2s9 HTTP/1.1" 200 155
192.168.1.113 - - [08/Sep/2023:13:37:24 +0200] "POST /RelaxMT/spring/showPatients?execution=e2s9 HTTP/1.1" 200 21155
192.168.1.113 - - [08/Sep/2023:13:37:24 +0200] "POST /RelaxMT/spring/showPatients?execution=e2s9 HTTP/1.1" 200 479
192.168.1.152 - - [08/Sep/2023:13:37:50 +0200] "POST /RelaxMT/spring/showTherapists;jsessionid=0AA66FF0C635086AB6F331BF4C4C564D?execution=e1s1 HTTP/1.1" 200 155
192.168.1.152 - - [08/Sep/2023:13:37:50 +0200] "POST /RelaxMT/spring/showTherapists;jsessionid=0AA66FF0C635086AB6F331BF4C4C564D?execution=e1s1 HTTP/1.1" 200 20486
192.168.1.152 - - [08/Sep/2023:13:37:50 +0200] "POST /RelaxMT/spring/showTherapists;jsessionid=0AA66FF0C635086AB6F331BF4C4C564D?execution=e1s1 HTTP/1.1" 200 479
192.168.1.113 - - [08/Sep/2023:13:38:23 +0200] "POST /RelaxMT/spring/showPatients?execution=e2s9 HTTP/1.1" 200 155
192.168.1.113 - - [08/Sep/2023:13:38:24 +0200] "POST /RelaxMT/spring/showPatients?execution=e2s9 HTTP/1.1" 200 21155
192.168.1.113 - - [08/Sep/2023:13:38:24 +0200] "POST /RelaxMT/spring/showPatients?execution=e2s9 HTTP/1.1" 200 479
192.168.1.152 - - [08/Sep/2023:13:38:51 +0200] "POST /RelaxMT/spring/showTherapists;jsessionid=0AA66FF0C635086AB6F331BF4C4C564D?execution=e1s1 HTTP/1.1" 200 155
192.168.1.152 - - [08/Sep/2023:13:38:51 +0200] "POST /RelaxMT/spring/showTherapists;jsessionid=0AA66FF0C635086AB6F331BF4C4C564D?execution=e1s1 HTTP/1.1" 200 20486
192.168.1.152 - - [08/Sep/2023:13:38:51 +0200] "POST /RelaxMT/spring/showTherapists;jsessionid=0AA66FF0C635086AB6F331BF4C4C564D?execution=e1s1 HTTP/1.1" 200 479
192.168.1.113 - - [08/Sep/2023:13:38:56 +0200] "POST /RelaxMT/spring/showPatients?execution=e2s9 HTTP/1.1" 200 1738
192.168.1.113 - - [08/Sep/2023:13:38:59 +0200] "POST /RelaxMT/spring/showPatients?execution=e2s9 HTTP/1.1" 200 16854
192.168.1.113 - - [08/Sep/2023:13:39:04 +0200] "POST /RelaxMT/spring/showPatients?execution=e2s9 HTTP/1.1" 200 3154
192.168.1.113 - - [08/Sep/2023:13:39:06 +0200] "POST /RelaxMT/spring/showPatients?execution=e2s9 HTTP/1.1" 200 16854
192.168.1.113 - - [08/Sep/2023:13:39:09 +0200] "POST /RelaxMT/spring/showPatients?execution=e2s9 HTTP/1.1" 200 3135
192.168.1.113 - - [08/Sep/2023:13:39:11 +0200] "POST /RelaxMT/spring/showPatients?execution=e2s9 HTTP/1.1" 200 16854
192.168.1.113 - - [08/Sep/2023:13:39:14 +0200] "POST /RelaxMT/spring/showPatients?execution=e2s9 HTTP/1.1" 200 407
192.168.1.113 - - [08/Sep/2023:13:39:15 +0200] "POST /RelaxMT/spring/showPatients?execution=e2s9 HTTP/1.1" 200 3122
192.168.1.113 - - [08/Sep/2023:13:39:18 +0200] "POST /RelaxMT/spring/showPatients?execution=e2s9 HTTP/1.1" 200 16854
192.168.1.113 - - [08/Sep/2023:13:39:20 +0200] "POST /RelaxMT/spring/showPatients?execution=e2s9 HTTP/1.1" 200 6168
192.168.1.113 - - [08/Sep/2023:13:39:23 +0200] "POST /RelaxMT/spring/showPatients?execution=e2s9 HTTP/1.1" 200 155
192.168.1.113 - - [08/Sep/2023:13:39:24 +0200] "POST /RelaxMT/spring/showPatients?execution=e2s9 HTTP/1.1" 200 9866
192.168.1.113 - - [08/Sep/2023:13:39:24 +0200] "POST /RelaxMT/spring/showPatients?execution=e2s9 HTTP/1.1" 200 479
192.168.1.113 - - [08/Sep/2023:13:39:24 +0200] "POST /RelaxMT/spring/showPatients?execution=e2s9 HTTP/1.1" 200 13618
192.168.1.113 - - [08/Sep/2023:13:39:29 +0200] "POST /RelaxMT/spring/showPatients?execution=e2s9 HTTP/1.1" 200 5959
192.168.1.113 - - [08/Sep/2023:13:39:31 +0200] "POST /RelaxMT/spring/showPatients?execution=e2s9 HTTP/1.1" 200 16854
192.168.1.152 - - [08/Sep/2023:13:39:52 +0200] "POST /RelaxMT/spring/showTherapists;jsessionid=0AA66FF0C635086AB6F331BF4C4C564D?execution=e1s1 HTTP/1.1" 200 155
192.168.1.152 - - [08/Sep/2023:13:39:52 +0200] "POST /RelaxMT/spring/showTherapists;jsessionid=0AA66FF0C635086AB6F331BF4C4C564D?execution=e1s1 HTTP/1.1" 200 20486
192.168.1.152 - - [08/Sep/2023:13:39:52 +0200] "POST /RelaxMT/spring/showTherapists;jsessionid=0AA66FF0C635086AB6F331BF4C4C564D?execution=e1s1 HTTP/1.1" 200 479
192.168.1.113 - - [08/Sep/2023:13:40:23 +0200] "POST /RelaxMT/spring/showPatients?execution=e2s9 HTTP/1.1" 200 155
192.168.1.113 - - [08/Sep/2023:13:40:24 +0200] "POST /RelaxMT/spring/showPatients?execution=e2s9 HTTP/1.1" 200 21155
192.168.1.113 - - [08/Sep/2023:13:40:24 +0200] "POST /RelaxMT/spring/showPatients?execution=e2s9 HTTP/1.1" 200 479
192.168.1.152 - - [08/Sep/2023:13:40:53 +0200] "POST /RelaxMT/spring/showTherapists;jsessionid=0AA66FF0C635086AB6F331BF4C4C564D?execution=e1s1 HTTP/1.1" 200 155
192.168.1.152 - - [08/Sep/2023:13:40:53 +0200] "POST /RelaxMT/spring/showTherapists;jsessionid=0AA66FF0C635086AB6F331BF4C4C564D?execution=e1s1 HTTP/1.1" 200 20486
192.168.1.152 - - [08/Sep/2023:13:40:53 +0200] "POST /RelaxMT/spring/showTherapists;jsessionid=0AA66FF0C635086AB6F331BF4C4C564D?execution=e1s1 HTTP/1.1" 200 479
192.168.1.113 - - [08/Sep/2023:13:41:24 +0200] "POST /RelaxMT/spring/showPatients?execution=e2s9 HTTP/1.1" 200 155
192.168.1.113 - - [08/Sep/2023:13:41:25 +0200] "POST /RelaxMT/spring/showPatients?execution=e2s9 HTTP/1.1" 200 21155
192.168.1.113 - - [08/Sep/2023:13:41:25 +0200] "POST /RelaxMT/spring/showPatients?execution=e2s9 HTTP/1.1" 200 479
192.168.1.152 - - [08/Sep/2023:13:41:54 +0200] "POST /RelaxMT/spring/showTherapists;jsessionid=0AA66FF0C635086AB6F331BF4C4C564D?execution=e1s1 HTTP/1.1" 200 155
192.168.1.152 - - [08/Sep/2023:13:41:54 +0200] "POST /RelaxMT/spring/showTherapists;jsessionid=0AA66FF0C635086AB6F331BF4C4C564D?execution=e1s1 HTTP/1.1" 200 20486
192.168.1.152 - - [08/Sep/2023:13:41:54 +0200] "POST /RelaxMT/spring/showTherapists;jsessionid=0AA66FF0C635086AB6F331BF4C4C564D?execution=e1s1 HTTP/1.1" 200 479
192.168.1.113 - - [08/Sep/2023:13:42:08 +0200] "POST /RelaxMT/spring/showPatients?execution=e2s9 HTTP/1.1" 302 -
192.168.1.113 - - [08/Sep/2023:13:42:08 +0200] "GET /RelaxMT/spring/showPatients?execution=e2s10 HTTP/1.1" 200 38540
192.168.1.113 - - [08/Sep/2023:13:42:08 +0200] "GET /RelaxMT/spring/javax.faces.resource/jsf-tablet.css?ln=skins HTTP/1.1" 304 -
192.168.1.113 - - [08/Sep/2023:13:42:08 +0200] "GET /RelaxMT/spring/javax.faces.resource/theme.css?ln=primefaces-aristo HTTP/1.1" 304 -
192.168.1.113 - - [08/Sep/2023:13:42:08 +0200] "GET /RelaxMT/spring/javax.faces.resource/primefaces.css?ln=primefaces HTTP/1.1" 304 -
192.168.1.113 - - [08/Sep/2023:13:42:08 +0200] "GET /RelaxMT/spring/javax.faces.resource/schedule/schedule.css?ln=primefaces HTTP/1.1" 304 -
192.168.1.113 - - [08/Sep/2023:13:42:08 +0200] "GET /RelaxMT/spring/javax.faces.resource/jquery/jquery.js?ln=primefaces HTTP/1.1" 304 -
192.168.1.113 - - [08/Sep/2023:13:42:08 +0200] "GET /RelaxMT/spring/javax.faces.resource/primefaces.js?ln=primefaces HTTP/1.1" 304 -
192.168.1.113 - - [08/Sep/2023:13:42:08 +0200] "GET /RelaxMT/spring/javax.faces.resource/jquery/jquery-plugins.js?ln=primefaces HTTP/1.1" 304 -
192.168.1.113 - - [08/Sep/2023:13:42:08 +0200] "GET /RelaxMT/spring/javax.faces.resource/schedule/schedule.js?ln=primefaces HTTP/1.1" 304 -
192.168.1.113 - - [08/Sep/2023:13:42:08 +0200] "GET /RelaxMT/spring/javax.faces.resource/logo.png?ln=pics HTTP/1.1" 304 -
192.168.1.113 - - [08/Sep/2023:13:42:09 +0200] "POST /RelaxMT/spring/showPatients?execution=e2s10 HTTP/1.1" 200 5016
192.168.1.113 - - [08/Sep/2023:13:42:18 +0200] "POST /RelaxMT/spring/showPatients?execution=e2s10 HTTP/1.1" 200 148
192.168.1.113 - - [08/Sep/2023:13:42:18 +0200] "GET /RelaxMT/spring/showPatients?execution=e2s11 HTTP/1.1" 200 38540
192.168.1.113 - - [08/Sep/2023:13:42:19 +0200] "GET /RelaxMT/spring/javax.faces.resource/theme.css?ln=primefaces-aristo HTTP/1.1" 304 -
192.168.1.113 - - [08/Sep/2023:13:42:19 +0200] "GET /RelaxMT/spring/javax.faces.resource/jsf-tablet.css?ln=skins HTTP/1.1" 304 -
192.168.1.113 - - [08/Sep/2023:13:42:19 +0200] "GET /RelaxMT/spring/javax.faces.resource/primefaces.css?ln=primefaces HTTP/1.1" 304 -
192.168.1.113 - - [08/Sep/2023:13:42:19 +0200] "GET /RelaxMT/spring/javax.faces.resource/schedule/schedule.css?ln=primefaces HTTP/1.1" 304 -
192.168.1.113 - - [08/Sep/2023:13:42:19 +0200] "GET /RelaxMT/spring/javax.faces.resource/jquery/jquery.js?ln=primefaces HTTP/1.1" 304 -
192.168.1.113 - - [08/Sep/2023:13:42:19 +0200] "GET /RelaxMT/spring/javax.faces.resource/jquery/jquery-plugins.js?ln=primefaces HTTP/1.1" 304 -
192.168.1.113 - - [08/Sep/2023:13:42:19 +0200] "GET /RelaxMT/spring/javax.faces.resource/primefaces.js?ln=primefaces HTTP/1.1" 304 -
192.168.1.113 - - [08/Sep/2023:13:42:19 +0200] "GET /RelaxMT/spring/javax.faces.resource/schedule/schedule.js?ln=primefaces HTTP/1.1" 304 -
192.168.1.113 - - [08/Sep/2023:13:42:19 +0200] "GET /RelaxMT/spring/javax.faces.resource/logo.png?ln=pics HTTP/1.1" 304 -
192.168.1.113 - - [08/Sep/2023:13:42:19 +0200] "POST /RelaxMT/spring/showPatients?execution=e2s11 HTTP/1.1" 200 239
192.168.1.113 - - [08/Sep/2023:13:42:27 +0200] "POST /RelaxMT/spring/showPatients?execution=e2s11 HTTP/1.1" 200 148
192.168.1.113 - - [08/Sep/2023:13:42:27 +0200] "GET /RelaxMT/spring/showPatients?execution=e2s12 HTTP/1.1" 200 38540
192.168.1.113 - - [08/Sep/2023:13:42:27 +0200] "GET /RelaxMT/spring/javax.faces.resource/theme.css?ln=primefaces-aristo HTTP/1.1" 304 -
192.168.1.113 - - [08/Sep/2023:13:42:27 +0200] "GET /RelaxMT/spring/javax.faces.resource/jsf-tablet.css?ln=skins HTTP/1.1" 304 -
192.168.1.113 - - [08/Sep/2023:13:42:27 +0200] "GET /RelaxMT/spring/javax.faces.resource/primefaces.css?ln=primefaces HTTP/1.1" 304 -
192.168.1.113 - - [08/Sep/2023:13:42:27 +0200] "GET /RelaxMT/spring/javax.faces.resource/primefaces.js?ln=primefaces HTTP/1.1" 304 -
192.168.1.113 - - [08/Sep/2023:13:42:27 +0200] "GET /RelaxMT/spring/javax.faces.resource/jquery/jquery-plugins.js?ln=primefaces HTTP/1.1" 304 -
192.168.1.113 - - [08/Sep/2023:13:42:27 +0200] "GET /RelaxMT/spring/javax.faces.resource/schedule/schedule.css?ln=primefaces HTTP/1.1" 304 -
192.168.1.113 - - [08/Sep/2023:13:42:27 +0200] "GET /RelaxMT/spring/javax.faces.resource/jquery/jquery.js?ln=primefaces HTTP/1.1" 304 -
192.168.1.113 - - [08/Sep/2023:13:42:27 +0200] "GET /RelaxMT/spring/javax.faces.resource/schedule/schedule.js?ln=primefaces HTTP/1.1" 304 -
192.168.1.113 - - [08/Sep/2023:13:42:27 +0200] "GET /RelaxMT/spring/javax.faces.resource/logo.png?ln=pics HTTP/1.1" 304 -
192.168.1.113 - - [08/Sep/2023:13:42:28 +0200] "POST /RelaxMT/spring/showPatients?execution=e2s12 HTTP/1.1" 200 536
192.168.1.113 - - [08/Sep/2023:13:42:35 +0200] "POST /RelaxMT/spring/showPatients?execution=e2s12 HTTP/1.1" 200 2617
192.168.1.152 - - [08/Sep/2023:13:42:55 +0200] "POST /RelaxMT/spring/showTherapists;jsessionid=0AA66FF0C635086AB6F331BF4C4C564D?execution=e1s1 HTTP/1.1" 200 155
192.168.1.152 - - [08/Sep/2023:13:42:55 +0200] "POST /RelaxMT/spring/showTherapists;jsessionid=0AA66FF0C635086AB6F331BF4C4C564D?execution=e1s1 HTTP/1.1" 200 20486
192.168.1.152 - - [08/Sep/2023:13:42:55 +0200] "POST /RelaxMT/spring/showTherapists;jsessionid=0AA66FF0C635086AB6F331BF4C4C564D?execution=e1s1 HTTP/1.1" 200 479
192.168.1.152 - - [08/Sep/2023:13:43:56 +0200] "POST /RelaxMT/spring/showTherapists;jsessionid=0AA66FF0C635086AB6F331BF4C4C564D?execution=e1s1 HTTP/1.1" 200 155
192.168.1.152 - - [08/Sep/2023:13:43:56 +0200] "POST /RelaxMT/spring/showTherapists;jsessionid=0AA66FF0C635086AB6F331BF4C4C564D?execution=e1s1 HTTP/1.1" 200 20486
192.168.1.152 - - [08/Sep/2023:13:43:56 +0200] "POST /RelaxMT/spring/showTherapists;jsessionid=0AA66FF0C635086AB6F331BF4C4C564D?execution=e1s1 HTTP/1.1" 200 479
192.168.1.113 - - [08/Sep/2023:13:44:19 +0200] "POST /RelaxMT/spring/showPatients?execution=e2s12 HTTP/1.1" 302 -
192.168.1.113 - - [08/Sep/2023:13:44:19 +0200] "GET /RelaxMT/spring/showPatients?execution=e2s13 HTTP/1.1" 200 34240
192.168.1.113 - - [08/Sep/2023:13:44:19 +0200] "GET /RelaxMT/spring/javax.faces.resource/theme.css?ln=primefaces-aristo HTTP/1.1" 304 -
192.168.1.113 - - [08/Sep/2023:13:44:19 +0200] "GET /RelaxMT/spring/javax.faces.resource/jsf-tablet.css?ln=skins HTTP/1.1" 304 -
192.168.1.113 - - [08/Sep/2023:13:44:19 +0200] "GET /RelaxMT/spring/javax.faces.resource/jquery/jquery.js?ln=primefaces HTTP/1.1" 304 -
192.168.1.113 - - [08/Sep/2023:13:44:19 +0200] "GET /RelaxMT/spring/javax.faces.resource/primefaces.css?ln=primefaces HTTP/1.1" 304 -
