192.168.1.113 - - [24/Jan/2023:08:08:03 +0100] "GET /RelaxMT/spring/javax.faces.resource/jquery/jquery.js?ln=primefaces HTTP/1.1" 304 -
192.168.1.113 - - [24/Jan/2023:08:08:03 +0100] "GET /RelaxMT/spring/javax.faces.resource/logo.png?ln=pics HTTP/1.1" 304 -
192.168.1.113 - - [24/Jan/2023:08:08:03 +0100] "GET /RelaxMT/spring/javax.faces.resource/green_on.png?ln=pics HTTP/1.1" 304 -
192.168.1.113 - - [24/Jan/2023:08:08:03 +0100] "GET /RelaxMT/spring/javax.faces.resource/RGBColorDummy.gif?ln=pics HTTP/1.1" 304 -
192.168.1.152 - - [24/Jan/2023:08:08:36 +0100] "POST /RelaxMT/spring/showTherapists;jsessionid=5D04F1BFEB3B5B6A8FD9ED93958ABE1D?execution=e1s4 HTTP/1.1" 200 155
192.168.1.152 - - [24/Jan/2023:08:08:37 +0100] "POST /RelaxMT/spring/showTherapists;jsessionid=5D04F1BFEB3B5B6A8FD9ED93958ABE1D?execution=e1s4 HTTP/1.1" 200 20541
192.168.1.152 - - [24/Jan/2023:08:08:37 +0100] "POST /RelaxMT/spring/showTherapists;jsessionid=5D04F1BFEB3B5B6A8FD9ED93958ABE1D?execution=e1s4 HTTP/1.1" 200 479
192.168.1.113 - - [24/Jan/2023:08:09:03 +0100] "POST /RelaxMT/spring/showTherapists;jsessionid=A15395043A6B91A305343AC909818478?execution=e1s4 HTTP/1.1" 200 155
192.168.1.113 - - [24/Jan/2023:08:09:05 +0100] "POST /RelaxMT/spring/showTherapists;jsessionid=A15395043A6B91A305343AC909818478?execution=e1s4 HTTP/1.1" 200 21303
192.168.1.113 - - [24/Jan/2023:08:09:05 +0100] "POST /RelaxMT/spring/showTherapists;jsessionid=A15395043A6B91A305343AC909818478?execution=e1s4 HTTP/1.1" 200 479
192.168.1.152 - - [24/Jan/2023:08:09:37 +0100] "POST /RelaxMT/spring/showTherapists;jsessionid=5D04F1BFEB3B5B6A8FD9ED93958ABE1D?execution=e1s4 HTTP/1.1" 200 155
192.168.1.152 - - [24/Jan/2023:08:09:37 +0100] "POST /RelaxMT/spring/showTherapists;jsessionid=5D04F1BFEB3B5B6A8FD9ED93958ABE1D?execution=e1s4 HTTP/1.1" 200 20541
192.168.1.152 - - [24/Jan/2023:08:09:37 +0100] "POST /RelaxMT/spring/showTherapists;jsessionid=5D04F1BFEB3B5B6A8FD9ED93958ABE1D?execution=e1s4 HTTP/1.1" 200 479
192.168.1.152 - - [24/Jan/2023:08:10:36 +0100] "POST /RelaxMT/spring/showTherapists;jsessionid=5D04F1BFEB3B5B6A8FD9ED93958ABE1D?execution=e1s4 HTTP/1.1" 200 155
192.168.1.152 - - [24/Jan/2023:08:10:37 +0100] "POST /RelaxMT/spring/showTherapists;jsessionid=5D04F1BFEB3B5B6A8FD9ED93958ABE1D?execution=e1s4 HTTP/1.1" 200 19381
192.168.1.152 - - [24/Jan/2023:08:10:37 +0100] "POST /RelaxMT/spring/showTherapists;jsessionid=5D04F1BFEB3B5B6A8FD9ED93958ABE1D?execution=e1s4 HTTP/1.1" 200 479
192.168.1.152 - - [24/Jan/2023:08:11:36 +0100] "POST /RelaxMT/spring/showTherapists;jsessionid=5D04F1BFEB3B5B6A8FD9ED93958ABE1D?execution=e1s4 HTTP/1.1" 200 155
192.168.1.152 - - [24/Jan/2023:08:11:37 +0100] "POST /RelaxMT/spring/showTherapists;jsessionid=5D04F1BFEB3B5B6A8FD9ED93958ABE1D?execution=e1s4 HTTP/1.1" 200 19381
192.168.1.152 - - [24/Jan/2023:08:11:37 +0100] "POST /RelaxMT/spring/showTherapists;jsessionid=5D04F1BFEB3B5B6A8FD9ED93958ABE1D?execution=e1s4 HTTP/1.1" 200 479
192.168.1.152 - - [24/Jan/2023:08:12:36 +0100] "POST /RelaxMT/spring/showTherapists;jsessionid=5D04F1BFEB3B5B6A8FD9ED93958ABE1D?execution=e1s4 HTTP/1.1" 200 155
192.168.1.152 - - [24/Jan/2023:08:12:37 +0100] "POST /RelaxMT/spring/showTherapists;jsessionid=5D04F1BFEB3B5B6A8FD9ED93958ABE1D?execution=e1s4 HTTP/1.1" 200 19381
192.168.1.152 - - [24/Jan/2023:08:12:37 +0100] "POST /RelaxMT/spring/showTherapists;jsessionid=5D04F1BFEB3B5B6A8FD9ED93958ABE1D?execution=e1s4 HTTP/1.1" 200 479
192.168.1.152 - - [24/Jan/2023:08:13:36 +0100] "POST /RelaxMT/spring/showTherapists;jsessionid=5D04F1BFEB3B5B6A8FD9ED93958ABE1D?execution=e1s4 HTTP/1.1" 200 155
192.168.1.152 - - [24/Jan/2023:08:13:37 +0100] "POST /RelaxMT/spring/showTherapists;jsessionid=5D04F1BFEB3B5B6A8FD9ED93958ABE1D?execution=e1s4 HTTP/1.1" 200 19381
192.168.1.152 - - [24/Jan/2023:08:13:37 +0100] "POST /RelaxMT/spring/showTherapists;jsessionid=5D04F1BFEB3B5B6A8FD9ED93958ABE1D?execution=e1s4 HTTP/1.1" 200 479
192.168.1.152 - - [24/Jan/2023:08:14:36 +0100] "POST /RelaxMT/spring/showTherapists;jsessionid=5D04F1BFEB3B5B6A8FD9ED93958ABE1D?execution=e1s4 HTTP/1.1" 200 155
192.168.1.152 - - [24/Jan/2023:08:14:37 +0100] "POST /RelaxMT/spring/showTherapists;jsessionid=5D04F1BFEB3B5B6A8FD9ED93958ABE1D?execution=e1s4 HTTP/1.1" 200 19381
192.168.1.152 - - [24/Jan/2023:08:14:37 +0100] "POST /RelaxMT/spring/showTherapists;jsessionid=5D04F1BFEB3B5B6A8FD9ED93958ABE1D?execution=e1s4 HTTP/1.1" 200 479
192.168.1.152 - - [24/Jan/2023:08:15:36 +0100] "POST /RelaxMT/spring/showTherapists;jsessionid=5D04F1BFEB3B5B6A8FD9ED93958ABE1D?execution=e1s4 HTTP/1.1" 200 155
192.168.1.152 - - [24/Jan/2023:08:15:37 +0100] "POST /RelaxMT/spring/showTherapists;jsessionid=5D04F1BFEB3B5B6A8FD9ED93958ABE1D?execution=e1s4 HTTP/1.1" 200 19381
192.168.1.152 - - [24/Jan/2023:08:15:37 +0100] "POST /RelaxMT/spring/showTherapists;jsessionid=5D04F1BFEB3B5B6A8FD9ED93958ABE1D?execution=e1s4 HTTP/1.1" 200 479
192.168.1.152 - - [24/Jan/2023:08:16:36 +0100] "POST /RelaxMT/spring/showTherapists;jsessionid=5D04F1BFEB3B5B6A8FD9ED93958ABE1D?execution=e1s4 HTTP/1.1" 200 155
192.168.1.152 - - [24/Jan/2023:08:16:37 +0100] "POST /RelaxMT/spring/showTherapists;jsessionid=5D04F1BFEB3B5B6A8FD9ED93958ABE1D?execution=e1s4 HTTP/1.1" 200 19381
192.168.1.152 - - [24/Jan/2023:08:16:37 +0100] "POST /RelaxMT/spring/showTherapists;jsessionid=5D04F1BFEB3B5B6A8FD9ED93958ABE1D?execution=e1s4 HTTP/1.1" 200 479
192.168.1.152 - - [24/Jan/2023:08:17:27 +0100] "POST /RelaxMT/spring/showTherapists;jsessionid=5D04F1BFEB3B5B6A8FD9ED93958ABE1D?execution=e1s4 HTTP/1.1" 200 155
192.168.1.152 - - [24/Jan/2023:08:17:36 +0100] "POST /RelaxMT/spring/showTherapists;jsessionid=5D04F1BFEB3B5B6A8FD9ED93958ABE1D?execution=e1s4 HTTP/1.1" 200 155
192.168.1.152 - - [24/Jan/2023:08:17:37 +0100] "POST /RelaxMT/spring/showTherapists;jsessionid=5D04F1BFEB3B5B6A8FD9ED93958ABE1D?execution=e1s4 HTTP/1.1" 200 19381
192.168.1.152 - - [24/Jan/2023:08:17:37 +0100] "POST /RelaxMT/spring/showTherapists;jsessionid=5D04F1BFEB3B5B6A8FD9ED93958ABE1D?execution=e1s4 HTTP/1.1" 200 479
192.168.1.152 - - [24/Jan/2023:08:18:36 +0100] "POST /RelaxMT/spring/showTherapists;jsessionid=5D04F1BFEB3B5B6A8FD9ED93958ABE1D?execution=e1s4 HTTP/1.1" 200 155
192.168.1.152 - - [24/Jan/2023:08:18:37 +0100] "POST /RelaxMT/spring/showTherapists;jsessionid=5D04F1BFEB3B5B6A8FD9ED93958ABE1D?execution=e1s4 HTTP/1.1" 200 19381
192.168.1.152 - - [24/Jan/2023:08:18:37 +0100] "POST /RelaxMT/spring/showTherapists;jsessionid=5D04F1BFEB3B5B6A8FD9ED93958ABE1D?execution=e1s4 HTTP/1.1" 200 479
192.168.1.152 - - [24/Jan/2023:08:19:36 +0100] "POST /RelaxMT/spring/showTherapists;jsessionid=5D04F1BFEB3B5B6A8FD9ED93958ABE1D?execution=e1s4 HTTP/1.1" 200 155
192.168.1.152 - - [24/Jan/2023:08:19:37 +0100] "POST /RelaxMT/spring/showTherapists;jsessionid=5D04F1BFEB3B5B6A8FD9ED93958ABE1D?execution=e1s4 HTTP/1.1" 200 19381
192.168.1.152 - - [24/Jan/2023:08:19:37 +0100] "POST /RelaxMT/spring/showTherapists;jsessionid=5D04F1BFEB3B5B6A8FD9ED93958ABE1D?execution=e1s4 HTTP/1.1" 200 479
192.168.1.152 - - [24/Jan/2023:08:20:36 +0100] "POST /RelaxMT/spring/showTherapists;jsessionid=5D04F1BFEB3B5B6A8FD9ED93958ABE1D?execution=e1s4 HTTP/1.1" 200 155
192.168.1.152 - - [24/Jan/2023:08:20:37 +0100] "POST /RelaxMT/spring/showTherapists;jsessionid=5D04F1BFEB3B5B6A8FD9ED93958ABE1D?execution=e1s4 HTTP/1.1" 200 19381
192.168.1.152 - - [24/Jan/2023:08:20:37 +0100] "POST /RelaxMT/spring/showTherapists;jsessionid=5D04F1BFEB3B5B6A8FD9ED93958ABE1D?execution=e1s4 HTTP/1.1" 200 479
192.168.1.152 - - [24/Jan/2023:08:21:36 +0100] "POST /RelaxMT/spring/showTherapists;jsessionid=5D04F1BFEB3B5B6A8FD9ED93958ABE1D?execution=e1s4 HTTP/1.1" 200 155
192.168.1.152 - - [24/Jan/2023:08:21:37 +0100] "POST /RelaxMT/spring/showTherapists;jsessionid=5D04F1BFEB3B5B6A8FD9ED93958ABE1D?execution=e1s4 HTTP/1.1" 200 19370
192.168.1.152 - - [24/Jan/2023:08:21:37 +0100] "POST /RelaxMT/spring/showTherapists;jsessionid=5D04F1BFEB3B5B6A8FD9ED93958ABE1D?execution=e1s4 HTTP/1.1" 200 479
192.168.1.152 - - [24/Jan/2023:08:22:36 +0100] "POST /RelaxMT/spring/showTherapists;jsessionid=5D04F1BFEB3B5B6A8FD9ED93958ABE1D?execution=e1s4 HTTP/1.1" 200 155
192.168.1.152 - - [24/Jan/2023:08:22:37 +0100] "POST /RelaxMT/spring/showTherapists;jsessionid=5D04F1BFEB3B5B6A8FD9ED93958ABE1D?execution=e1s4 HTTP/1.1" 200 19370
192.168.1.152 - - [24/Jan/2023:08:22:37 +0100] "POST /RelaxMT/spring/showTherapists;jsessionid=5D04F1BFEB3B5B6A8FD9ED93958ABE1D?execution=e1s4 HTTP/1.1" 200 479
192.168.1.152 - - [24/Jan/2023:08:23:36 +0100] "POST /RelaxMT/spring/showTherapists;jsessionid=5D04F1BFEB3B5B6A8FD9ED93958ABE1D?execution=e1s4 HTTP/1.1" 200 155
192.168.1.152 - - [24/Jan/2023:08:23:37 +0100] "POST /RelaxMT/spring/showTherapists;jsessionid=5D04F1BFEB3B5B6A8FD9ED93958ABE1D?execution=e1s4 HTTP/1.1" 200 19370
192.168.1.152 - - [24/Jan/2023:08:23:37 +0100] "POST /RelaxMT/spring/showTherapists;jsessionid=5D04F1BFEB3B5B6A8FD9ED93958ABE1D?execution=e1s4 HTTP/1.1" 200 479
192.168.1.152 - - [24/Jan/2023:08:24:36 +0100] "POST /RelaxMT/spring/showTherapists;jsessionid=5D04F1BFEB3B5B6A8FD9ED93958ABE1D?execution=e1s4 HTTP/1.1" 200 155
192.168.1.152 - - [24/Jan/2023:08:24:37 +0100] "POST /RelaxMT/spring/showTherapists;jsessionid=5D04F1BFEB3B5B6A8FD9ED93958ABE1D?execution=e1s4 HTTP/1.1" 200 19370
192.168.1.152 - - [24/Jan/2023:08:24:37 +0100] "POST /RelaxMT/spring/showTherapists;jsessionid=5D04F1BFEB3B5B6A8FD9ED93958ABE1D?execution=e1s4 HTTP/1.1" 200 479
192.168.1.152 - - [24/Jan/2023:08:25:36 +0100] "POST /RelaxMT/spring/showTherapists;jsessionid=5D04F1BFEB3B5B6A8FD9ED93958ABE1D?execution=e1s4 HTTP/1.1" 200 155
192.168.1.152 - - [24/Jan/2023:08:25:37 +0100] "POST /RelaxMT/spring/showTherapists;jsessionid=5D04F1BFEB3B5B6A8FD9ED93958ABE1D?execution=e1s4 HTTP/1.1" 200 20623
192.168.1.152 - - [24/Jan/2023:08:25:37 +0100] "POST /RelaxMT/spring/showTherapists;jsessionid=5D04F1BFEB3B5B6A8FD9ED93958ABE1D?execution=e1s4 HTTP/1.1" 200 479
192.168.1.152 - - [24/Jan/2023:08:25:37 +0100] "GET /RelaxMT/spring/javax.faces.resource/green.gif?ln=pics HTTP/1.1" 304 -
192.168.1.152 - - [24/Jan/2023:08:26:36 +0100] "POST /RelaxMT/spring/showTherapists;jsessionid=5D04F1BFEB3B5B6A8FD9ED93958ABE1D?execution=e1s4 HTTP/1.1" 200 155
192.168.1.152 - - [24/Jan/2023:08:26:37 +0100] "POST /RelaxMT/spring/showTherapists;jsessionid=5D04F1BFEB3B5B6A8FD9ED93958ABE1D?execution=e1s4 HTTP/1.1" 200 20623
192.168.1.152 - - [24/Jan/2023:08:26:37 +0100] "POST /RelaxMT/spring/showTherapists;jsessionid=5D04F1BFEB3B5B6A8FD9ED93958ABE1D?execution=e1s4 HTTP/1.1" 200 479
192.168.1.152 - - [24/Jan/2023:08:27:36 +0100] "POST /RelaxMT/spring/showTherapists;jsessionid=5D04F1BFEB3B5B6A8FD9ED93958ABE1D?execution=e1s4 HTTP/1.1" 200 155
192.168.1.152 - - [24/Jan/2023:08:27:37 +0100] "POST /RelaxMT/spring/showTherapists;jsessionid=5D04F1BFEB3B5B6A8FD9ED93958ABE1D?execution=e1s4 HTTP/1.1" 200 20623
192.168.1.152 - - [24/Jan/2023:08:27:37 +0100] "POST /RelaxMT/spring/showTherapists;jsessionid=5D04F1BFEB3B5B6A8FD9ED93958ABE1D?execution=e1s4 HTTP/1.1" 200 479
192.168.1.152 - - [24/Jan/2023:08:28:36 +0100] "POST /RelaxMT/spring/showTherapists;jsessionid=5D04F1BFEB3B5B6A8FD9ED93958ABE1D?execution=e1s4 HTTP/1.1" 200 155
192.168.1.152 - - [24/Jan/2023:08:28:37 +0100] "POST /RelaxMT/spring/showTherapists;jsessionid=5D04F1BFEB3B5B6A8FD9ED93958ABE1D?execution=e1s4 HTTP/1.1" 200 20623
192.168.1.152 - - [24/Jan/2023:08:28:37 +0100] "POST /RelaxMT/spring/showTherapists;jsessionid=5D04F1BFEB3B5B6A8FD9ED93958ABE1D?execution=e1s4 HTTP/1.1" 200 479
192.168.1.152 - - [24/Jan/2023:08:29:36 +0100] "POST /RelaxMT/spring/showTherapists;jsessionid=5D04F1BFEB3B5B6A8FD9ED93958ABE1D?execution=e1s4 HTTP/1.1" 200 155
192.168.1.152 - - [24/Jan/2023:08:29:37 +0100] "POST /RelaxMT/spring/showTherapists;jsessionid=5D04F1BFEB3B5B6A8FD9ED93958ABE1D?execution=e1s4 HTTP/1.1" 200 20623
192.168.1.152 - - [24/Jan/2023:08:29:37 +0100] "POST /RelaxMT/spring/showTherapists;jsessionid=5D04F1BFEB3B5B6A8FD9ED93958ABE1D?execution=e1s4 HTTP/1.1" 200 479
192.168.1.152 - - [24/Jan/2023:08:30:36 +0100] "POST /RelaxMT/spring/showTherapists;jsessionid=5D04F1BFEB3B5B6A8FD9ED93958ABE1D?execution=e1s4 HTTP/1.1" 200 155
192.168.1.152 - - [24/Jan/2023:08:30:37 +0100] "POST /RelaxMT/spring/showTherapists;jsessionid=5D04F1BFEB3B5B6A8FD9ED93958ABE1D?execution=e1s4 HTTP/1.1" 200 20623
192.168.1.152 - - [24/Jan/2023:08:30:37 +0100] "POST /RelaxMT/spring/showTherapists;jsessionid=5D04F1BFEB3B5B6A8FD9ED93958ABE1D?execution=e1s4 HTTP/1.1" 200 479
192.168.1.152 - - [24/Jan/2023:08:31:36 +0100] "POST /RelaxMT/spring/showTherapists;jsessionid=5D04F1BFEB3B5B6A8FD9ED93958ABE1D?execution=e1s4 HTTP/1.1" 200 155
192.168.1.152 - - [24/Jan/2023:08:31:37 +0100] "POST /RelaxMT/spring/showTherapists;jsessionid=5D04F1BFEB3B5B6A8FD9ED93958ABE1D?execution=e1s4 HTTP/1.1" 200 20579
192.168.1.152 - - [24/Jan/2023:08:31:37 +0100] "POST /RelaxMT/spring/showTherapists;jsessionid=5D04F1BFEB3B5B6A8FD9ED93958ABE1D?execution=e1s4 HTTP/1.1" 200 479
192.168.1.152 - - [24/Jan/2023:08:31:37 +0100] "GET /RelaxMT/spring/javax.faces.resource/green_on.png?ln=pics HTTP/1.1" 304 -
192.168.1.152 - - [24/Jan/2023:08:32:36 +0100] "POST /RelaxMT/spring/showTherapists;jsessionid=5D04F1BFEB3B5B6A8FD9ED93958ABE1D?execution=e1s4 HTTP/1.1" 200 155
192.168.1.152 - - [24/Jan/2023:08:32:37 +0100] "POST /RelaxMT/spring/showTherapists;jsessionid=5D04F1BFEB3B5B6A8FD9ED93958ABE1D?execution=e1s4 HTTP/1.1" 200 20561
192.168.1.152 - - [24/Jan/2023:08:32:37 +0100] "POST /RelaxMT/spring/showTherapists;jsessionid=5D04F1BFEB3B5B6A8FD9ED93958ABE1D?execution=e1s4 HTTP/1.1" 200 479
192.168.1.152 - - [24/Jan/2023:08:33:36 +0100] "POST /RelaxMT/spring/showTherapists;jsessionid=5D04F1BFEB3B5B6A8FD9ED93958ABE1D?execution=e1s4 HTTP/1.1" 200 155
192.168.1.152 - - [24/Jan/2023:08:33:37 +0100] "POST /RelaxMT/spring/showTherapists;jsessionid=5D04F1BFEB3B5B6A8FD9ED93958ABE1D?execution=e1s4 HTTP/1.1" 200 20561
192.168.1.152 - - [24/Jan/2023:08:33:37 +0100] "POST /RelaxMT/spring/showTherapists;jsessionid=5D04F1BFEB3B5B6A8FD9ED93958ABE1D?execution=e1s4 HTTP/1.1" 200 3327
192.168.1.152 - - [24/Jan/2023:08:34:36 +0100] "POST /RelaxMT/spring/showTherapists;jsessionid=5D04F1BFEB3B5B6A8FD9ED93958ABE1D?execution=e1s4 HTTP/1.1" 200 155
192.168.1.152 - - [24/Jan/2023:08:34:37 +0100] "POST /RelaxMT/spring/showTherapists;jsessionid=5D04F1BFEB3B5B6A8FD9ED93958ABE1D?execution=e1s4 HTTP/1.1" 200 20561
192.168.1.152 - - [24/Jan/2023:08:34:37 +0100] "POST /RelaxMT/spring/showTherapists;jsessionid=5D04F1BFEB3B5B6A8FD9ED93958ABE1D?execution=e1s4 HTTP/1.1" 200 3327
192.168.1.152 - - [24/Jan/2023:08:35:36 +0100] "POST /RelaxMT/spring/showTherapists;jsessionid=5D04F1BFEB3B5B6A8FD9ED93958ABE1D?execution=e1s4 HTTP/1.1" 200 155
192.168.1.152 - - [24/Jan/2023:08:35:37 +0100] "POST /RelaxMT/spring/showTherapists;jsessionid=5D04F1BFEB3B5B6A8FD9ED93958ABE1D?execution=e1s4 HTTP/1.1" 200 20561
192.168.1.152 - - [24/Jan/2023:08:35:37 +0100] "POST /RelaxMT/spring/showTherapists;jsessionid=5D04F1BFEB3B5B6A8FD9ED93958ABE1D?execution=e1s4 HTTP/1.1" 200 3327
192.168.1.152 - - [24/Jan/2023:08:36:36 +0100] "POST /RelaxMT/spring/showTherapists;jsessionid=5D04F1BFEB3B5B6A8FD9ED93958ABE1D?execution=e1s4 HTTP/1.1" 200 155
192.168.1.152 - - [24/Jan/2023:08:36:37 +0100] "POST /RelaxMT/spring/showTherapists;jsessionid=5D04F1BFEB3B5B6A8FD9ED93958ABE1D?execution=e1s4 HTTP/1.1" 200 20561
192.168.1.152 - - [24/Jan/2023:08:36:37 +0100] "POST /RelaxMT/spring/showTherapists;jsessionid=5D04F1BFEB3B5B6A8FD9ED93958ABE1D?execution=e1s4 HTTP/1.1" 200 3334
192.168.1.152 - - [24/Jan/2023:08:37:27 +0100] "POST /RelaxMT/spring/showTherapists;jsessionid=5D04F1BFEB3B5B6A8FD9ED93958ABE1D?execution=e1s4 HTTP/1.1" 200 155
192.168.1.152 - - [24/Jan/2023:08:37:36 +0100] "POST /RelaxMT/spring/showTherapists;jsessionid=5D04F1BFEB3B5B6A8FD9ED93958ABE1D?execution=e1s4 HTTP/1.1" 200 155
192.168.1.152 - - [24/Jan/2023:08:37:37 +0100] "POST /RelaxMT/spring/showTherapists;jsessionid=5D04F1BFEB3B5B6A8FD9ED93958ABE1D?execution=e1s4 HTTP/1.1" 200 20561
192.168.1.152 - - [24/Jan/2023:08:37:37 +0100] "POST /RelaxMT/spring/showTherapists;jsessionid=5D04F1BFEB3B5B6A8FD9ED93958ABE1D?execution=e1s4 HTTP/1.1" 200 3334
192.168.1.152 - - [24/Jan/2023:08:38:36 +0100] "POST /RelaxMT/spring/showTherapists;jsessionid=5D04F1BFEB3B5B6A8FD9ED93958ABE1D?execution=e1s4 HTTP/1.1" 200 155
192.168.1.152 - - [24/Jan/2023:08:38:37 +0100] "POST /RelaxMT/spring/showTherapists;jsessionid=5D04F1BFEB3B5B6A8FD9ED93958ABE1D?execution=e1s4 HTTP/1.1" 200 20561
192.168.1.152 - - [24/Jan/2023:08:38:37 +0100] "POST /RelaxMT/spring/showTherapists;jsessionid=5D04F1BFEB3B5B6A8FD9ED93958ABE1D?execution=e1s4 HTTP/1.1" 200 3334
192.168.1.113 - - [24/Jan/2023:08:39:33 +0100] "GET /RelaxMT/spring/showTherapists;jsessionid=1156FF9C4E77232A7564D67A367CA952?execution=e1s22 HTTP/1.1" 302 -
192.168.1.113 - - [24/Jan/2023:08:39:33 +0100] "GET /RelaxMT/spring/showTherapists HTTP/1.1" 302 -
192.168.1.113 - - [24/Jan/2023:08:39:34 +0100] "GET /RelaxMT/spring/showTherapists?execution=e1s1 HTTP/1.1" 500 65985
192.168.1.113 - - [24/Jan/2023:08:39:36 +0100] "GET /RelaxMT/spring/showPatients?execution=e2s1 HTTP/1.1" 302 -
192.168.1.113 - - [24/Jan/2023:08:39:36 +0100] "GET /RelaxMT/spring/showPatients HTTP/1.1" 302 -
192.168.1.113 - - [24/Jan/2023:08:39:36 +0100] "GET /RelaxMT/spring/showPatients?execution=e2s1 HTTP/1.1" 500 47852
192.168.1.152 - - [24/Jan/2023:08:39:36 +0100] "POST /RelaxMT/spring/showTherapists;jsessionid=5D04F1BFEB3B5B6A8FD9ED93958ABE1D?execution=e1s4 HTTP/1.1" 200 155
192.168.1.152 - - [24/Jan/2023:08:39:37 +0100] "POST /RelaxMT/spring/showTherapists;jsessionid=5D04F1BFEB3B5B6A8FD9ED93958ABE1D?execution=e1s4 HTTP/1.1" 200 20561
192.168.1.152 - - [24/Jan/2023:08:39:37 +0100] "POST /RelaxMT/spring/showTherapists;jsessionid=5D04F1BFEB3B5B6A8FD9ED93958ABE1D?execution=e1s4 HTTP/1.1" 200 3334
192.168.1.113 - - [24/Jan/2023:08:39:38 +0100] "GET /RelaxMT/spring/showTherapists;jsessionid=77B5A1651F2ABDAF93274BEDE59A1428?execution=e1s6 HTTP/1.1" 500 13464
192.168.1.113 - - [24/Jan/2023:08:39:44 +0100] "GET /RelaxMT HTTP/1.1" 302 -
192.168.1.113 - - [24/Jan/2023:08:39:44 +0100] "GET /RelaxMT/ HTTP/1.1" 302 -
192.168.1.113 - - [24/Jan/2023:08:39:44 +0100] "GET /RelaxMT/spring/showTherapists;jsessionid=02BF61151D102549BD4C3DBC2BF256CF?execution=e1s1 HTTP/1.1" 200 36638
192.168.1.113 - - [24/Jan/2023:08:39:44 +0100] "GET /RelaxMT/spring/javax.faces.resource/theme.css?ln=primefaces-aristo HTTP/1.1" 304 -
192.168.1.113 - - [24/Jan/2023:08:39:44 +0100] "GET /RelaxMT/spring/javax.faces.resource/jsf-tablet.css?ln=skins HTTP/1.1" 304 -
192.168.1.113 - - [24/Jan/2023:08:39:45 +0100] "GET /RelaxMT/spring/javax.faces.resource/jquery/jquery.js?ln=primefaces HTTP/1.1" 304 -
192.168.1.113 - - [24/Jan/2023:08:39:45 +0100] "GET /RelaxMT/spring/javax.faces.resource/primefaces.css?ln=primefaces HTTP/1.1" 304 -
192.168.1.113 - - [24/Jan/2023:08:39:45 +0100] "GET /RelaxMT/spring/javax.faces.resource/jquery/jquery-plugins.js?ln=primefaces HTTP/1.1" 304 -
192.168.1.113 - - [24/Jan/2023:08:39:45 +0100] "GET /RelaxMT/spring/javax.faces.resource/primefaces.js?ln=primefaces HTTP/1.1" 304 -
192.168.1.113 - - [24/Jan/2023:08:39:45 +0100] "GET /RelaxMT/spring/javax.faces.resource/logo.png?ln=pics HTTP/1.1" 304 -
192.168.1.113 - - [24/Jan/2023:08:39:45 +0100] "GET /RelaxMT/spring/javax.faces.resource/green_on.png?ln=pics HTTP/1.1" 304 -
192.168.1.113 - - [24/Jan/2023:08:39:45 +0100] "GET /RelaxMT/spring/javax.faces.resource/RGBColorDummy.gif?ln=pics HTTP/1.1" 304 -
192.168.1.113 - - [24/Jan/2023:08:39:45 +0100] "GET /RelaxMT/spring/javax.faces.resource/images/ui-icons_38667f_256x240.png?ln=primefaces-aristo HTTP/1.1" 304 -
192.168.1.113 - - [24/Jan/2023:08:39:45 +0100] "GET /RelaxMT/spring/javax.faces.resource/images/ui-icons_898989_256x240.png?ln=primefaces-aristo HTTP/1.1" 304 -
192.168.1.113 - - [24/Jan/2023:08:39:45 +0100] "GET /RelaxMT/spring/javax.faces.resource/images/ui-icons_616161_256x240.png?ln=primefaces-aristo HTTP/1.1" 304 -
192.168.1.113 - - [24/Jan/2023:08:39:45 +0100] "GET /favicon.ico HTTP/1.1" 404 729
192.168.1.113 - - [24/Jan/2023:08:39:46 +0100] "GET /RelaxMT/spring/javax.faces.resource/images/ui-bg_flat_0_2d5972_40x100.png?ln=primefaces-aristo HTTP/1.1" 304 -
192.168.1.113 - - [24/Jan/2023:08:39:48 +0100] "POST /RelaxMT/spring/showTherapists;jsessionid=02BF61151D102549BD4C3DBC2BF256CF?execution=e1s1 HTTP/1.1" 200 193
192.168.1.113 - - [24/Jan/2023:08:39:49 +0100] "GET /RelaxMT/spring/showTherapists;jsessionid=02BF61151D102549BD4C3DBC2BF256CF?execution=e1s2 HTTP/1.1" 200 37384
192.168.1.113 - - [24/Jan/2023:08:39:49 +0100] "GET /RelaxMT/spring/javax.faces.resource/primefaces.css?ln=primefaces HTTP/1.1" 304 -
192.168.1.113 - - [24/Jan/2023:08:39:49 +0100] "GET /RelaxMT/spring/javax.faces.resource/jquery/jquery.js?ln=primefaces HTTP/1.1" 304 -
192.168.1.113 - - [24/Jan/2023:08:39:49 +0100] "GET /RelaxMT/spring/javax.faces.resource/jsf-tablet.css?ln=skins HTTP/1.1" 304 -
192.168.1.113 - - [24/Jan/2023:08:39:49 +0100] "GET /RelaxMT/spring/javax.faces.resource/theme.css?ln=primefaces-aristo HTTP/1.1" 304 -
192.168.1.113 - - [24/Jan/2023:08:39:49 +0100] "GET /RelaxMT/spring/javax.faces.resource/primefaces.js?ln=primefaces HTTP/1.1" 304 -
192.168.1.113 - - [24/Jan/2023:08:39:49 +0100] "GET /RelaxMT/spring/javax.faces.resource/jquery/jquery-plugins.js?ln=primefaces HTTP/1.1" 304 -
192.168.1.113 - - [24/Jan/2023:08:39:49 +0100] "GET /RelaxMT/spring/javax.faces.resource/logo.png?ln=pics HTTP/1.1" 304 -
192.168.1.113 - - [24/Jan/2023:08:39:49 +0100] "GET /RelaxMT/spring/javax.faces.resource/green_on.png?ln=pics HTTP/1.1" 304 -
192.168.1.113 - - [24/Jan/2023:08:39:49 +0100] "GET /RelaxMT/spring/javax.faces.resource/RGBColorDummy.gif?ln=pics HTTP/1.1" 304 -
192.168.1.113 - - [24/Jan/2023:08:39:52 +0100] "GET /RelaxMT/spring/javax.faces.resource/images/ui-icons_38667f_256x240.png?ln=primefaces-aristo HTTP/1.1" 304 -
192.168.1.113 - - [24/Jan/2023:08:39:52 +0100] "POST /RelaxMT/spring/showTherapists;jsessionid=02BF61151D102549BD4C3DBC2BF256CF?execution=e1s2 HTTP/1.1" 302 -
192.168.1.113 - - [24/Jan/2023:08:39:52 +0100] "GET /RelaxMT/spring/showTherapists;jsessionid=02BF61151D102549BD4C3DBC2BF256CF?execution=e1s3 HTTP/1.1" 200 38654
192.168.1.113 - - [24/Jan/2023:08:39:52 +0100] "GET /RelaxMT/spring/javax.faces.resource/schedule/schedule.css?ln=primefaces HTTP/1.1" 304 -
192.168.1.113 - - [24/Jan/2023:08:39:52 +0100] "GET /RelaxMT/spring/javax.faces.resource/primefaces.css?ln=primefaces HTTP/1.1" 304 -
192.168.1.113 - - [24/Jan/2023:08:39:52 +0100] "GET /RelaxMT/spring/javax.faces.resource/primefaces.js?ln=primefaces HTTP/1.1" 304 -
192.168.1.113 - - [24/Jan/2023:08:39:52 +0100] "GET /RelaxMT/spring/javax.faces.resource/jquery/jquery.js?ln=primefaces HTTP/1.1" 304 -
192.168.1.113 - - [24/Jan/2023:08:39:52 +0100] "GET /RelaxMT/spring/javax.faces.resource/theme.css?ln=primefaces-aristo HTTP/1.1" 304 -
192.168.1.113 - - [24/Jan/2023:08:39:52 +0100] "GET /RelaxMT/spring/javax.faces.resource/jsf-tablet.css?ln=skins HTTP/1.1" 304 -
192.168.1.113 - - [24/Jan/2023:08:39:52 +0100] "GET /RelaxMT/spring/javax.faces.resource/jquery/jquery-plugins.js?ln=primefaces HTTP/1.1" 304 -
192.168.1.113 - - [24/Jan/2023:08:39:52 +0100] "GET /RelaxMT/spring/javax.faces.resource/schedule/schedule.js?ln=primefaces HTTP/1.1" 304 -
192.168.1.113 - - [24/Jan/2023:08:39:53 +0100] "GET /RelaxMT/spring/javax.faces.resource/logo.png?ln=pics HTTP/1.1" 304 -
192.168.1.113 - - [24/Jan/2023:08:39:53 +0100] "POST /RelaxMT/spring/showTherapists;jsessionid=02BF61151D102549BD4C3DBC2BF256CF?execution=e1s3 HTTP/1.1" 200 238
192.168.1.113 - - [24/Jan/2023:08:40:02 +0100] "POST /RelaxMT/spring/showTherapists;jsessionid=02BF61151D102549BD4C3DBC2BF256CF?execution=e1s3 HTTP/1.1" 200 193
192.168.1.113 - - [24/Jan/2023:08:40:02 +0100] "GET /RelaxMT/spring/showTherapists;jsessionid=02BF61151D102549BD4C3DBC2BF256CF?execution=e1s4 HTTP/1.1" 200 38672
192.168.1.113 - - [24/Jan/2023:08:40:02 +0100] "GET /RelaxMT/spring/javax.faces.resource/theme.css?ln=primefaces-aristo HTTP/1.1" 304 -
192.168.1.113 - - [24/Jan/2023:08:40:02 +0100] "GET /RelaxMT/spring/javax.faces.resource/jsf-tablet.css?ln=skins HTTP/1.1" 304 -
192.168.1.113 - - [24/Jan/2023:08:40:02 +0100] "GET /RelaxMT/spring/javax.faces.resource/schedule/schedule.css?ln=primefaces HTTP/1.1" 304 -
192.168.1.113 - - [24/Jan/2023:08:40:02 +0100] "GET /RelaxMT/spring/javax.faces.resource/primefaces.css?ln=primefaces HTTP/1.1" 304 -
192.168.1.113 - - [24/Jan/2023:08:40:02 +0100] "GET /RelaxMT/spring/javax.faces.resource/jquery/jquery.js?ln=primefaces HTTP/1.1" 304 -
192.168.1.113 - - [24/Jan/2023:08:40:02 +0100] "GET /RelaxMT/spring/javax.faces.resource/primefaces.js?ln=primefaces HTTP/1.1" 304 -
192.168.1.113 - - [24/Jan/2023:08:40:02 +0100] "GET /RelaxMT/spring/javax.faces.resource/schedule/schedule.js?ln=primefaces HTTP/1.1" 304 -
192.168.1.113 - - [24/Jan/2023:08:40:02 +0100] "GET /RelaxMT/spring/javax.faces.resource/jquery/jquery-plugins.js?ln=primefaces HTTP/1.1" 304 -
192.168.1.113 - - [24/Jan/2023:08:40:02 +0100] "GET /RelaxMT/spring/javax.faces.resource/logo.png?ln=pics HTTP/1.1" 304 -
192.168.1.113 - - [24/Jan/2023:08:40:14 +0100] "POST /RelaxMT/spring/showTherapists;jsessionid=02BF61151D102549BD4C3DBC2BF256CF?execution=e1s4 HTTP/1.1" 200 781
192.168.1.113 - - [24/Jan/2023:08:40:26 +0100] "POST /RelaxMT/spring/showTherapists;jsessionid=02BF61151D102549BD4C3DBC2BF256CF?execution=e1s4 HTTP/1.1" 302 -
192.168.1.113 - - [24/Jan/2023:08:40:26 +0100] "GET /RelaxMT/spring/showTherapists;jsessionid=02BF61151D102549BD4C3DBC2BF256CF?execution=e1s5 HTTP/1.1" 200 37384
192.168.1.113 - - [24/Jan/2023:08:40:26 +0100] "GET /RelaxMT/spring/javax.faces.resource/theme.css?ln=primefaces-aristo HTTP/1.1" 304 -
192.168.1.113 - - [24/Jan/2023:08:40:26 +0100] "GET /RelaxMT/spring/javax.faces.resource/jsf-tablet.css?ln=skins HTTP/1.1" 304 -
192.168.1.113 - - [24/Jan/2023:08:40:26 +0100] "GET /RelaxMT/spring/javax.faces.resource/primefaces.css?ln=primefaces HTTP/1.1" 304 -
192.168.1.113 - - [24/Jan/2023:08:40:26 +0100] "GET /RelaxMT/spring/javax.faces.resource/primefaces.js?ln=primefaces HTTP/1.1" 304 -
192.168.1.113 - - [24/Jan/2023:08:40:26 +0100] "GET /RelaxMT/spring/javax.faces.resource/jquery/jquery.js?ln=primefaces HTTP/1.1" 304 -
192.168.1.113 - - [24/Jan/2023:08:40:26 +0100] "GET /RelaxMT/spring/javax.faces.resource/jquery/jquery-plugins.js?ln=primefaces HTTP/1.1" 304 -
192.168.1.113 - - [24/Jan/2023:08:40:26 +0100] "GET /RelaxMT/spring/javax.faces.resource/logo.png?ln=pics HTTP/1.1" 304 -
192.168.1.113 - - [24/Jan/2023:08:40:26 +0100] "GET /RelaxMT/spring/javax.faces.resource/green_on.png?ln=pics HTTP/1.1" 304 -
192.168.1.113 - - [24/Jan/2023:08:40:26 +0100] "GET /RelaxMT/spring/javax.faces.resource/RGBColorDummy.gif?ln=pics HTTP/1.1" 304 -
192.168.1.113 - - [24/Jan/2023:08:40:28 +0100] "POST /RelaxMT/spring/showTherapists;jsessionid=02BF61151D102549BD4C3DBC2BF256CF?execution=e1s5 HTTP/1.1" 200 193
192.168.1.113 - - [24/Jan/2023:08:40:28 +0100] "GET /RelaxMT/spring/showTherapists;jsessionid=02BF61151D102549BD4C3DBC2BF256CF?execution=e1s6 HTTP/1.1" 200 36638
192.168.1.113 - - [24/Jan/2023:08:40:28 +0100] "GET /RelaxMT/spring/javax.faces.resource/theme.css?ln=primefaces-aristo HTTP/1.1" 304 -
192.168.1.113 - - [24/Jan/2023:08:40:28 +0100] "GET /RelaxMT/spring/javax.faces.resource/primefaces.css?ln=primefaces HTTP/1.1" 304 -
192.168.1.113 - - [24/Jan/2023:08:40:28 +0100] "GET /RelaxMT/spring/javax.faces.resource/jsf-tablet.css?ln=skins HTTP/1.1" 304 -
192.168.1.113 - - [24/Jan/2023:08:40:28 +0100] "GET /RelaxMT/spring/javax.faces.resource/jquery/jquery-plugins.js?ln=primefaces HTTP/1.1" 304 -
192.168.1.113 - - [24/Jan/2023:08:40:28 +0100] "GET /RelaxMT/spring/javax.faces.resource/jquery/jquery.js?ln=primefaces HTTP/1.1" 304 -
192.168.1.113 - - [24/Jan/2023:08:40:28 +0100] "GET /RelaxMT/spring/javax.faces.resource/primefaces.js?ln=primefaces HTTP/1.1" 304 -
192.168.1.113 - - [24/Jan/2023:08:40:28 +0100] "GET /RelaxMT/spring/javax.faces.resource/logo.png?ln=pics HTTP/1.1" 304 -
192.168.1.113 - - [24/Jan/2023:08:40:28 +0100] "GET /RelaxMT/spring/javax.faces.resource/green_on.png?ln=pics HTTP/1.1" 304 -
192.168.1.113 - - [24/Jan/2023:08:40:28 +0100] "GET /RelaxMT/spring/javax.faces.resource/RGBColorDummy.gif?ln=pics HTTP/1.1" 304 -
192.168.1.152 - - [24/Jan/2023:08:40:36 +0100] "POST /RelaxMT/spring/showTherapists;jsessionid=5D04F1BFEB3B5B6A8FD9ED93958ABE1D?execution=e1s4 HTTP/1.1" 200 155
192.168.1.152 - - [24/Jan/2023:08:40:37 +0100] "POST /RelaxMT/spring/showTherapists;jsessionid=5D04F1BFEB3B5B6A8FD9ED93958ABE1D?execution=e1s4 HTTP/1.1" 200 20350
192.168.1.152 - - [24/Jan/2023:08:40:37 +0100] "POST /RelaxMT/spring/showTherapists;jsessionid=5D04F1BFEB3B5B6A8FD9ED93958ABE1D?execution=e1s4 HTTP/1.1" 200 3334
192.168.1.152 - - [24/Jan/2023:08:40:37 +0100] "GET /RelaxMT/spring/javax.faces.resource/green.gif?ln=pics HTTP/1.1" 304 -
192.168.1.113 - - [24/Jan/2023:08:41:28 +0100] "POST /RelaxMT/spring/showTherapists;jsessionid=02BF61151D102549BD4C3DBC2BF256CF?execution=e1s6 HTTP/1.1" 200 155
192.168.1.113 - - [24/Jan/2023:08:41:28 +0100] "POST /RelaxMT/spring/showTherapists;jsessionid=02BF61151D102549BD4C3DBC2BF256CF?execution=e1s6 HTTP/1.1" 200 20346
192.168.1.113 - - [24/Jan/2023:08:41:28 +0100] "POST /RelaxMT/spring/showTherapists;jsessionid=02BF61151D102549BD4C3DBC2BF256CF?execution=e1s6 HTTP/1.1" 200 3320
192.168.1.113 - - [24/Jan/2023:08:41:28 +0100] "GET /RelaxMT/spring/javax.faces.resource/green.gif?ln=pics HTTP/1.1" 304 -
192.168.1.152 - - [24/Jan/2023:08:41:36 +0100] "POST /RelaxMT/spring/showTherapists;jsessionid=5D04F1BFEB3B5B6A8FD9ED93958ABE1D?execution=e1s4 HTTP/1.1" 200 155
192.168.1.152 - - [24/Jan/2023:08:41:37 +0100] "POST /RelaxMT/spring/showTherapists;jsessionid=5D04F1BFEB3B5B6A8FD9ED93958ABE1D?execution=e1s4 HTTP/1.1" 200 20346
192.168.1.152 - - [24/Jan/2023:08:41:37 +0100] "POST /RelaxMT/spring/showTherapists;jsessionid=5D04F1BFEB3B5B6A8FD9ED93958ABE1D?execution=e1s4 HTTP/1.1" 200 479
192.168.1.113 - - [24/Jan/2023:08:42:28 +0100] "POST /RelaxMT/spring/showTherapists;jsessionid=02BF61151D102549BD4C3DBC2BF256CF?execution=e1s6 HTTP/1.1" 200 155
192.168.1.113 - - [24/Jan/2023:08:42:28 +0100] "POST /RelaxMT/spring/showTherapists;jsessionid=02BF61151D102549BD4C3DBC2BF256CF?execution=e1s6 HTTP/1.1" 200 20346
192.168.1.113 - - [24/Jan/2023:08:42:28 +0100] "POST /RelaxMT/spring/showTherapists;jsessionid=02BF61151D102549BD4C3DBC2BF256CF?execution=e1s6 HTTP/1.1" 200 479
192.168.1.152 - - [24/Jan/2023:08:42:36 +0100] "POST /RelaxMT/spring/showTherapists;jsessionid=5D04F1BFEB3B5B6A8FD9ED93958ABE1D?execution=e1s4 HTTP/1.1" 200 155
192.168.1.152 - - [24/Jan/2023:08:42:37 +0100] "POST /RelaxMT/spring/showTherapists;jsessionid=5D04F1BFEB3B5B6A8FD9ED93958ABE1D?execution=e1s4 HTTP/1.1" 200 20346
192.168.1.152 - - [24/Jan/2023:08:42:37 +0100] "POST /RelaxMT/spring/showTherapists;jsessionid=5D04F1BFEB3B5B6A8FD9ED93958ABE1D?execution=e1s4 HTTP/1.1" 200 479
192.168.1.113 - - [24/Jan/2023:08:43:28 +0100] "POST /RelaxMT/spring/showTherapists;jsessionid=02BF61151D102549BD4C3DBC2BF256CF?execution=e1s6 HTTP/1.1" 200 155
192.168.1.113 - - [24/Jan/2023:08:43:28 +0100] "POST /RelaxMT/spring/showTherapists;jsessionid=02BF61151D102549BD4C3DBC2BF256CF?execution=e1s6 HTTP/1.1" 200 20346
192.168.1.113 - - [24/Jan/2023:08:43:28 +0100] "POST /RelaxMT/spring/showTherapists;jsessionid=02BF61151D102549BD4C3DBC2BF256CF?execution=e1s6 HTTP/1.1" 200 479
192.168.1.152 - - [24/Jan/2023:08:43:36 +0100] "POST /RelaxMT/spring/showTherapists;jsessionid=5D04F1BFEB3B5B6A8FD9ED93958ABE1D?execution=e1s4 HTTP/1.1" 200 155
192.168.1.152 - - [24/Jan/2023:08:43:37 +0100] "POST /RelaxMT/spring/showTherapists;jsessionid=5D04F1BFEB3B5B6A8FD9ED93958ABE1D?execution=e1s4 HTTP/1.1" 200 20346
192.168.1.152 - - [24/Jan/2023:08:43:37 +0100] "POST /RelaxMT/spring/showTherapists;jsessionid=5D04F1BFEB3B5B6A8FD9ED93958ABE1D?execution=e1s4 HTTP/1.1" 200 479
192.168.1.113 - - [24/Jan/2023:08:44:28 +0100] "POST /RelaxMT/spring/showTherapists;jsessionid=02BF61151D102549BD4C3DBC2BF256CF?execution=e1s6 HTTP/1.1" 200 155
192.168.1.113 - - [24/Jan/2023:08:44:28 +0100] "POST /RelaxMT/spring/showTherapists;jsessionid=02BF61151D102549BD4C3DBC2BF256CF?execution=e1s6 HTTP/1.1" 200 20346
192.168.1.113 - - [24/Jan/2023:08:44:28 +0100] "POST /RelaxMT/spring/showTherapists;jsessionid=02BF61151D102549BD4C3DBC2BF256CF?execution=e1s6 HTTP/1.1" 200 479
192.168.1.152 - - [24/Jan/2023:08:44:36 +0100] "POST /RelaxMT/spring/showTherapists;jsessionid=5D04F1BFEB3B5B6A8FD9ED93958ABE1D?execution=e1s4 HTTP/1.1" 200 155
192.168.1.152 - - [24/Jan/2023:08:44:37 +0100] "POST /RelaxMT/spring/showTherapists;jsessionid=5D04F1BFEB3B5B6A8FD9ED93958ABE1D?execution=e1s4 HTTP/1.1" 200 20346
192.168.1.152 - - [24/Jan/2023:08:44:37 +0100] "POST /RelaxMT/spring/showTherapists;jsessionid=5D04F1BFEB3B5B6A8FD9ED93958ABE1D?execution=e1s4 HTTP/1.1" 200 479
192.168.1.113 - - [24/Jan/2023:08:45:28 +0100] "POST /RelaxMT/spring/showTherapists;jsessionid=02BF61151D102549BD4C3DBC2BF256CF?execution=e1s6 HTTP/1.1" 200 155
192.168.1.113 - - [24/Jan/2023:08:45:28 +0100] "POST /RelaxMT/spring/showTherapists;jsessionid=02BF61151D102549BD4C3DBC2BF256CF?execution=e1s6 HTTP/1.1" 200 20346
192.168.1.113 - - [24/Jan/2023:08:45:28 +0100] "POST /RelaxMT/spring/showTherapists;jsessionid=02BF61151D102549BD4C3DBC2BF256CF?execution=e1s6 HTTP/1.1" 200 479
192.168.1.152 - - [24/Jan/2023:08:45:36 +0100] "POST /RelaxMT/spring/showTherapists;jsessionid=5D04F1BFEB3B5B6A8FD9ED93958ABE1D?execution=e1s4 HTTP/1.1" 200 155
192.168.1.152 - - [24/Jan/2023:08:45:37 +0100] "POST /RelaxMT/spring/showTherapists;jsessionid=5D04F1BFEB3B5B6A8FD9ED93958ABE1D?execution=e1s4 HTTP/1.1" 200 20346
192.168.1.152 - - [24/Jan/2023:08:45:37 +0100] "POST /RelaxMT/spring/showTherapists;jsessionid=5D04F1BFEB3B5B6A8FD9ED93958ABE1D?execution=e1s4 HTTP/1.1" 200 479
192.168.1.113 - - [24/Jan/2023:08:46:28 +0100] "POST /RelaxMT/spring/showTherapists;jsessionid=02BF61151D102549BD4C3DBC2BF256CF?execution=e1s6 HTTP/1.1" 200 155
192.168.1.113 - - [24/Jan/2023:08:46:29 +0100] "POST /RelaxMT/spring/showTherapists;jsessionid=02BF61151D102549BD4C3DBC2BF256CF?execution=e1s6 HTTP/1.1" 200 20306
192.168.1.113 - - [24/Jan/2023:08:46:29 +0100] "POST /RelaxMT/spring/showTherapists;jsessionid=02BF61151D102549BD4C3DBC2BF256CF?execution=e1s6 HTTP/1.1" 200 479
192.168.1.152 - - [24/Jan/2023:08:46:37 +0100] "POST /RelaxMT/spring/showTherapists;jsessionid=5D04F1BFEB3B5B6A8FD9ED93958ABE1D?execution=e1s4 HTTP/1.1" 200 155
192.168.1.152 - - [24/Jan/2023:08:46:37 +0100] "POST /RelaxMT/spring/showTherapists;jsessionid=5D04F1BFEB3B5B6A8FD9ED93958ABE1D?execution=e1s4 HTTP/1.1" 200 20306
192.168.1.152 - - [24/Jan/2023:08:46:37 +0100] "POST /RelaxMT/spring/showTherapists;jsessionid=5D04F1BFEB3B5B6A8FD9ED93958ABE1D?execution=e1s4 HTTP/1.1" 200 479
192.168.1.113 - - [24/Jan/2023:08:47:28 +0100] "POST /RelaxMT/spring/showTherapists;jsessionid=02BF61151D102549BD4C3DBC2BF256CF?execution=e1s6 HTTP/1.1" 200 155
192.168.1.113 - - [24/Jan/2023:08:47:28 +0100] "POST /RelaxMT/spring/showTherapists;jsessionid=02BF61151D102549BD4C3DBC2BF256CF?execution=e1s6 HTTP/1.1" 200 20307
192.168.1.113 - - [24/Jan/2023:08:47:28 +0100] "POST /RelaxMT/spring/showTherapists;jsessionid=02BF61151D102549BD4C3DBC2BF256CF?execution=e1s6 HTTP/1.1" 200 479
192.168.1.152 - - [24/Jan/2023:08:47:36 +0100] "POST /RelaxMT/spring/showTherapists;jsessionid=5D04F1BFEB3B5B6A8FD9ED93958ABE1D?execution=e1s4 HTTP/1.1" 200 155
192.168.1.152 - - [24/Jan/2023:08:47:37 +0100] "POST /RelaxMT/spring/showTherapists;jsessionid=5D04F1BFEB3B5B6A8FD9ED93958ABE1D?execution=e1s4 HTTP/1.1" 200 20307
192.168.1.152 - - [24/Jan/2023:08:47:37 +0100] "POST /RelaxMT/spring/showTherapists;jsessionid=5D04F1BFEB3B5B6A8FD9ED93958ABE1D?execution=e1s4 HTTP/1.1" 200 479
192.168.1.113 - - [24/Jan/2023:08:48:28 +0100] "POST /RelaxMT/spring/showTherapists;jsessionid=02BF61151D102549BD4C3DBC2BF256CF?execution=e1s6 HTTP/1.1" 200 155
192.168.1.113 - - [24/Jan/2023:08:48:28 +0100] "POST /RelaxMT/spring/showTherapists;jsessionid=02BF61151D102549BD4C3DBC2BF256CF?execution=e1s6 HTTP/1.1" 200 20307
192.168.1.113 - - [24/Jan/2023:08:48:28 +0100] "POST /RelaxMT/spring/showTherapists;jsessionid=02BF61151D102549BD4C3DBC2BF256CF?execution=e1s6 HTTP/1.1" 200 3319
192.168.1.152 - - [24/Jan/2023:08:48:36 +0100] "POST /RelaxMT/spring/showTherapists;jsessionid=5D04F1BFEB3B5B6A8FD9ED93958ABE1D?execution=e1s4 HTTP/1.1" 200 155
192.168.1.152 - - [24/Jan/2023:08:48:37 +0100] "POST /RelaxMT/spring/showTherapists;jsessionid=5D04F1BFEB3B5B6A8FD9ED93958ABE1D?execution=e1s4 HTTP/1.1" 200 20307
192.168.1.152 - - [24/Jan/2023:08:48:37 +0100] "POST /RelaxMT/spring/showTherapists;jsessionid=5D04F1BFEB3B5B6A8FD9ED93958ABE1D?execution=e1s4 HTTP/1.1" 200 3326
192.168.1.113 - - [24/Jan/2023:08:49:28 +0100] "POST /RelaxMT/spring/showTherapists;jsessionid=02BF61151D102549BD4C3DBC2BF256CF?execution=e1s6 HTTP/1.1" 200 155
192.168.1.113 - - [24/Jan/2023:08:49:28 +0100] "POST /RelaxMT/spring/showTherapists;jsessionid=02BF61151D102549BD4C3DBC2BF256CF?execution=e1s6 HTTP/1.1" 200 20307
192.168.1.113 - - [24/Jan/2023:08:49:28 +0100] "POST /RelaxMT/spring/showTherapists;jsessionid=02BF61151D102549BD4C3DBC2BF256CF?execution=e1s6 HTTP/1.1" 200 3319
192.168.1.152 - - [24/Jan/2023:08:49:36 +0100] "POST /RelaxMT/spring/showTherapists;jsessionid=5D04F1BFEB3B5B6A8FD9ED93958ABE1D?execution=e1s4 HTTP/1.1" 200 155
192.168.1.152 - - [24/Jan/2023:08:49:37 +0100] "POST /RelaxMT/spring/showTherapists;jsessionid=5D04F1BFEB3B5B6A8FD9ED93958ABE1D?execution=e1s4 HTTP/1.1" 200 20307
192.168.1.152 - - [24/Jan/2023:08:49:37 +0100] "POST /RelaxMT/spring/showTherapists;jsessionid=5D04F1BFEB3B5B6A8FD9ED93958ABE1D?execution=e1s4 HTTP/1.1" 200 3326
192.168.1.113 - - [24/Jan/2023:08:50:28 +0100] "POST /RelaxMT/spring/showTherapists;jsessionid=02BF61151D102549BD4C3DBC2BF256CF?execution=e1s6 HTTP/1.1" 200 155
192.168.1.113 - - [24/Jan/2023:08:50:28 +0100] "POST /RelaxMT/spring/showTherapists;jsessionid=02BF61151D102549BD4C3DBC2BF256CF?execution=e1s6 HTTP/1.1" 200 20354
192.168.1.113 - - [24/Jan/2023:08:50:28 +0100] "POST /RelaxMT/spring/showTherapists;jsessionid=02BF61151D102549BD4C3DBC2BF256CF?execution=e1s6 HTTP/1.1" 200 3319
192.168.1.152 - - [24/Jan/2023:08:50:36 +0100] "POST /RelaxMT/spring/showTherapists;jsessionid=5D04F1BFEB3B5B6A8FD9ED93958ABE1D?execution=e1s4 HTTP/1.1" 200 155
192.168.1.152 - - [24/Jan/2023:08:50:37 +0100] "POST /RelaxMT/spring/showTherapists;jsessionid=5D04F1BFEB3B5B6A8FD9ED93958ABE1D?execution=e1s4 HTTP/1.1" 200 20354
192.168.1.152 - - [24/Jan/2023:08:50:37 +0100] "POST /RelaxMT/spring/showTherapists;jsessionid=5D04F1BFEB3B5B6A8FD9ED93958ABE1D?execution=e1s4 HTTP/1.1" 200 3326
192.168.1.113 - - [24/Jan/2023:08:51:28 +0100] "POST /RelaxMT/spring/showTherapists;jsessionid=02BF61151D102549BD4C3DBC2BF256CF?execution=e1s6 HTTP/1.1" 200 155
192.168.1.113 - - [24/Jan/2023:08:51:28 +0100] "POST /RelaxMT/spring/showTherapists;jsessionid=02BF61151D102549BD4C3DBC2BF256CF?execution=e1s6 HTTP/1.1" 200 20354
192.168.1.113 - - [24/Jan/2023:08:51:28 +0100] "POST /RelaxMT/spring/showTherapists;jsessionid=02BF61151D102549BD4C3DBC2BF256CF?execution=e1s6 HTTP/1.1" 200 3319
192.168.1.152 - - [24/Jan/2023:08:51:36 +0100] "POST /RelaxMT/spring/showTherapists;jsessionid=5D04F1BFEB3B5B6A8FD9ED93958ABE1D?execution=e1s4 HTTP/1.1" 200 155
192.168.1.152 - - [24/Jan/2023:08:51:37 +0100] "POST /RelaxMT/spring/showTherapists;jsessionid=5D04F1BFEB3B5B6A8FD9ED93958ABE1D?execution=e1s4 HTTP/1.1" 200 20354
192.168.1.152 - - [24/Jan/2023:08:51:37 +0100] "POST /RelaxMT/spring/showTherapists;jsessionid=5D04F1BFEB3B5B6A8FD9ED93958ABE1D?execution=e1s4 HTTP/1.1" 200 3326
192.168.1.113 - - [24/Jan/2023:08:52:29 +0100] "POST /RelaxMT/spring/showTherapists;jsessionid=02BF61151D102549BD4C3DBC2BF256CF?execution=e1s6 HTTP/1.1" 200 155
192.168.1.113 - - [24/Jan/2023:08:52:29 +0100] "POST /RelaxMT/spring/showTherapists;jsessionid=02BF61151D102549BD4C3DBC2BF256CF?execution=e1s6 HTTP/1.1" 200 20370
192.168.1.113 - - [24/Jan/2023:08:52:29 +0100] "POST /RelaxMT/spring/showTherapists;jsessionid=02BF61151D102549BD4C3DBC2BF256CF?execution=e1s6 HTTP/1.1" 200 3319
192.168.1.152 - - [24/Jan/2023:08:52:36 +0100] "POST /RelaxMT/spring/showTherapists;jsessionid=5D04F1BFEB3B5B6A8FD9ED93958ABE1D?execution=e1s4 HTTP/1.1" 200 155
192.168.1.152 - - [24/Jan/2023:08:52:37 +0100] "POST /RelaxMT/spring/showTherapists;jsessionid=5D04F1BFEB3B5B6A8FD9ED93958ABE1D?execution=e1s4 HTTP/1.1" 200 20370
192.168.1.152 - - [24/Jan/2023:08:52:37 +0100] "POST /RelaxMT/spring/showTherapists;jsessionid=5D04F1BFEB3B5B6A8FD9ED93958ABE1D?execution=e1s4 HTTP/1.1" 200 3326
192.168.1.113 - - [24/Jan/2023:08:52:59 +0100] "POST /RelaxMT/spring/showTherapists;jsessionid=02BF61151D102549BD4C3DBC2BF256CF?execution=e1s6 HTTP/1.1" 200 1681
192.168.1.113 - - [24/Jan/2023:08:52:59 +0100] "POST /RelaxMT/spring/showTherapists;jsessionid=02BF61151D102549BD4C3DBC2BF256CF?execution=e1s6 HTTP/1.1" 200 1681
192.168.1.113 - - [24/Jan/2023:08:53:03 +0100] "POST /RelaxMT/spring/showTherapists;jsessionid=02BF61151D102549BD4C3DBC2BF256CF?execution=e1s6 HTTP/1.1" 200 16638
192.168.1.113 - - [24/Jan/2023:08:53:09 +0100] "POST /RelaxMT/spring/showTherapists;jsessionid=02BF61151D102549BD4C3DBC2BF256CF?execution=e1s6 HTTP/1.1" 200 193
192.168.1.113 - - [24/Jan/2023:08:53:09 +0100] "GET /RelaxMT/spring/showTherapists;jsessionid=02BF61151D102549BD4C3DBC2BF256CF?execution=e1s7 HTTP/1.1" 200 40299
192.168.1.113 - - [24/Jan/2023:08:53:10 +0100] "GET /RelaxMT/spring/javax.faces.resource/theme.css?ln=primefaces-aristo HTTP/1.1" 304 -
192.168.1.113 - - [24/Jan/2023:08:53:10 +0100] "GET /RelaxMT/spring/javax.faces.resource/jsf-tablet.css?ln=skins HTTP/1.1" 304 -
192.168.1.113 - - [24/Jan/2023:08:53:10 +0100] "GET /RelaxMT/spring/javax.faces.resource/primefaces.css?ln=primefaces HTTP/1.1" 304 -
192.168.1.113 - - [24/Jan/2023:08:53:10 +0100] "GET /RelaxMT/spring/javax.faces.resource/primefaces.js?ln=primefaces HTTP/1.1" 304 -
192.168.1.113 - - [24/Jan/2023:08:53:10 +0100] "GET /RelaxMT/spring/javax.faces.resource/jquery/jquery.js?ln=primefaces HTTP/1.1" 304 -
192.168.1.113 - - [24/Jan/2023:08:53:10 +0100] "GET /RelaxMT/spring/javax.faces.resource/jquery/jquery-plugins.js?ln=primefaces HTTP/1.1" 304 -
192.168.1.113 - - [24/Jan/2023:08:53:10 +0100] "GET /RelaxMT/spring/javax.faces.resource/logo.png?ln=pics HTTP/1.1" 304 -
192.168.1.113 - - [24/Jan/2023:08:53:10 +0100] "GET /RelaxMT/spring/javax.faces.resource/green_on.png?ln=pics HTTP/1.1" 304 -
192.168.1.113 - - [24/Jan/2023:08:53:10 +0100] "GET /RelaxMT/spring/javax.faces.resource/RGBColorDummy.gif?ln=pics HTTP/1.1" 304 -
192.168.1.113 - - [24/Jan/2023:08:53:15 +0100] "POST /RelaxMT/spring/showTherapists;jsessionid=02BF61151D102549BD4C3DBC2BF256CF?execution=e1s7 HTTP/1.1" 200 15882
192.168.1.113 - - [24/Jan/2023:08:53:18 +0100] "GET /RelaxMT/spring/showTherapists;jsessionid=02BF61151D102549BD4C3DBC2BF256CF?execution=e1s6 HTTP/1.1" 200 39394
192.168.1.152 - - [24/Jan/2023:08:53:37 +0100] "POST /RelaxMT/spring/showTherapists;jsessionid=5D04F1BFEB3B5B6A8FD9ED93958ABE1D?execution=e1s4 HTTP/1.1" 200 155
192.168.1.152 - - [24/Jan/2023:08:53:37 +0100] "POST /RelaxMT/spring/showTherapists;jsessionid=5D04F1BFEB3B5B6A8FD9ED93958ABE1D?execution=e1s4 HTTP/1.1" 200 20370
192.168.1.152 - - [24/Jan/2023:08:53:37 +0100] "POST /RelaxMT/spring/showTherapists;jsessionid=5D04F1BFEB3B5B6A8FD9ED93958ABE1D?execution=e1s4 HTTP/1.1" 200 6284
192.168.1.113 - - [24/Jan/2023:08:54:18 +0100] "POST /RelaxMT/spring/showTherapists;jsessionid=02BF61151D102549BD4C3DBC2BF256CF?execution=e1s6 HTTP/1.1" 200 155
192.168.1.113 - - [24/Jan/2023:08:54:22 +0100] "POST /RelaxMT/spring/showTherapists;jsessionid=02BF61151D102549BD4C3DBC2BF256CF?execution=e1s6 HTTP/1.1" 200 20370
192.168.1.113 - - [24/Jan/2023:08:54:22 +0100] "POST /RelaxMT/spring/showTherapists;jsessionid=02BF61151D102549BD4C3DBC2BF256CF?execution=e1s6 HTTP/1.1" 200 6270
192.168.1.152 - - [24/Jan/2023:08:54:36 +0100] "POST /RelaxMT/spring/showTherapists;jsessionid=5D04F1BFEB3B5B6A8FD9ED93958ABE1D?execution=e1s4 HTTP/1.1" 200 155
192.168.1.152 - - [24/Jan/2023:08:54:37 +0100] "POST /RelaxMT/spring/showTherapists;jsessionid=5D04F1BFEB3B5B6A8FD9ED93958ABE1D?execution=e1s4 HTTP/1.1" 200 20370
192.168.1.152 - - [24/Jan/2023:08:54:37 +0100] "POST /RelaxMT/spring/showTherapists;jsessionid=5D04F1BFEB3B5B6A8FD9ED93958ABE1D?execution=e1s4 HTTP/1.1" 200 6284
192.168.1.113 - - [24/Jan/2023:08:55:18 +0100] "POST /RelaxMT/spring/showTherapists;jsessionid=02BF61151D102549BD4C3DBC2BF256CF?execution=e1s6 HTTP/1.1" 200 155
192.168.1.113 - - [24/Jan/2023:08:55:20 +0100] "POST /RelaxMT/spring/showTherapists;jsessionid=02BF61151D102549BD4C3DBC2BF256CF?execution=e1s6 HTTP/1.1" 200 20370
192.168.1.113 - - [24/Jan/2023:08:55:21 +0100] "POST /RelaxMT/spring/showTherapists;jsessionid=02BF61151D102549BD4C3DBC2BF256CF?execution=e1s6 HTTP/1.1" 200 6270
192.168.1.152 - - [24/Jan/2023:08:55:36 +0100] "POST /RelaxMT/spring/showTherapists;jsessionid=5D04F1BFEB3B5B6A8FD9ED93958ABE1D?execution=e1s4 HTTP/1.1" 200 155
192.168.1.152 - - [24/Jan/2023:08:55:37 +0100] "POST /RelaxMT/spring/showTherapists;jsessionid=5D04F1BFEB3B5B6A8FD9ED93958ABE1D?execution=e1s4 HTTP/1.1" 200 19824
192.168.1.152 - - [24/Jan/2023:08:55:37 +0100] "POST /RelaxMT/spring/showTherapists;jsessionid=5D04F1BFEB3B5B6A8FD9ED93958ABE1D?execution=e1s4 HTTP/1.1" 200 6284
192.168.1.152 - - [24/Jan/2023:08:55:37 +0100] "GET /RelaxMT/spring/javax.faces.resource/green.gif?ln=pics HTTP/1.1" 304 -
192.168.1.113 - - [24/Jan/2023:08:56:18 +0100] "POST /RelaxMT/spring/showTherapists;jsessionid=02BF61151D102549BD4C3DBC2BF256CF?execution=e1s6 HTTP/1.1" 200 155
192.168.1.113 - - [24/Jan/2023:08:56:21 +0100] "POST /RelaxMT/spring/showTherapists;jsessionid=02BF61151D102549BD4C3DBC2BF256CF?execution=e1s6 HTTP/1.1" 200 20370
192.168.1.113 - - [24/Jan/2023:08:56:21 +0100] "POST /RelaxMT/spring/showTherapists;jsessionid=02BF61151D102549BD4C3DBC2BF256CF?execution=e1s6 HTTP/1.1" 200 479
192.168.1.152 - - [24/Jan/2023:08:56:36 +0100] "POST /RelaxMT/spring/showTherapists;jsessionid=5D04F1BFEB3B5B6A8FD9ED93958ABE1D?execution=e1s4 HTTP/1.1" 200 155
192.168.1.152 - - [24/Jan/2023:08:56:37 +0100] "POST /RelaxMT/spring/showTherapists;jsessionid=5D04F1BFEB3B5B6A8FD9ED93958ABE1D?execution=e1s4 HTTP/1.1" 200 19824
192.168.1.152 - - [24/Jan/2023:08:56:37 +0100] "POST /RelaxMT/spring/showTherapists;jsessionid=5D04F1BFEB3B5B6A8FD9ED93958ABE1D?execution=e1s4 HTTP/1.1" 200 479
192.168.1.113 - - [24/Jan/2023:08:57:19 +0100] "POST /RelaxMT/spring/showTherapists;jsessionid=02BF61151D102549BD4C3DBC2BF256CF?execution=e1s6 HTTP/1.1" 200 155
192.168.1.113 - - [24/Jan/2023:08:57:21 +0100] "POST /RelaxMT/spring/showTherapists;jsessionid=02BF61151D102549BD4C3DBC2BF256CF?execution=e1s6 HTTP/1.1" 200 20370
192.168.1.113 - - [24/Jan/2023:08:57:21 +0100] "POST /RelaxMT/spring/showTherapists;jsessionid=02BF61151D102549BD4C3DBC2BF256CF?execution=e1s6 HTTP/1.1" 200 479
192.168.1.152 - - [24/Jan/2023:08:57:36 +0100] "POST /RelaxMT/spring/showTherapists;jsessionid=5D04F1BFEB3B5B6A8FD9ED93958ABE1D?execution=e1s4 HTTP/1.1" 200 155
192.168.1.152 - - [24/Jan/2023:08:57:37 +0100] "POST /RelaxMT/spring/showTherapists;jsessionid=5D04F1BFEB3B5B6A8FD9ED93958ABE1D?execution=e1s4 HTTP/1.1" 200 19824
192.168.1.152 - - [24/Jan/2023:08:57:37 +0100] "POST /RelaxMT/spring/showTherapists;jsessionid=5D04F1BFEB3B5B6A8FD9ED93958ABE1D?execution=e1s4 HTTP/1.1" 200 479
192.168.1.152 - - [24/Jan/2023:08:57:37 +0100] "POST /RelaxMT/spring/showTherapists;jsessionid=5D04F1BFEB3B5B6A8FD9ED93958ABE1D?execution=e1s4 HTTP/1.1" 200 155
192.168.1.113 - - [24/Jan/2023:08:58:19 +0100] "POST /RelaxMT/spring/showTherapists;jsessionid=02BF61151D102549BD4C3DBC2BF256CF?execution=e1s6 HTTP/1.1" 200 155
192.168.1.113 - - [24/Jan/2023:08:58:21 +0100] "POST /RelaxMT/spring/showTherapists;jsessionid=02BF61151D102549BD4C3DBC2BF256CF?execution=e1s6 HTTP/1.1" 200 20370
192.168.1.113 - - [24/Jan/2023:08:58:21 +0100] "POST /RelaxMT/spring/showTherapists;jsessionid=02BF61151D102549BD4C3DBC2BF256CF?execution=e1s6 HTTP/1.1" 200 479
192.168.1.152 - - [24/Jan/2023:08:58:37 +0100] "POST /RelaxMT/spring/showTherapists;jsessionid=5D04F1BFEB3B5B6A8FD9ED93958ABE1D?execution=e1s4 HTTP/1.1" 200 155
192.168.1.152 - - [24/Jan/2023:08:58:37 +0100] "POST /RelaxMT/spring/showTherapists;jsessionid=5D04F1BFEB3B5B6A8FD9ED93958ABE1D?execution=e1s4 HTTP/1.1" 200 19824
192.168.1.152 - - [24/Jan/2023:08:58:37 +0100] "POST /RelaxMT/spring/showTherapists;jsessionid=5D04F1BFEB3B5B6A8FD9ED93958ABE1D?execution=e1s4 HTTP/1.1" 200 479
192.168.1.113 - - [24/Jan/2023:08:59:19 +0100] "POST /RelaxMT/spring/showTherapists;jsessionid=02BF61151D102549BD4C3DBC2BF256CF?execution=e1s6 HTTP/1.1" 200 155
192.168.1.113 - - [24/Jan/2023:08:59:21 +0100] "POST /RelaxMT/spring/showTherapists;jsessionid=02BF61151D102549BD4C3DBC2BF256CF?execution=e1s6 HTTP/1.1" 200 20370
192.168.1.113 - - [24/Jan/2023:08:59:21 +0100] "POST /RelaxMT/spring/showTherapists;jsessionid=02BF61151D102549BD4C3DBC2BF256CF?execution=e1s6 HTTP/1.1" 200 479
192.168.1.152 - - [24/Jan/2023:08:59:37 +0100] "POST /RelaxMT/spring/showTherapists;jsessionid=5D04F1BFEB3B5B6A8FD9ED93958ABE1D?execution=e1s4 HTTP/1.1" 200 155
192.168.1.152 - - [24/Jan/2023:08:59:37 +0100] "POST /RelaxMT/spring/showTherapists;jsessionid=5D04F1BFEB3B5B6A8FD9ED93958ABE1D?execution=e1s4 HTTP/1.1" 200 19824
192.168.1.152 - - [24/Jan/2023:08:59:37 +0100] "POST /RelaxMT/spring/showTherapists;jsessionid=5D04F1BFEB3B5B6A8FD9ED93958ABE1D?execution=e1s4 HTTP/1.1" 200 479
192.168.1.113 - - [24/Jan/2023:09:00:14 +0100] "POST /RelaxMT/spring/showTherapists;jsessionid=02BF61151D102549BD4C3DBC2BF256CF?execution=e1s6 HTTP/1.1" 200 3136
192.168.1.113 - - [24/Jan/2023:09:00:14 +0100] "POST /RelaxMT/spring/showTherapists;jsessionid=02BF61151D102549BD4C3DBC2BF256CF?execution=e1s6 HTTP/1.1" 200 3136
