192.168.1.113 - - [03/Nov/2020:06:41:44 +0100] "GET /RelaxMT/spring/javax.faces.resource/jquery/jquery-plugins.js?ln=primefaces HTTP/1.1" 304 -
192.168.1.113 - - [03/Nov/2020:06:41:44 +0100] "GET /RelaxMT/spring/javax.faces.resource/jquery/jquery.js?ln=primefaces HTTP/1.1" 304 -
192.168.1.113 - - [03/Nov/2020:06:41:44 +0100] "GET /RelaxMT/spring/javax.faces.resource/logo.png?ln=pics HTTP/1.1" 304 -
192.168.1.113 - - [03/Nov/2020:06:41:44 +0100] "GET /RelaxMT/spring/javax.faces.resource/RGBColorDummy.gif?ln=pics HTTP/1.1" 304 -
192.168.1.113 - - [03/Nov/2020:06:41:44 +0100] "GET /RelaxMT/spring/javax.faces.resource/images/ui-icons_38667f_256x240.png?ln=primefaces-aristo HTTP/1.1" 304 -
192.168.1.113 - - [03/Nov/2020:06:41:44 +0100] "GET /RelaxMT/spring/javax.faces.resource/images/ui-icons_898989_256x240.png?ln=primefaces-aristo HTTP/1.1" 304 -
192.168.1.113 - - [03/Nov/2020:06:41:44 +0100] "GET /RelaxMT/spring/javax.faces.resource/images/ui-icons_616161_256x240.png?ln=primefaces-aristo HTTP/1.1" 304 -
192.168.1.113 - - [03/Nov/2020:06:41:44 +0100] "GET /favicon.ico HTTP/1.1" 404 729
192.168.1.152 - - [03/Nov/2020:06:42:12 +0100] "POST /RelaxMT/spring/showTherapists;jsessionid=2ED5A9E7182C1E71D3F79725FD2C506B?execution=e1s22 HTTP/1.1" 200 156
192.168.1.152 - - [03/Nov/2020:06:42:12 +0100] "POST /RelaxMT/spring/showTherapists;jsessionid=2ED5A9E7182C1E71D3F79725FD2C506B?execution=e1s22 HTTP/1.1" 200 5487
192.168.1.152 - - [03/Nov/2020:06:42:12 +0100] "POST /RelaxMT/spring/showTherapists;jsessionid=2ED5A9E7182C1E71D3F79725FD2C506B?execution=e1s22 HTTP/1.1" 200 480
192.168.1.113 - - [03/Nov/2020:06:42:44 +0100] "GET /RelaxMT/spring/javax.faces.resource/images/ui-bg_flat_0_2d5972_40x100.png?ln=primefaces-aristo HTTP/1.1" 304 -
192.168.1.113 - - [03/Nov/2020:06:42:44 +0100] "POST /RelaxMT/spring/showTherapists;jsessionid=99589FD70733FF52C31D251BBDECD265?execution=e1s1 HTTP/1.1" 200 155
192.168.1.113 - - [03/Nov/2020:06:42:44 +0100] "POST /RelaxMT/spring/showTherapists;jsessionid=99589FD70733FF52C31D251BBDECD265?execution=e1s1 HTTP/1.1" 200 19540
192.168.1.113 - - [03/Nov/2020:06:42:44 +0100] "POST /RelaxMT/spring/showTherapists;jsessionid=99589FD70733FF52C31D251BBDECD265?execution=e1s1 HTTP/1.1" 200 479
192.168.1.152 - - [03/Nov/2020:06:43:12 +0100] "POST /RelaxMT/spring/showTherapists;jsessionid=2ED5A9E7182C1E71D3F79725FD2C506B?execution=e1s22 HTTP/1.1" 200 156
192.168.1.152 - - [03/Nov/2020:06:43:12 +0100] "POST /RelaxMT/spring/showTherapists;jsessionid=2ED5A9E7182C1E71D3F79725FD2C506B?execution=e1s22 HTTP/1.1" 200 5487
192.168.1.152 - - [03/Nov/2020:06:43:12 +0100] "POST /RelaxMT/spring/showTherapists;jsessionid=2ED5A9E7182C1E71D3F79725FD2C506B?execution=e1s22 HTTP/1.1" 200 480
192.168.1.113 - - [03/Nov/2020:06:43:44 +0100] "POST /RelaxMT/spring/showTherapists;jsessionid=99589FD70733FF52C31D251BBDECD265?execution=e1s1 HTTP/1.1" 200 155
192.168.1.113 - - [03/Nov/2020:06:43:44 +0100] "POST /RelaxMT/spring/showTherapists;jsessionid=99589FD70733FF52C31D251BBDECD265?execution=e1s1 HTTP/1.1" 200 19540
192.168.1.113 - - [03/Nov/2020:06:43:44 +0100] "POST /RelaxMT/spring/showTherapists;jsessionid=99589FD70733FF52C31D251BBDECD265?execution=e1s1 HTTP/1.1" 200 479
192.168.1.152 - - [03/Nov/2020:06:44:12 +0100] "POST /RelaxMT/spring/showTherapists;jsessionid=2ED5A9E7182C1E71D3F79725FD2C506B?execution=e1s22 HTTP/1.1" 200 480
192.168.1.152 - - [03/Nov/2020:06:44:12 +0100] "POST /RelaxMT/spring/showTherapists;jsessionid=2ED5A9E7182C1E71D3F79725FD2C506B?execution=e1s22 HTTP/1.1" 200 156
192.168.1.152 - - [03/Nov/2020:06:44:12 +0100] "POST /RelaxMT/spring/showTherapists;jsessionid=2ED5A9E7182C1E71D3F79725FD2C506B?execution=e1s22 HTTP/1.1" 200 5487
192.168.1.113 - - [03/Nov/2020:06:44:44 +0100] "POST /RelaxMT/spring/showTherapists;jsessionid=99589FD70733FF52C31D251BBDECD265?execution=e1s1 HTTP/1.1" 200 155
192.168.1.113 - - [03/Nov/2020:06:44:44 +0100] "POST /RelaxMT/spring/showTherapists;jsessionid=99589FD70733FF52C31D251BBDECD265?execution=e1s1 HTTP/1.1" 200 19540
192.168.1.113 - - [03/Nov/2020:06:44:44 +0100] "POST /RelaxMT/spring/showTherapists;jsessionid=99589FD70733FF52C31D251BBDECD265?execution=e1s1 HTTP/1.1" 200 479
192.168.1.152 - - [03/Nov/2020:06:45:12 +0100] "POST /RelaxMT/spring/showTherapists;jsessionid=2ED5A9E7182C1E71D3F79725FD2C506B?execution=e1s22 HTTP/1.1" 200 156
192.168.1.152 - - [03/Nov/2020:06:45:12 +0100] "POST /RelaxMT/spring/showTherapists;jsessionid=2ED5A9E7182C1E71D3F79725FD2C506B?execution=e1s22 HTTP/1.1" 200 5487
192.168.1.152 - - [03/Nov/2020:06:45:12 +0100] "POST /RelaxMT/spring/showTherapists;jsessionid=2ED5A9E7182C1E71D3F79725FD2C506B?execution=e1s22 HTTP/1.1" 200 480
192.168.1.113 - - [03/Nov/2020:06:45:44 +0100] "POST /RelaxMT/spring/showTherapists;jsessionid=99589FD70733FF52C31D251BBDECD265?execution=e1s1 HTTP/1.1" 200 155
192.168.1.113 - - [03/Nov/2020:06:45:44 +0100] "POST /RelaxMT/spring/showTherapists;jsessionid=99589FD70733FF52C31D251BBDECD265?execution=e1s1 HTTP/1.1" 200 19540
192.168.1.113 - - [03/Nov/2020:06:45:44 +0100] "POST /RelaxMT/spring/showTherapists;jsessionid=99589FD70733FF52C31D251BBDECD265?execution=e1s1 HTTP/1.1" 200 479
192.168.1.152 - - [03/Nov/2020:06:46:12 +0100] "POST /RelaxMT/spring/showTherapists;jsessionid=2ED5A9E7182C1E71D3F79725FD2C506B?execution=e1s22 HTTP/1.1" 200 156
192.168.1.152 - - [03/Nov/2020:06:46:12 +0100] "POST /RelaxMT/spring/showTherapists;jsessionid=2ED5A9E7182C1E71D3F79725FD2C506B?execution=e1s22 HTTP/1.1" 200 5487
192.168.1.152 - - [03/Nov/2020:06:46:12 +0100] "POST /RelaxMT/spring/showTherapists;jsessionid=2ED5A9E7182C1E71D3F79725FD2C506B?execution=e1s22 HTTP/1.1" 200 480
192.168.1.113 - - [03/Nov/2020:06:46:44 +0100] "POST /RelaxMT/spring/showTherapists;jsessionid=99589FD70733FF52C31D251BBDECD265?execution=e1s1 HTTP/1.1" 200 155
192.168.1.113 - - [03/Nov/2020:06:46:45 +0100] "POST /RelaxMT/spring/showTherapists;jsessionid=99589FD70733FF52C31D251BBDECD265?execution=e1s1 HTTP/1.1" 200 19540
192.168.1.113 - - [03/Nov/2020:06:46:45 +0100] "POST /RelaxMT/spring/showTherapists;jsessionid=99589FD70733FF52C31D251BBDECD265?execution=e1s1 HTTP/1.1" 200 479
192.168.1.152 - - [03/Nov/2020:06:47:12 +0100] "POST /RelaxMT/spring/showTherapists;jsessionid=2ED5A9E7182C1E71D3F79725FD2C506B?execution=e1s22 HTTP/1.1" 200 156
192.168.1.152 - - [03/Nov/2020:06:47:12 +0100] "POST /RelaxMT/spring/showTherapists;jsessionid=2ED5A9E7182C1E71D3F79725FD2C506B?execution=e1s22 HTTP/1.1" 200 5487
192.168.1.152 - - [03/Nov/2020:06:47:12 +0100] "POST /RelaxMT/spring/showTherapists;jsessionid=2ED5A9E7182C1E71D3F79725FD2C506B?execution=e1s22 HTTP/1.1" 200 480
192.168.1.113 - - [03/Nov/2020:06:47:44 +0100] "POST /RelaxMT/spring/showTherapists;jsessionid=99589FD70733FF52C31D251BBDECD265?execution=e1s1 HTTP/1.1" 200 155
192.168.1.113 - - [03/Nov/2020:06:47:44 +0100] "POST /RelaxMT/spring/showTherapists;jsessionid=99589FD70733FF52C31D251BBDECD265?execution=e1s1 HTTP/1.1" 200 19540
192.168.1.113 - - [03/Nov/2020:06:47:44 +0100] "POST /RelaxMT/spring/showTherapists;jsessionid=99589FD70733FF52C31D251BBDECD265?execution=e1s1 HTTP/1.1" 200 479
192.168.1.152 - - [03/Nov/2020:06:48:12 +0100] "POST /RelaxMT/spring/showTherapists;jsessionid=2ED5A9E7182C1E71D3F79725FD2C506B?execution=e1s22 HTTP/1.1" 200 156
192.168.1.152 - - [03/Nov/2020:06:48:12 +0100] "POST /RelaxMT/spring/showTherapists;jsessionid=2ED5A9E7182C1E71D3F79725FD2C506B?execution=e1s22 HTTP/1.1" 200 5487
192.168.1.152 - - [03/Nov/2020:06:48:12 +0100] "POST /RelaxMT/spring/showTherapists;jsessionid=2ED5A9E7182C1E71D3F79725FD2C506B?execution=e1s22 HTTP/1.1" 200 480
192.168.1.113 - - [03/Nov/2020:06:48:44 +0100] "POST /RelaxMT/spring/showTherapists;jsessionid=99589FD70733FF52C31D251BBDECD265?execution=e1s1 HTTP/1.1" 200 155
192.168.1.113 - - [03/Nov/2020:06:48:44 +0100] "POST /RelaxMT/spring/showTherapists;jsessionid=99589FD70733FF52C31D251BBDECD265?execution=e1s1 HTTP/1.1" 200 19540
192.168.1.113 - - [03/Nov/2020:06:48:44 +0100] "POST /RelaxMT/spring/showTherapists;jsessionid=99589FD70733FF52C31D251BBDECD265?execution=e1s1 HTTP/1.1" 200 479
192.168.1.152 - - [03/Nov/2020:06:49:12 +0100] "POST /RelaxMT/spring/showTherapists;jsessionid=2ED5A9E7182C1E71D3F79725FD2C506B?execution=e1s22 HTTP/1.1" 200 156
192.168.1.152 - - [03/Nov/2020:06:49:12 +0100] "POST /RelaxMT/spring/showTherapists;jsessionid=2ED5A9E7182C1E71D3F79725FD2C506B?execution=e1s22 HTTP/1.1" 200 5487
192.168.1.152 - - [03/Nov/2020:06:49:12 +0100] "POST /RelaxMT/spring/showTherapists;jsessionid=2ED5A9E7182C1E71D3F79725FD2C506B?execution=e1s22 HTTP/1.1" 200 480
192.168.1.113 - - [03/Nov/2020:06:49:44 +0100] "POST /RelaxMT/spring/showTherapists;jsessionid=99589FD70733FF52C31D251BBDECD265?execution=e1s1 HTTP/1.1" 200 155
192.168.1.113 - - [03/Nov/2020:06:49:44 +0100] "POST /RelaxMT/spring/showTherapists;jsessionid=99589FD70733FF52C31D251BBDECD265?execution=e1s1 HTTP/1.1" 200 19540
192.168.1.113 - - [03/Nov/2020:06:49:44 +0100] "POST /RelaxMT/spring/showTherapists;jsessionid=99589FD70733FF52C31D251BBDECD265?execution=e1s1 HTTP/1.1" 200 479
192.168.1.152 - - [03/Nov/2020:06:50:12 +0100] "POST /RelaxMT/spring/showTherapists;jsessionid=2ED5A9E7182C1E71D3F79725FD2C506B?execution=e1s22 HTTP/1.1" 200 156
192.168.1.152 - - [03/Nov/2020:06:50:12 +0100] "POST /RelaxMT/spring/showTherapists;jsessionid=2ED5A9E7182C1E71D3F79725FD2C506B?execution=e1s22 HTTP/1.1" 200 5487
192.168.1.152 - - [03/Nov/2020:06:50:12 +0100] "POST /RelaxMT/spring/showTherapists;jsessionid=2ED5A9E7182C1E71D3F79725FD2C506B?execution=e1s22 HTTP/1.1" 200 480
192.168.1.113 - - [03/Nov/2020:06:50:44 +0100] "POST /RelaxMT/spring/showTherapists;jsessionid=99589FD70733FF52C31D251BBDECD265?execution=e1s1 HTTP/1.1" 200 155
192.168.1.113 - - [03/Nov/2020:06:50:44 +0100] "POST /RelaxMT/spring/showTherapists;jsessionid=99589FD70733FF52C31D251BBDECD265?execution=e1s1 HTTP/1.1" 200 19540
192.168.1.113 - - [03/Nov/2020:06:50:44 +0100] "POST /RelaxMT/spring/showTherapists;jsessionid=99589FD70733FF52C31D251BBDECD265?execution=e1s1 HTTP/1.1" 200 479
192.168.1.152 - - [03/Nov/2020:06:51:12 +0100] "POST /RelaxMT/spring/showTherapists;jsessionid=2ED5A9E7182C1E71D3F79725FD2C506B?execution=e1s22 HTTP/1.1" 200 156
192.168.1.152 - - [03/Nov/2020:06:51:12 +0100] "POST /RelaxMT/spring/showTherapists;jsessionid=2ED5A9E7182C1E71D3F79725FD2C506B?execution=e1s22 HTTP/1.1" 200 5487
192.168.1.152 - - [03/Nov/2020:06:51:12 +0100] "POST /RelaxMT/spring/showTherapists;jsessionid=2ED5A9E7182C1E71D3F79725FD2C506B?execution=e1s22 HTTP/1.1" 200 480
192.168.1.113 - - [03/Nov/2020:06:51:44 +0100] "POST /RelaxMT/spring/showTherapists;jsessionid=99589FD70733FF52C31D251BBDECD265?execution=e1s1 HTTP/1.1" 200 155
192.168.1.113 - - [03/Nov/2020:06:51:44 +0100] "POST /RelaxMT/spring/showTherapists;jsessionid=99589FD70733FF52C31D251BBDECD265?execution=e1s1 HTTP/1.1" 200 19529
192.168.1.113 - - [03/Nov/2020:06:51:44 +0100] "POST /RelaxMT/spring/showTherapists;jsessionid=99589FD70733FF52C31D251BBDECD265?execution=e1s1 HTTP/1.1" 200 479
192.168.1.152 - - [03/Nov/2020:06:52:12 +0100] "POST /RelaxMT/spring/showTherapists;jsessionid=2ED5A9E7182C1E71D3F79725FD2C506B?execution=e1s22 HTTP/1.1" 200 156
192.168.1.152 - - [03/Nov/2020:06:52:12 +0100] "POST /RelaxMT/spring/showTherapists;jsessionid=2ED5A9E7182C1E71D3F79725FD2C506B?execution=e1s22 HTTP/1.1" 200 5487
192.168.1.152 - - [03/Nov/2020:06:52:12 +0100] "POST /RelaxMT/spring/showTherapists;jsessionid=2ED5A9E7182C1E71D3F79725FD2C506B?execution=e1s22 HTTP/1.1" 200 480
192.168.1.113 - - [03/Nov/2020:06:52:44 +0100] "POST /RelaxMT/spring/showTherapists;jsessionid=99589FD70733FF52C31D251BBDECD265?execution=e1s1 HTTP/1.1" 200 155
192.168.1.113 - - [03/Nov/2020:06:52:44 +0100] "POST /RelaxMT/spring/showTherapists;jsessionid=99589FD70733FF52C31D251BBDECD265?execution=e1s1 HTTP/1.1" 200 19529
192.168.1.113 - - [03/Nov/2020:06:52:45 +0100] "POST /RelaxMT/spring/showTherapists;jsessionid=99589FD70733FF52C31D251BBDECD265?execution=e1s1 HTTP/1.1" 200 479
192.168.1.152 - - [03/Nov/2020:06:53:12 +0100] "POST /RelaxMT/spring/showTherapists;jsessionid=2ED5A9E7182C1E71D3F79725FD2C506B?execution=e1s22 HTTP/1.1" 200 156
192.168.1.152 - - [03/Nov/2020:06:53:12 +0100] "POST /RelaxMT/spring/showTherapists;jsessionid=2ED5A9E7182C1E71D3F79725FD2C506B?execution=e1s22 HTTP/1.1" 200 5487
192.168.1.152 - - [03/Nov/2020:06:53:12 +0100] "POST /RelaxMT/spring/showTherapists;jsessionid=2ED5A9E7182C1E71D3F79725FD2C506B?execution=e1s22 HTTP/1.1" 200 480
192.168.1.113 - - [03/Nov/2020:06:53:44 +0100] "POST /RelaxMT/spring/showTherapists;jsessionid=99589FD70733FF52C31D251BBDECD265?execution=e1s1 HTTP/1.1" 200 155
192.168.1.113 - - [03/Nov/2020:06:53:44 +0100] "POST /RelaxMT/spring/showTherapists;jsessionid=99589FD70733FF52C31D251BBDECD265?execution=e1s1 HTTP/1.1" 200 19529
192.168.1.113 - - [03/Nov/2020:06:53:44 +0100] "POST /RelaxMT/spring/showTherapists;jsessionid=99589FD70733FF52C31D251BBDECD265?execution=e1s1 HTTP/1.1" 200 479
192.168.1.152 - - [03/Nov/2020:06:54:12 +0100] "POST /RelaxMT/spring/showTherapists;jsessionid=2ED5A9E7182C1E71D3F79725FD2C506B?execution=e1s22 HTTP/1.1" 200 156
192.168.1.152 - - [03/Nov/2020:06:54:12 +0100] "POST /RelaxMT/spring/showTherapists;jsessionid=2ED5A9E7182C1E71D3F79725FD2C506B?execution=e1s22 HTTP/1.1" 200 5487
192.168.1.152 - - [03/Nov/2020:06:54:12 +0100] "POST /RelaxMT/spring/showTherapists;jsessionid=2ED5A9E7182C1E71D3F79725FD2C506B?execution=e1s22 HTTP/1.1" 200 480
192.168.1.113 - - [03/Nov/2020:06:54:44 +0100] "POST /RelaxMT/spring/showTherapists;jsessionid=99589FD70733FF52C31D251BBDECD265?execution=e1s1 HTTP/1.1" 200 155
192.168.1.113 - - [03/Nov/2020:06:54:44 +0100] "POST /RelaxMT/spring/showTherapists;jsessionid=99589FD70733FF52C31D251BBDECD265?execution=e1s1 HTTP/1.1" 200 19529
192.168.1.113 - - [03/Nov/2020:06:54:44 +0100] "POST /RelaxMT/spring/showTherapists;jsessionid=99589FD70733FF52C31D251BBDECD265?execution=e1s1 HTTP/1.1" 200 479
192.168.1.152 - - [03/Nov/2020:06:55:12 +0100] "POST /RelaxMT/spring/showTherapists;jsessionid=2ED5A9E7182C1E71D3F79725FD2C506B?execution=e1s22 HTTP/1.1" 200 156
192.168.1.152 - - [03/Nov/2020:06:55:12 +0100] "POST /RelaxMT/spring/showTherapists;jsessionid=2ED5A9E7182C1E71D3F79725FD2C506B?execution=e1s22 HTTP/1.1" 200 5487
192.168.1.152 - - [03/Nov/2020:06:55:12 +0100] "POST /RelaxMT/spring/showTherapists;jsessionid=2ED5A9E7182C1E71D3F79725FD2C506B?execution=e1s22 HTTP/1.1" 200 480
192.168.1.113 - - [03/Nov/2020:06:55:44 +0100] "POST /RelaxMT/spring/showTherapists;jsessionid=99589FD70733FF52C31D251BBDECD265?execution=e1s1 HTTP/1.1" 200 155
192.168.1.113 - - [03/Nov/2020:06:55:44 +0100] "POST /RelaxMT/spring/showTherapists;jsessionid=99589FD70733FF52C31D251BBDECD265?execution=e1s1 HTTP/1.1" 200 20711
192.168.1.113 - - [03/Nov/2020:06:55:44 +0100] "POST /RelaxMT/spring/showTherapists;jsessionid=99589FD70733FF52C31D251BBDECD265?execution=e1s1 HTTP/1.1" 200 479
192.168.1.113 - - [03/Nov/2020:06:55:44 +0100] "GET /RelaxMT/spring/javax.faces.resource/green.gif?ln=pics HTTP/1.1" 304 -
192.168.1.152 - - [03/Nov/2020:06:56:12 +0100] "POST /RelaxMT/spring/showTherapists;jsessionid=2ED5A9E7182C1E71D3F79725FD2C506B?execution=e1s22 HTTP/1.1" 200 156
192.168.1.152 - - [03/Nov/2020:06:56:12 +0100] "POST /RelaxMT/spring/showTherapists;jsessionid=2ED5A9E7182C1E71D3F79725FD2C506B?execution=e1s22 HTTP/1.1" 200 5487
192.168.1.152 - - [03/Nov/2020:06:56:12 +0100] "POST /RelaxMT/spring/showTherapists;jsessionid=2ED5A9E7182C1E71D3F79725FD2C506B?execution=e1s22 HTTP/1.1" 200 480
192.168.1.113 - - [03/Nov/2020:06:56:44 +0100] "POST /RelaxMT/spring/showTherapists;jsessionid=99589FD70733FF52C31D251BBDECD265?execution=e1s1 HTTP/1.1" 200 155
192.168.1.113 - - [03/Nov/2020:06:56:44 +0100] "POST /RelaxMT/spring/showTherapists;jsessionid=99589FD70733FF52C31D251BBDECD265?execution=e1s1 HTTP/1.1" 200 20711
192.168.1.113 - - [03/Nov/2020:06:56:45 +0100] "POST /RelaxMT/spring/showTherapists;jsessionid=99589FD70733FF52C31D251BBDECD265?execution=e1s1 HTTP/1.1" 200 479
192.168.1.152 - - [03/Nov/2020:06:57:12 +0100] "POST /RelaxMT/spring/showTherapists;jsessionid=2ED5A9E7182C1E71D3F79725FD2C506B?execution=e1s22 HTTP/1.1" 200 156
192.168.1.152 - - [03/Nov/2020:06:57:12 +0100] "POST /RelaxMT/spring/showTherapists;jsessionid=2ED5A9E7182C1E71D3F79725FD2C506B?execution=e1s22 HTTP/1.1" 200 5487
192.168.1.152 - - [03/Nov/2020:06:57:12 +0100] "POST /RelaxMT/spring/showTherapists;jsessionid=2ED5A9E7182C1E71D3F79725FD2C506B?execution=e1s22 HTTP/1.1" 200 480
192.168.1.113 - - [03/Nov/2020:06:57:44 +0100] "POST /RelaxMT/spring/showTherapists;jsessionid=99589FD70733FF52C31D251BBDECD265?execution=e1s1 HTTP/1.1" 200 155
192.168.1.113 - - [03/Nov/2020:06:57:44 +0100] "POST /RelaxMT/spring/showTherapists;jsessionid=99589FD70733FF52C31D251BBDECD265?execution=e1s1 HTTP/1.1" 200 20711
192.168.1.113 - - [03/Nov/2020:06:57:44 +0100] "POST /RelaxMT/spring/showTherapists;jsessionid=99589FD70733FF52C31D251BBDECD265?execution=e1s1 HTTP/1.1" 200 479
192.168.1.152 - - [03/Nov/2020:06:58:12 +0100] "POST /RelaxMT/spring/showTherapists;jsessionid=2ED5A9E7182C1E71D3F79725FD2C506B?execution=e1s22 HTTP/1.1" 200 156
192.168.1.152 - - [03/Nov/2020:06:58:12 +0100] "POST /RelaxMT/spring/showTherapists;jsessionid=2ED5A9E7182C1E71D3F79725FD2C506B?execution=e1s22 HTTP/1.1" 200 5487
192.168.1.152 - - [03/Nov/2020:06:58:12 +0100] "POST /RelaxMT/spring/showTherapists;jsessionid=2ED5A9E7182C1E71D3F79725FD2C506B?execution=e1s22 HTTP/1.1" 200 480
192.168.1.113 - - [03/Nov/2020:06:58:44 +0100] "POST /RelaxMT/spring/showTherapists;jsessionid=99589FD70733FF52C31D251BBDECD265?execution=e1s1 HTTP/1.1" 200 155
192.168.1.113 - - [03/Nov/2020:06:58:44 +0100] "POST /RelaxMT/spring/showTherapists;jsessionid=99589FD70733FF52C31D251BBDECD265?execution=e1s1 HTTP/1.1" 200 20711
192.168.1.113 - - [03/Nov/2020:06:58:44 +0100] "POST /RelaxMT/spring/showTherapists;jsessionid=99589FD70733FF52C31D251BBDECD265?execution=e1s1 HTTP/1.1" 200 479
192.168.1.152 - - [03/Nov/2020:06:59:12 +0100] "POST /RelaxMT/spring/showTherapists;jsessionid=2ED5A9E7182C1E71D3F79725FD2C506B?execution=e1s22 HTTP/1.1" 200 156
192.168.1.152 - - [03/Nov/2020:06:59:12 +0100] "POST /RelaxMT/spring/showTherapists;jsessionid=2ED5A9E7182C1E71D3F79725FD2C506B?execution=e1s22 HTTP/1.1" 200 5487
192.168.1.152 - - [03/Nov/2020:06:59:12 +0100] "POST /RelaxMT/spring/showTherapists;jsessionid=2ED5A9E7182C1E71D3F79725FD2C506B?execution=e1s22 HTTP/1.1" 200 480
192.168.1.152 - - [03/Nov/2020:06:59:12 +0100] "POST /RelaxMT/spring/showTherapists;jsessionid=2ED5A9E7182C1E71D3F79725FD2C506B?execution=e1s22 HTTP/1.1" 200 156
192.168.1.113 - - [03/Nov/2020:06:59:44 +0100] "POST /RelaxMT/spring/showTherapists;jsessionid=99589FD70733FF52C31D251BBDECD265?execution=e1s1 HTTP/1.1" 200 155
192.168.1.113 - - [03/Nov/2020:06:59:44 +0100] "POST /RelaxMT/spring/showTherapists;jsessionid=99589FD70733FF52C31D251BBDECD265?execution=e1s1 HTTP/1.1" 200 20711
192.168.1.113 - - [03/Nov/2020:06:59:44 +0100] "POST /RelaxMT/spring/showTherapists;jsessionid=99589FD70733FF52C31D251BBDECD265?execution=e1s1 HTTP/1.1" 200 479
192.168.1.152 - - [03/Nov/2020:07:00:12 +0100] "POST /RelaxMT/spring/showTherapists;jsessionid=2ED5A9E7182C1E71D3F79725FD2C506B?execution=e1s22 HTTP/1.1" 200 156
192.168.1.152 - - [03/Nov/2020:07:00:12 +0100] "POST /RelaxMT/spring/showTherapists;jsessionid=2ED5A9E7182C1E71D3F79725FD2C506B?execution=e1s22 HTTP/1.1" 200 5487
192.168.1.152 - - [03/Nov/2020:07:00:12 +0100] "POST /RelaxMT/spring/showTherapists;jsessionid=2ED5A9E7182C1E71D3F79725FD2C506B?execution=e1s22 HTTP/1.1" 200 480
192.168.1.113 - - [03/Nov/2020:07:00:44 +0100] "POST /RelaxMT/spring/showTherapists;jsessionid=99589FD70733FF52C31D251BBDECD265?execution=e1s1 HTTP/1.1" 200 155
192.168.1.113 - - [03/Nov/2020:07:00:44 +0100] "POST /RelaxMT/spring/showTherapists;jsessionid=99589FD70733FF52C31D251BBDECD265?execution=e1s1 HTTP/1.1" 200 20711
192.168.1.113 - - [03/Nov/2020:07:00:44 +0100] "POST /RelaxMT/spring/showTherapists;jsessionid=99589FD70733FF52C31D251BBDECD265?execution=e1s1 HTTP/1.1" 200 479
192.168.1.152 - - [03/Nov/2020:07:01:12 +0100] "POST /RelaxMT/spring/showTherapists;jsessionid=2ED5A9E7182C1E71D3F79725FD2C506B?execution=e1s22 HTTP/1.1" 200 156
192.168.1.152 - - [03/Nov/2020:07:01:12 +0100] "POST /RelaxMT/spring/showTherapists;jsessionid=2ED5A9E7182C1E71D3F79725FD2C506B?execution=e1s22 HTTP/1.1" 200 5487
192.168.1.152 - - [03/Nov/2020:07:01:12 +0100] "POST /RelaxMT/spring/showTherapists;jsessionid=2ED5A9E7182C1E71D3F79725FD2C506B?execution=e1s22 HTTP/1.1" 200 480
192.168.1.113 - - [03/Nov/2020:07:01:44 +0100] "POST /RelaxMT/spring/showTherapists;jsessionid=99589FD70733FF52C31D251BBDECD265?execution=e1s1 HTTP/1.1" 200 155
192.168.1.113 - - [03/Nov/2020:07:01:44 +0100] "POST /RelaxMT/spring/showTherapists;jsessionid=99589FD70733FF52C31D251BBDECD265?execution=e1s1 HTTP/1.1" 200 20667
192.168.1.113 - - [03/Nov/2020:07:01:44 +0100] "POST /RelaxMT/spring/showTherapists;jsessionid=99589FD70733FF52C31D251BBDECD265?execution=e1s1 HTTP/1.1" 200 479
192.168.1.113 - - [03/Nov/2020:07:01:44 +0100] "GET /RelaxMT/spring/javax.faces.resource/green_on.png?ln=pics HTTP/1.1" 304 -
192.168.1.113 - - [03/Nov/2020:07:01:44 +0100] "POST /RelaxMT/spring/showTherapists;jsessionid=99589FD70733FF52C31D251BBDECD265?execution=e1s1 HTTP/1.1" 200 155
192.168.1.113 - - [03/Nov/2020:07:02:44 +0100] "POST /RelaxMT/spring/showTherapists;jsessionid=99589FD70733FF52C31D251BBDECD265?execution=e1s1 HTTP/1.1" 200 155
192.168.1.113 - - [03/Nov/2020:07:02:45 +0100] "POST /RelaxMT/spring/showTherapists;jsessionid=99589FD70733FF52C31D251BBDECD265?execution=e1s1 HTTP/1.1" 200 20667
192.168.1.113 - - [03/Nov/2020:07:02:45 +0100] "POST /RelaxMT/spring/showTherapists;jsessionid=99589FD70733FF52C31D251BBDECD265?execution=e1s1 HTTP/1.1" 200 479
192.168.1.113 - - [03/Nov/2020:07:03:44 +0100] "POST /RelaxMT/spring/showTherapists;jsessionid=99589FD70733FF52C31D251BBDECD265?execution=e1s1 HTTP/1.1" 200 155
192.168.1.113 - - [03/Nov/2020:07:03:44 +0100] "POST /RelaxMT/spring/showTherapists;jsessionid=99589FD70733FF52C31D251BBDECD265?execution=e1s1 HTTP/1.1" 200 20691
192.168.1.113 - - [03/Nov/2020:07:03:44 +0100] "POST /RelaxMT/spring/showTherapists;jsessionid=99589FD70733FF52C31D251BBDECD265?execution=e1s1 HTTP/1.1" 200 479
192.168.1.152 - - [03/Nov/2020:07:04:31 +0100] "GET /RelaxMT HTTP/1.1" 302 -
192.168.1.152 - - [03/Nov/2020:07:04:32 +0100] "GET /RelaxMT/ HTTP/1.1" 302 -
192.168.1.152 - - [03/Nov/2020:07:04:32 +0100] "GET /RelaxMT/spring/showTherapists?execution=e2s1 HTTP/1.1" 200 33772
192.168.1.152 - - [03/Nov/2020:07:04:32 +0100] "GET /RelaxMT/spring/javax.faces.resource/theme.css?ln=primefaces-aristo HTTP/1.1" 200 28071
192.168.1.152 - - [03/Nov/2020:07:04:32 +0100] "GET /RelaxMT/spring/javax.faces.resource/jsf-tablet.css?ln=skins HTTP/1.1" 200 9762
192.168.1.152 - - [03/Nov/2020:07:04:32 +0100] "GET /RelaxMT/spring/javax.faces.resource/jquery/jquery-plugins.js?ln=primefaces HTTP/1.1" 200 227674
192.168.1.152 - - [03/Nov/2020:07:04:32 +0100] "GET /RelaxMT/spring/javax.faces.resource/primefaces.js?ln=primefaces HTTP/1.1" 200 233594
192.168.1.152 - - [03/Nov/2020:07:04:32 +0100] "GET /RelaxMT/spring/javax.faces.resource/jquery/jquery.js?ln=primefaces HTTP/1.1" 200 105101
192.168.1.152 - - [03/Nov/2020:07:04:32 +0100] "GET /RelaxMT/spring/javax.faces.resource/primefaces.css?ln=primefaces HTTP/1.1" 200 50501
192.168.1.152 - - [03/Nov/2020:07:04:33 +0100] "GET /RelaxMT/spring/javax.faces.resource/logo.png?ln=pics HTTP/1.1" 200 26500
192.168.1.152 - - [03/Nov/2020:07:04:33 +0100] "GET /RelaxMT/resources/pics/ajaxloadingbar.gif HTTP/1.1" 200 10819
192.168.1.152 - - [03/Nov/2020:07:04:33 +0100] "GET /RelaxMT/spring/javax.faces.resource/green_on.png?ln=pics HTTP/1.1" 200 2064
192.168.1.152 - - [03/Nov/2020:07:04:33 +0100] "GET /RelaxMT/spring/javax.faces.resource/RGBColorDummy.gif?ln=pics HTTP/1.1" 200 57
192.168.1.152 - - [03/Nov/2020:07:04:33 +0100] "GET /RelaxMT/spring/javax.faces.resource/images/ui-icons_38667f_256x240.png?ln=primefaces-aristo HTTP/1.1" 200 4369
192.168.1.152 - - [03/Nov/2020:07:04:33 +0100] "GET /RelaxMT/spring/javax.faces.resource/images/ui-icons_898989_256x240.png?ln=primefaces-aristo HTTP/1.1" 200 5355
192.168.1.152 - - [03/Nov/2020:07:04:33 +0100] "GET /RelaxMT/spring/javax.faces.resource/images/ui-icons_616161_256x240.png?ln=primefaces-aristo HTTP/1.1" 200 4369
192.168.1.152 - - [03/Nov/2020:07:04:34 +0100] "GET /favicon.ico HTTP/1.1" 404 729
192.168.1.113 - - [03/Nov/2020:07:04:44 +0100] "POST /RelaxMT/spring/showTherapists;jsessionid=99589FD70733FF52C31D251BBDECD265?execution=e1s1 HTTP/1.1" 200 155
192.168.1.113 - - [03/Nov/2020:07:04:44 +0100] "POST /RelaxMT/spring/showTherapists;jsessionid=99589FD70733FF52C31D251BBDECD265?execution=e1s1 HTTP/1.1" 200 20691
192.168.1.113 - - [03/Nov/2020:07:04:44 +0100] "POST /RelaxMT/spring/showTherapists;jsessionid=99589FD70733FF52C31D251BBDECD265?execution=e1s1 HTTP/1.1" 200 479
192.168.1.152 - - [03/Nov/2020:07:05:33 +0100] "GET /RelaxMT/spring/javax.faces.resource/images/ui-bg_flat_0_2d5972_40x100.png?ln=primefaces-aristo HTTP/1.1" 200 183
192.168.1.152 - - [03/Nov/2020:07:05:33 +0100] "POST /RelaxMT/spring/showTherapists?execution=e2s1 HTTP/1.1" 200 155
192.168.1.152 - - [03/Nov/2020:07:05:34 +0100] "POST /RelaxMT/spring/showTherapists?execution=e2s1 HTTP/1.1" 200 20691
192.168.1.152 - - [03/Nov/2020:07:05:34 +0100] "POST /RelaxMT/spring/showTherapists?execution=e2s1 HTTP/1.1" 200 479
192.168.1.113 - - [03/Nov/2020:07:05:44 +0100] "POST /RelaxMT/spring/showTherapists;jsessionid=99589FD70733FF52C31D251BBDECD265?execution=e1s1 HTTP/1.1" 200 155
192.168.1.113 - - [03/Nov/2020:07:05:44 +0100] "POST /RelaxMT/spring/showTherapists;jsessionid=99589FD70733FF52C31D251BBDECD265?execution=e1s1 HTTP/1.1" 200 20691
192.168.1.113 - - [03/Nov/2020:07:05:44 +0100] "POST /RelaxMT/spring/showTherapists;jsessionid=99589FD70733FF52C31D251BBDECD265?execution=e1s1 HTTP/1.1" 200 479
192.168.1.152 - - [03/Nov/2020:07:06:33 +0100] "POST /RelaxMT/spring/showTherapists?execution=e2s1 HTTP/1.1" 200 155
192.168.1.152 - - [03/Nov/2020:07:06:34 +0100] "POST /RelaxMT/spring/showTherapists?execution=e2s1 HTTP/1.1" 200 20691
192.168.1.152 - - [03/Nov/2020:07:06:34 +0100] "POST /RelaxMT/spring/showTherapists?execution=e2s1 HTTP/1.1" 200 479
192.168.1.113 - - [03/Nov/2020:07:06:44 +0100] "POST /RelaxMT/spring/showTherapists;jsessionid=99589FD70733FF52C31D251BBDECD265?execution=e1s1 HTTP/1.1" 200 155
192.168.1.113 - - [03/Nov/2020:07:06:44 +0100] "POST /RelaxMT/spring/showTherapists;jsessionid=99589FD70733FF52C31D251BBDECD265?execution=e1s1 HTTP/1.1" 200 20691
192.168.1.113 - - [03/Nov/2020:07:06:45 +0100] "POST /RelaxMT/spring/showTherapists;jsessionid=99589FD70733FF52C31D251BBDECD265?execution=e1s1 HTTP/1.1" 200 479
192.168.1.152 - - [03/Nov/2020:07:07:33 +0100] "POST /RelaxMT/spring/showTherapists?execution=e2s1 HTTP/1.1" 200 155
192.168.1.152 - - [03/Nov/2020:07:07:34 +0100] "POST /RelaxMT/spring/showTherapists?execution=e2s1 HTTP/1.1" 200 20691
192.168.1.152 - - [03/Nov/2020:07:07:34 +0100] "POST /RelaxMT/spring/showTherapists?execution=e2s1 HTTP/1.1" 200 479
192.168.1.113 - - [03/Nov/2020:07:07:44 +0100] "POST /RelaxMT/spring/showTherapists;jsessionid=99589FD70733FF52C31D251BBDECD265?execution=e1s1 HTTP/1.1" 200 155
192.168.1.113 - - [03/Nov/2020:07:07:44 +0100] "POST /RelaxMT/spring/showTherapists;jsessionid=99589FD70733FF52C31D251BBDECD265?execution=e1s1 HTTP/1.1" 200 20691
192.168.1.113 - - [03/Nov/2020:07:07:44 +0100] "POST /RelaxMT/spring/showTherapists;jsessionid=99589FD70733FF52C31D251BBDECD265?execution=e1s1 HTTP/1.1" 200 479
192.168.1.152 - - [03/Nov/2020:07:08:33 +0100] "POST /RelaxMT/spring/showTherapists?execution=e2s1 HTTP/1.1" 200 155
192.168.1.152 - - [03/Nov/2020:07:08:34 +0100] "POST /RelaxMT/spring/showTherapists?execution=e2s1 HTTP/1.1" 200 20691
192.168.1.152 - - [03/Nov/2020:07:08:34 +0100] "POST /RelaxMT/spring/showTherapists?execution=e2s1 HTTP/1.1" 200 479
192.168.1.113 - - [03/Nov/2020:07:08:44 +0100] "POST /RelaxMT/spring/showTherapists;jsessionid=99589FD70733FF52C31D251BBDECD265?execution=e1s1 HTTP/1.1" 200 155
192.168.1.113 - - [03/Nov/2020:07:08:45 +0100] "POST /RelaxMT/spring/showTherapists;jsessionid=99589FD70733FF52C31D251BBDECD265?execution=e1s1 HTTP/1.1" 200 20691
192.168.1.113 - - [03/Nov/2020:07:08:45 +0100] "POST /RelaxMT/spring/showTherapists;jsessionid=99589FD70733FF52C31D251BBDECD265?execution=e1s1 HTTP/1.1" 200 479
192.168.1.152 - - [03/Nov/2020:07:09:34 +0100] "POST /RelaxMT/spring/showTherapists?execution=e2s1 HTTP/1.1" 200 155
192.168.1.152 - - [03/Nov/2020:07:09:34 +0100] "POST /RelaxMT/spring/showTherapists?execution=e2s1 HTTP/1.1" 200 20691
192.168.1.152 - - [03/Nov/2020:07:09:34 +0100] "POST /RelaxMT/spring/showTherapists?execution=e2s1 HTTP/1.1" 200 479
192.168.1.113 - - [03/Nov/2020:07:09:44 +0100] "POST /RelaxMT/spring/showTherapists;jsessionid=99589FD70733FF52C31D251BBDECD265?execution=e1s1 HTTP/1.1" 200 155
192.168.1.113 - - [03/Nov/2020:07:09:44 +0100] "POST /RelaxMT/spring/showTherapists;jsessionid=99589FD70733FF52C31D251BBDECD265?execution=e1s1 HTTP/1.1" 200 20691
192.168.1.113 - - [03/Nov/2020:07:09:45 +0100] "POST /RelaxMT/spring/showTherapists;jsessionid=99589FD70733FF52C31D251BBDECD265?execution=e1s1 HTTP/1.1" 200 479
192.168.1.152 - - [03/Nov/2020:07:10:33 +0100] "POST /RelaxMT/spring/showTherapists?execution=e2s1 HTTP/1.1" 200 155
192.168.1.152 - - [03/Nov/2020:07:10:34 +0100] "POST /RelaxMT/spring/showTherapists?execution=e2s1 HTTP/1.1" 200 20380
192.168.1.152 - - [03/Nov/2020:07:10:34 +0100] "POST /RelaxMT/spring/showTherapists?execution=e2s1 HTTP/1.1" 200 479
192.168.1.152 - - [03/Nov/2020:07:10:34 +0100] "GET /RelaxMT/spring/javax.faces.resource/green.gif?ln=pics HTTP/1.1" 200 2076
192.168.1.113 - - [03/Nov/2020:07:10:44 +0100] "POST /RelaxMT/spring/showTherapists;jsessionid=99589FD70733FF52C31D251BBDECD265?execution=e1s1 HTTP/1.1" 200 155
192.168.1.113 - - [03/Nov/2020:07:10:44 +0100] "POST /RelaxMT/spring/showTherapists;jsessionid=99589FD70733FF52C31D251BBDECD265?execution=e1s1 HTTP/1.1" 200 20380
192.168.1.113 - - [03/Nov/2020:07:10:44 +0100] "POST /RelaxMT/spring/showTherapists;jsessionid=99589FD70733FF52C31D251BBDECD265?execution=e1s1 HTTP/1.1" 200 479
192.168.1.152 - - [03/Nov/2020:07:11:33 +0100] "POST /RelaxMT/spring/showTherapists?execution=e2s1 HTTP/1.1" 200 155
192.168.1.152 - - [03/Nov/2020:07:11:34 +0100] "POST /RelaxMT/spring/showTherapists?execution=e2s1 HTTP/1.1" 200 20378
192.168.1.152 - - [03/Nov/2020:07:11:34 +0100] "POST /RelaxMT/spring/showTherapists?execution=e2s1 HTTP/1.1" 200 479
192.168.1.113 - - [03/Nov/2020:07:11:44 +0100] "POST /RelaxMT/spring/showTherapists;jsessionid=99589FD70733FF52C31D251BBDECD265?execution=e1s1 HTTP/1.1" 200 155
192.168.1.113 - - [03/Nov/2020:07:11:44 +0100] "POST /RelaxMT/spring/showTherapists;jsessionid=99589FD70733FF52C31D251BBDECD265?execution=e1s1 HTTP/1.1" 200 20378
192.168.1.113 - - [03/Nov/2020:07:11:44 +0100] "POST /RelaxMT/spring/showTherapists;jsessionid=99589FD70733FF52C31D251BBDECD265?execution=e1s1 HTTP/1.1" 200 479
192.168.1.152 - - [03/Nov/2020:07:12:33 +0100] "POST /RelaxMT/spring/showTherapists?execution=e2s1 HTTP/1.1" 200 155
192.168.1.152 - - [03/Nov/2020:07:12:34 +0100] "POST /RelaxMT/spring/showTherapists?execution=e2s1 HTTP/1.1" 200 20378
192.168.1.152 - - [03/Nov/2020:07:12:34 +0100] "POST /RelaxMT/spring/showTherapists?execution=e2s1 HTTP/1.1" 200 479
192.168.1.113 - - [03/Nov/2020:07:12:44 +0100] "POST /RelaxMT/spring/showTherapists;jsessionid=99589FD70733FF52C31D251BBDECD265?execution=e1s1 HTTP/1.1" 200 155
192.168.1.113 - - [03/Nov/2020:07:12:45 +0100] "POST /RelaxMT/spring/showTherapists;jsessionid=99589FD70733FF52C31D251BBDECD265?execution=e1s1 HTTP/1.1" 200 20378
192.168.1.113 - - [03/Nov/2020:07:12:45 +0100] "POST /RelaxMT/spring/showTherapists;jsessionid=99589FD70733FF52C31D251BBDECD265?execution=e1s1 HTTP/1.1" 200 479
192.168.1.152 - - [03/Nov/2020:07:13:33 +0100] "POST /RelaxMT/spring/showTherapists?execution=e2s1 HTTP/1.1" 200 155
192.168.1.152 - - [03/Nov/2020:07:13:34 +0100] "POST /RelaxMT/spring/showTherapists?execution=e2s1 HTTP/1.1" 200 20378
192.168.1.152 - - [03/Nov/2020:07:13:34 +0100] "POST /RelaxMT/spring/showTherapists?execution=e2s1 HTTP/1.1" 200 479
192.168.1.113 - - [03/Nov/2020:07:13:44 +0100] "POST /RelaxMT/spring/showTherapists;jsessionid=99589FD70733FF52C31D251BBDECD265?execution=e1s1 HTTP/1.1" 200 155
192.168.1.113 - - [03/Nov/2020:07:13:44 +0100] "POST /RelaxMT/spring/showTherapists;jsessionid=99589FD70733FF52C31D251BBDECD265?execution=e1s1 HTTP/1.1" 200 20378
192.168.1.113 - - [03/Nov/2020:07:13:44 +0100] "POST /RelaxMT/spring/showTherapists;jsessionid=99589FD70733FF52C31D251BBDECD265?execution=e1s1 HTTP/1.1" 200 479
192.168.1.152 - - [03/Nov/2020:07:14:33 +0100] "POST /RelaxMT/spring/showTherapists?execution=e2s1 HTTP/1.1" 200 155
192.168.1.152 - - [03/Nov/2020:07:14:34 +0100] "POST /RelaxMT/spring/showTherapists?execution=e2s1 HTTP/1.1" 200 20378
192.168.1.152 - - [03/Nov/2020:07:14:34 +0100] "POST /RelaxMT/spring/showTherapists?execution=e2s1 HTTP/1.1" 200 479
192.168.1.113 - - [03/Nov/2020:07:14:44 +0100] "POST /RelaxMT/spring/showTherapists;jsessionid=99589FD70733FF52C31D251BBDECD265?execution=e1s1 HTTP/1.1" 200 155
192.168.1.113 - - [03/Nov/2020:07:14:44 +0100] "POST /RelaxMT/spring/showTherapists;jsessionid=99589FD70733FF52C31D251BBDECD265?execution=e1s1 HTTP/1.1" 200 20378
192.168.1.113 - - [03/Nov/2020:07:14:44 +0100] "POST /RelaxMT/spring/showTherapists;jsessionid=99589FD70733FF52C31D251BBDECD265?execution=e1s1 HTTP/1.1" 200 479
192.168.1.152 - - [03/Nov/2020:07:15:34 +0100] "POST /RelaxMT/spring/showTherapists?execution=e2s1 HTTP/1.1" 200 155
192.168.1.152 - - [03/Nov/2020:07:15:34 +0100] "POST /RelaxMT/spring/showTherapists?execution=e2s1 HTTP/1.1" 200 20580
192.168.1.152 - - [03/Nov/2020:07:15:34 +0100] "POST /RelaxMT/spring/showTherapists?execution=e2s1 HTTP/1.1" 200 479
192.168.1.113 - - [03/Nov/2020:07:15:44 +0100] "POST /RelaxMT/spring/showTherapists;jsessionid=99589FD70733FF52C31D251BBDECD265?execution=e1s1 HTTP/1.1" 200 155
192.168.1.113 - - [03/Nov/2020:07:15:45 +0100] "POST /RelaxMT/spring/showTherapists;jsessionid=99589FD70733FF52C31D251BBDECD265?execution=e1s1 HTTP/1.1" 200 20580
192.168.1.113 - - [03/Nov/2020:07:15:45 +0100] "POST /RelaxMT/spring/showTherapists;jsessionid=99589FD70733FF52C31D251BBDECD265?execution=e1s1 HTTP/1.1" 200 479
192.168.1.152 - - [03/Nov/2020:07:16:33 +0100] "POST /RelaxMT/spring/showTherapists?execution=e2s1 HTTP/1.1" 200 155
192.168.1.152 - - [03/Nov/2020:07:16:34 +0100] "POST /RelaxMT/spring/showTherapists?execution=e2s1 HTTP/1.1" 200 20544
192.168.1.152 - - [03/Nov/2020:07:16:34 +0100] "POST /RelaxMT/spring/showTherapists?execution=e2s1 HTTP/1.1" 200 479
192.168.1.113 - - [03/Nov/2020:07:16:44 +0100] "POST /RelaxMT/spring/showTherapists;jsessionid=99589FD70733FF52C31D251BBDECD265?execution=e1s1 HTTP/1.1" 200 155
192.168.1.113 - - [03/Nov/2020:07:16:44 +0100] "POST /RelaxMT/spring/showTherapists;jsessionid=99589FD70733FF52C31D251BBDECD265?execution=e1s1 HTTP/1.1" 200 20544
192.168.1.113 - - [03/Nov/2020:07:16:44 +0100] "POST /RelaxMT/spring/showTherapists;jsessionid=99589FD70733FF52C31D251BBDECD265?execution=e1s1 HTTP/1.1" 200 479
192.168.1.113 - - [03/Nov/2020:07:17:04 +0100] "POST /RelaxMT/spring/showTherapists;jsessionid=99589FD70733FF52C31D251BBDECD265?execution=e1s1 HTTP/1.1" 200 3227
192.168.1.113 - - [03/Nov/2020:07:17:04 +0100] "POST /RelaxMT/spring/showTherapists;jsessionid=99589FD70733FF52C31D251BBDECD265?execution=e1s1 HTTP/1.1" 200 407
192.168.1.113 - - [03/Nov/2020:07:17:05 +0100] "POST /RelaxMT/spring/showTherapists;jsessionid=99589FD70733FF52C31D251BBDECD265?execution=e1s1 HTTP/1.1" 200 407
192.168.1.113 - - [03/Nov/2020:07:17:07 +0100] "POST /RelaxMT/spring/showTherapists;jsessionid=99589FD70733FF52C31D251BBDECD265?execution=e1s1 HTTP/1.1" 200 3227
192.168.1.113 - - [03/Nov/2020:07:17:10 +0100] "POST /RelaxMT/spring/showTherapists;jsessionid=99589FD70733FF52C31D251BBDECD265?execution=e1s1 HTTP/1.1" 200 16812
192.168.1.113 - - [03/Nov/2020:07:17:12 +0100] "POST /RelaxMT/spring/showTherapists;jsessionid=99589FD70733FF52C31D251BBDECD265?execution=e1s1 HTTP/1.1" 200 4751
192.168.1.113 - - [03/Nov/2020:07:17:13 +0100] "POST /RelaxMT/spring/showTherapists;jsessionid=99589FD70733FF52C31D251BBDECD265?execution=e1s1 HTTP/1.1" 200 1799
192.168.1.152 - - [03/Nov/2020:07:17:33 +0100] "POST /RelaxMT/spring/showTherapists?execution=e2s1 HTTP/1.1" 200 155
192.168.1.152 - - [03/Nov/2020:07:17:34 +0100] "POST /RelaxMT/spring/showTherapists?execution=e2s1 HTTP/1.1" 200 20544
192.168.1.152 - - [03/Nov/2020:07:17:34 +0100] "POST /RelaxMT/spring/showTherapists?execution=e2s1 HTTP/1.1" 200 479
192.168.1.113 - - [03/Nov/2020:07:17:44 +0100] "POST /RelaxMT/spring/showTherapists;jsessionid=99589FD70733FF52C31D251BBDECD265?execution=e1s1 HTTP/1.1" 200 155
192.168.1.113 - - [03/Nov/2020:07:17:44 +0100] "POST /RelaxMT/spring/showTherapists;jsessionid=99589FD70733FF52C31D251BBDECD265?execution=e1s1 HTTP/1.1" 200 5498
192.168.1.113 - - [03/Nov/2020:07:17:44 +0100] "POST /RelaxMT/spring/showTherapists;jsessionid=99589FD70733FF52C31D251BBDECD265?execution=e1s1 HTTP/1.1" 200 479
192.168.1.152 - - [03/Nov/2020:07:18:33 +0100] "POST /RelaxMT/spring/showTherapists?execution=e2s1 HTTP/1.1" 200 155
192.168.1.152 - - [03/Nov/2020:07:18:34 +0100] "POST /RelaxMT/spring/showTherapists?execution=e2s1 HTTP/1.1" 200 20548
192.168.1.152 - - [03/Nov/2020:07:18:34 +0100] "POST /RelaxMT/spring/showTherapists?execution=e2s1 HTTP/1.1" 200 479
192.168.1.113 - - [03/Nov/2020:07:18:44 +0100] "POST /RelaxMT/spring/showTherapists;jsessionid=99589FD70733FF52C31D251BBDECD265?execution=e1s1 HTTP/1.1" 200 155
192.168.1.113 - - [03/Nov/2020:07:18:45 +0100] "POST /RelaxMT/spring/showTherapists;jsessionid=99589FD70733FF52C31D251BBDECD265?execution=e1s1 HTTP/1.1" 200 5498
192.168.1.113 - - [03/Nov/2020:07:18:45 +0100] "POST /RelaxMT/spring/showTherapists;jsessionid=99589FD70733FF52C31D251BBDECD265?execution=e1s1 HTTP/1.1" 200 3323
192.168.1.152 - - [03/Nov/2020:07:19:34 +0100] "POST /RelaxMT/spring/showTherapists?execution=e2s1 HTTP/1.1" 200 155
192.168.1.152 - - [03/Nov/2020:07:19:34 +0100] "POST /RelaxMT/spring/showTherapists?execution=e2s1 HTTP/1.1" 200 20548
192.168.1.152 - - [03/Nov/2020:07:19:34 +0100] "POST /RelaxMT/spring/showTherapists?execution=e2s1 HTTP/1.1" 200 3272
192.168.1.152 - - [03/Nov/2020:07:19:34 +0100] "GET /RelaxMT/resources/pics/information-icon.png HTTP/1.1" 200 1996
192.168.1.152 - - [03/Nov/2020:07:19:34 +0100] "GET /RelaxMT/resources/pics/dummy-icon.png HTTP/1.1" 200 1172
192.168.1.113 - - [03/Nov/2020:07:19:44 +0100] "POST /RelaxMT/spring/showTherapists;jsessionid=99589FD70733FF52C31D251BBDECD265?execution=e1s1 HTTP/1.1" 200 155
192.168.1.113 - - [03/Nov/2020:07:19:44 +0100] "POST /RelaxMT/spring/showTherapists;jsessionid=99589FD70733FF52C31D251BBDECD265?execution=e1s1 HTTP/1.1" 200 5498
192.168.1.113 - - [03/Nov/2020:07:19:44 +0100] "POST /RelaxMT/spring/showTherapists;jsessionid=99589FD70733FF52C31D251BBDECD265?execution=e1s1 HTTP/1.1" 200 3323
192.168.1.113 - - [03/Nov/2020:07:19:58 +0100] "POST /RelaxMT/spring/showTherapists;jsessionid=99589FD70733FF52C31D251BBDECD265?execution=e1s1 HTTP/1.1" 200 407
192.168.1.113 - - [03/Nov/2020:07:20:00 +0100] "POST /RelaxMT/spring/showTherapists;jsessionid=99589FD70733FF52C31D251BBDECD265?execution=e1s1 HTTP/1.1" 200 407
192.168.1.113 - - [03/Nov/2020:07:20:05 +0100] "POST /RelaxMT/spring/showTherapists;jsessionid=99589FD70733FF52C31D251BBDECD265?execution=e1s1 HTTP/1.1" 200 193
192.168.1.113 - - [03/Nov/2020:07:20:06 +0100] "GET /RelaxMT/spring/showTherapists;jsessionid=99589FD70733FF52C31D251BBDECD265?execution=e1s2 HTTP/1.1" 200 40192
192.168.1.113 - - [03/Nov/2020:07:20:06 +0100] "GET /RelaxMT/spring/javax.faces.resource/theme.css?ln=primefaces-aristo HTTP/1.1" 304 -
192.168.1.113 - - [03/Nov/2020:07:20:06 +0100] "GET /RelaxMT/spring/javax.faces.resource/jsf-tablet.css?ln=skins HTTP/1.1" 304 -
192.168.1.113 - - [03/Nov/2020:07:20:06 +0100] "GET /RelaxMT/spring/javax.faces.resource/jquery/jquery.js?ln=primefaces HTTP/1.1" 304 -
192.168.1.113 - - [03/Nov/2020:07:20:06 +0100] "GET /RelaxMT/spring/javax.faces.resource/primefaces.css?ln=primefaces HTTP/1.1" 304 -
192.168.1.113 - - [03/Nov/2020:07:20:06 +0100] "GET /RelaxMT/spring/javax.faces.resource/primefaces.js?ln=primefaces HTTP/1.1" 304 -
192.168.1.113 - - [03/Nov/2020:07:20:06 +0100] "GET /RelaxMT/spring/javax.faces.resource/jquery/jquery-plugins.js?ln=primefaces HTTP/1.1" 304 -
192.168.1.113 - - [03/Nov/2020:07:20:06 +0100] "GET /RelaxMT/spring/javax.faces.resource/logo.png?ln=pics HTTP/1.1" 304 -
192.168.1.113 - - [03/Nov/2020:07:20:06 +0100] "GET /RelaxMT/spring/javax.faces.resource/green_on.png?ln=pics HTTP/1.1" 304 -
192.168.1.113 - - [03/Nov/2020:07:20:06 +0100] "GET /RelaxMT/spring/javax.faces.resource/RGBColorDummy.gif?ln=pics HTTP/1.1" 304 -
192.168.1.113 - - [03/Nov/2020:07:20:06 +0100] "GET /RelaxMT/spring/javax.faces.resource/images/ui-icons_38667f_256x240.png?ln=primefaces-aristo HTTP/1.1" 304 -
192.168.1.113 - - [03/Nov/2020:07:20:06 +0100] "GET /RelaxMT/spring/javax.faces.resource/images/ui-icons_898989_256x240.png?ln=primefaces-aristo HTTP/1.1" 304 -
192.168.1.113 - - [03/Nov/2020:07:20:06 +0100] "GET /RelaxMT/spring/javax.faces.resource/images/ui-icons_616161_256x240.png?ln=primefaces-aristo HTTP/1.1" 304 -
192.168.1.152 - - [03/Nov/2020:07:20:33 +0100] "POST /RelaxMT/spring/showTherapists?execution=e2s1 HTTP/1.1" 200 155
192.168.1.152 - - [03/Nov/2020:07:20:34 +0100] "POST /RelaxMT/spring/showTherapists?execution=e2s1 HTTP/1.1" 200 20632
192.168.1.152 - - [03/Nov/2020:07:20:34 +0100] "POST /RelaxMT/spring/showTherapists?execution=e2s1 HTTP/1.1" 200 3279
192.168.1.113 - - [03/Nov/2020:07:21:06 +0100] "GET /RelaxMT/spring/javax.faces.resource/images/ui-bg_flat_0_2d5972_40x100.png?ln=primefaces-aristo HTTP/1.1" 304 -
192.168.1.113 - - [03/Nov/2020:07:21:06 +0100] "POST /RelaxMT/spring/showTherapists;jsessionid=99589FD70733FF52C31D251BBDECD265?execution=e1s2 HTTP/1.1" 200 155
192.168.1.113 - - [03/Nov/2020:07:21:09 +0100] "POST /RelaxMT/spring/showTherapists;jsessionid=99589FD70733FF52C31D251BBDECD265?execution=e1s2 HTTP/1.1" 200 21190
192.168.1.113 - - [03/Nov/2020:07:21:09 +0100] "POST /RelaxMT/spring/showTherapists;jsessionid=99589FD70733FF52C31D251BBDECD265?execution=e1s2 HTTP/1.1" 200 6276
192.168.1.152 - - [03/Nov/2020:07:21:33 +0100] "POST /RelaxMT/spring/showTherapists?execution=e2s1 HTTP/1.1" 200 155
192.168.1.152 - - [03/Nov/2020:07:21:34 +0100] "POST /RelaxMT/spring/showTherapists?execution=e2s1 HTTP/1.1" 200 20616
192.168.1.152 - - [03/Nov/2020:07:21:34 +0100] "POST /RelaxMT/spring/showTherapists?execution=e2s1 HTTP/1.1" 200 6188
192.168.1.113 - - [03/Nov/2020:07:21:41 +0100] "POST /RelaxMT/spring/showTherapists;jsessionid=99589FD70733FF52C31D251BBDECD265?execution=e1s2 HTTP/1.1" 200 16790
192.168.1.113 - - [03/Nov/2020:07:21:44 +0100] "POST /RelaxMT/spring/showTherapists;jsessionid=99589FD70733FF52C31D251BBDECD265?execution=e1s2 HTTP/1.1" 200 16480
192.168.1.113 - - [03/Nov/2020:07:21:51 +0100] "POST /RelaxMT/spring/showTherapists;jsessionid=99589FD70733FF52C31D251BBDECD265?execution=e1s2 HTTP/1.1" 200 15828
192.168.1.113 - - [03/Nov/2020:07:22:06 +0100] "POST /RelaxMT/spring/showTherapists;jsessionid=99589FD70733FF52C31D251BBDECD265?execution=e1s2 HTTP/1.1" 200 15788
192.168.1.113 - - [03/Nov/2020:07:22:06 +0100] "POST /RelaxMT/spring/showTherapists;jsessionid=99589FD70733FF52C31D251BBDECD265?execution=e1s2 HTTP/1.1" 200 155
192.168.1.113 - - [03/Nov/2020:07:22:09 +0100] "POST /RelaxMT/spring/showTherapists;jsessionid=99589FD70733FF52C31D251BBDECD265?execution=e1s2 HTTP/1.1" 200 20124
192.168.1.113 - - [03/Nov/2020:07:22:09 +0100] "POST /RelaxMT/spring/showTherapists;jsessionid=99589FD70733FF52C31D251BBDECD265?execution=e1s2 HTTP/1.1" 200 6276
192.168.1.152 - - [03/Nov/2020:07:22:33 +0100] "POST /RelaxMT/spring/showTherapists?execution=e2s1 HTTP/1.1" 200 155
192.168.1.152 - - [03/Nov/2020:07:22:34 +0100] "POST /RelaxMT/spring/showTherapists?execution=e2s1 HTTP/1.1" 200 20616
192.168.1.152 - - [03/Nov/2020:07:22:34 +0100] "POST /RelaxMT/spring/showTherapists?execution=e2s1 HTTP/1.1" 200 6188
192.168.1.113 - - [03/Nov/2020:07:22:38 +0100] "POST /RelaxMT/spring/showTherapists;jsessionid=99589FD70733FF52C31D251BBDECD265?execution=e1s2 HTTP/1.1" 200 15779
192.168.1.113 - - [03/Nov/2020:07:23:06 +0100] "POST /RelaxMT/spring/showTherapists;jsessionid=99589FD70733FF52C31D251BBDECD265?execution=e1s2 HTTP/1.1" 200 155
192.168.1.113 - - [03/Nov/2020:07:23:09 +0100] "POST /RelaxMT/spring/showTherapists;jsessionid=99589FD70733FF52C31D251BBDECD265?execution=e1s2 HTTP/1.1" 200 20115
192.168.1.113 - - [03/Nov/2020:07:23:09 +0100] "POST /RelaxMT/spring/showTherapists;jsessionid=99589FD70733FF52C31D251BBDECD265?execution=e1s2 HTTP/1.1" 200 6276
192.168.1.152 - - [03/Nov/2020:07:23:33 +0100] "POST /RelaxMT/spring/showTherapists?execution=e2s1 HTTP/1.1" 200 155
192.168.1.152 - - [03/Nov/2020:07:23:34 +0100] "POST /RelaxMT/spring/showTherapists?execution=e2s1 HTTP/1.1" 200 20616
192.168.1.152 - - [03/Nov/2020:07:23:34 +0100] "POST /RelaxMT/spring/showTherapists?execution=e2s1 HTTP/1.1" 200 6188
192.168.1.113 - - [03/Nov/2020:07:24:05 +0100] "POST /RelaxMT/spring/showTherapists;jsessionid=99589FD70733FF52C31D251BBDECD265?execution=e1s2 HTTP/1.1" 200 15807
192.168.1.113 - - [03/Nov/2020:07:24:06 +0100] "POST /RelaxMT/spring/showTherapists;jsessionid=99589FD70733FF52C31D251BBDECD265?execution=e1s2 HTTP/1.1" 200 155
192.168.1.113 - - [03/Nov/2020:07:24:09 +0100] "POST /RelaxMT/spring/showTherapists;jsessionid=99589FD70733FF52C31D251BBDECD265?execution=e1s2 HTTP/1.1" 200 20144
192.168.1.113 - - [03/Nov/2020:07:24:09 +0100] "POST /RelaxMT/spring/showTherapists;jsessionid=99589FD70733FF52C31D251BBDECD265?execution=e1s2 HTTP/1.1" 200 6276
192.168.1.152 - - [03/Nov/2020:07:24:33 +0100] "POST /RelaxMT/spring/showTherapists?execution=e2s1 HTTP/1.1" 200 155
192.168.1.152 - - [03/Nov/2020:07:24:34 +0100] "POST /RelaxMT/spring/showTherapists?execution=e2s1 HTTP/1.1" 200 20616
192.168.1.152 - - [03/Nov/2020:07:24:34 +0100] "POST /RelaxMT/spring/showTherapists?execution=e2s1 HTTP/1.1" 200 6188
192.168.1.152 - - [03/Nov/2020:07:24:34 +0100] "POST /RelaxMT/spring/showTherapists?execution=e2s1 HTTP/1.1" 200 155
192.168.1.113 - - [03/Nov/2020:07:24:38 +0100] "POST /RelaxMT/spring/showTherapists;jsessionid=99589FD70733FF52C31D251BBDECD265?execution=e1s2 HTTP/1.1" 200 15779
192.168.1.113 - - [03/Nov/2020:07:24:55 +0100] "POST /RelaxMT/spring/showTherapists;jsessionid=99589FD70733FF52C31D251BBDECD265?execution=e1s2 HTTP/1.1" 200 15781
192.168.1.113 - - [03/Nov/2020:07:25:06 +0100] "POST /RelaxMT/spring/showTherapists;jsessionid=99589FD70733FF52C31D251BBDECD265?execution=e1s2 HTTP/1.1" 200 155
192.168.1.113 - - [03/Nov/2020:07:25:09 +0100] "POST /RelaxMT/spring/showTherapists;jsessionid=99589FD70733FF52C31D251BBDECD265?execution=e1s2 HTTP/1.1" 200 20120
192.168.1.113 - - [03/Nov/2020:07:25:10 +0100] "POST /RelaxMT/spring/showTherapists;jsessionid=99589FD70733FF52C31D251BBDECD265?execution=e1s2 HTTP/1.1" 200 6276
192.168.1.113 - - [03/Nov/2020:07:25:11 +0100] "POST /RelaxMT/spring/showTherapists;jsessionid=99589FD70733FF52C31D251BBDECD265?execution=e1s2 HTTP/1.1" 200 15898
192.168.1.152 - - [03/Nov/2020:07:25:34 +0100] "POST /RelaxMT/spring/showTherapists?execution=e2s1 HTTP/1.1" 200 155
192.168.1.152 - - [03/Nov/2020:07:25:34 +0100] "POST /RelaxMT/spring/showTherapists?execution=e2s1 HTTP/1.1" 200 20702
192.168.1.152 - - [03/Nov/2020:07:25:34 +0100] "POST /RelaxMT/spring/showTherapists?execution=e2s1 HTTP/1.1" 200 6188
192.168.1.113 - - [03/Nov/2020:07:25:58 +0100] "POST /RelaxMT/spring/showTherapists;jsessionid=99589FD70733FF52C31D251BBDECD265?execution=e1s2 HTTP/1.1" 200 15854
192.168.1.113 - - [03/Nov/2020:07:26:06 +0100] "POST /RelaxMT/spring/showTherapists;jsessionid=99589FD70733FF52C31D251BBDECD265?execution=e1s2 HTTP/1.1" 200 155
192.168.1.113 - - [03/Nov/2020:07:26:09 +0100] "POST /RelaxMT/spring/showTherapists;jsessionid=99589FD70733FF52C31D251BBDECD265?execution=e1s2 HTTP/1.1" 200 20196
192.168.1.113 - - [03/Nov/2020:07:26:09 +0100] "POST /RelaxMT/spring/showTherapists;jsessionid=99589FD70733FF52C31D251BBDECD265?execution=e1s2 HTTP/1.1" 200 479
192.168.1.113 - - [03/Nov/2020:07:26:15 +0100] "POST /RelaxMT/spring/showTherapists;jsessionid=99589FD70733FF52C31D251BBDECD265?execution=e1s2 HTTP/1.1" 200 15949
192.168.1.152 - - [03/Nov/2020:07:26:33 +0100] "POST /RelaxMT/spring/showTherapists?execution=e2s1 HTTP/1.1" 200 155
192.168.1.152 - - [03/Nov/2020:07:26:34 +0100] "POST /RelaxMT/spring/showTherapists?execution=e2s1 HTTP/1.1" 200 20702
192.168.1.152 - - [03/Nov/2020:07:26:34 +0100] "POST /RelaxMT/spring/showTherapists?execution=e2s1 HTTP/1.1" 200 479
192.168.1.113 - - [03/Nov/2020:07:26:40 +0100] "POST /RelaxMT/spring/showTherapists;jsessionid=99589FD70733FF52C31D251BBDECD265?execution=e1s2 HTTP/1.1" 200 15903
192.168.1.113 - - [03/Nov/2020:07:26:44 +0100] "POST /RelaxMT/spring/showTherapists;jsessionid=99589FD70733FF52C31D251BBDECD265?execution=e1s2 HTTP/1.1" 200 15885
192.168.1.113 - - [03/Nov/2020:07:26:55 +0100] "POST /RelaxMT/spring/showTherapists;jsessionid=99589FD70733FF52C31D251BBDECD265?execution=e1s2 HTTP/1.1" 200 15905
192.168.1.113 - - [03/Nov/2020:07:26:59 +0100] "POST /RelaxMT/spring/showTherapists;jsessionid=99589FD70733FF52C31D251BBDECD265?execution=e1s2 HTTP/1.1" 200 15837
192.168.1.113 - - [03/Nov/2020:07:27:06 +0100] "POST /RelaxMT/spring/showTherapists;jsessionid=99589FD70733FF52C31D251BBDECD265?execution=e1s2 HTTP/1.1" 200 155
192.168.1.113 - - [03/Nov/2020:07:27:10 +0100] "POST /RelaxMT/spring/showTherapists;jsessionid=99589FD70733FF52C31D251BBDECD265?execution=e1s2 HTTP/1.1" 200 20183
