192.168.9.21 - - [05/Aug/2020:10:11:31 +0200] "POST /RelaxMT/spring/showTherapists?execution=e3s1 HTTP/1.1" 302 -
192.168.9.21 - - [05/Aug/2020:10:11:32 +0200] "GET /RelaxMT/spring/showTherapists?execution=e3s2 HTTP/1.1" 200 11253
192.168.9.21 - - [05/Aug/2020:10:11:32 +0200] "GET /RelaxMT/spring/javax.faces.resource/theme.css?ln=primefaces-aristo HTTP/1.1" 304 -
192.168.9.21 - - [05/Aug/2020:10:11:32 +0200] "GET /RelaxMT/spring/javax.faces.resource/jsf-tablet.css?ln=skins HTTP/1.1" 304 -
192.168.9.21 - - [05/Aug/2020:10:11:32 +0200] "GET /RelaxMT/spring/javax.faces.resource/primefaces.css?ln=primefaces HTTP/1.1" 304 -
192.168.9.21 - - [05/Aug/2020:10:11:32 +0200] "GET /RelaxMT/spring/javax.faces.resource/jquery/jquery.js?ln=primefaces HTTP/1.1" 304 -
192.168.9.21 - - [05/Aug/2020:10:11:32 +0200] "GET /RelaxMT/spring/javax.faces.resource/primefaces.js?ln=primefaces HTTP/1.1" 304 -
192.168.9.21 - - [05/Aug/2020:10:11:32 +0200] "GET /RelaxMT/spring/javax.faces.resource/jquery/jquery-plugins.js?ln=primefaces HTTP/1.1" 304 -
192.168.9.21 - - [05/Aug/2020:10:11:32 +0200] "GET /RelaxMT/spring/javax.faces.resource/logo.png?ln=pics HTTP/1.1" 304 -
192.168.9.21 - - [05/Aug/2020:10:11:32 +0200] "GET /RelaxMT/spring/javax.faces.resource/images/ui-icons_38667f_256x240.png?ln=primefaces-aristo HTTP/1.1" 304 -
192.168.9.21 - - [05/Aug/2020:10:11:32 +0200] "GET /RelaxMT/spring/javax.faces.resource/images/ui-icons_898989_256x240.png?ln=primefaces-aristo HTTP/1.1" 304 -
192.168.9.21 - - [05/Aug/2020:10:11:32 +0200] "GET /RelaxMT/spring/javax.faces.resource/images/ui-icons_616161_256x240.png?ln=primefaces-aristo HTTP/1.1" 304 -
192.168.1.152 - - [05/Aug/2020:10:11:56 +0200] "POST /RelaxMT/spring/showTherapists;jsessionid=4C5BC81291C3EF202CAB3044A9D564C0?execution=e1s17 HTTP/1.1" 200 156
192.168.1.152 - - [05/Aug/2020:10:12:00 +0200] "POST /RelaxMT/spring/showTherapists;jsessionid=4C5BC81291C3EF202CAB3044A9D564C0?execution=e1s17 HTTP/1.1" 200 21123
192.168.1.152 - - [05/Aug/2020:10:12:00 +0200] "POST /RelaxMT/spring/showTherapists;jsessionid=4C5BC81291C3EF202CAB3044A9D564C0?execution=e1s17 HTTP/1.1" 200 480
192.168.1.113 - - [05/Aug/2020:10:12:29 +0200] "POST /RelaxMT/spring/showTherapists;jsessionid=58E1DCB431D60941401BCA705206C4E7?execution=e1s70 HTTP/1.1" 200 156
192.168.1.113 - - [05/Aug/2020:10:12:29 +0200] "POST /RelaxMT/spring/showTherapists;jsessionid=58E1DCB431D60941401BCA705206C4E7?execution=e1s70 HTTP/1.1" 200 20617
192.168.1.113 - - [05/Aug/2020:10:12:29 +0200] "POST /RelaxMT/spring/showTherapists;jsessionid=58E1DCB431D60941401BCA705206C4E7?execution=e1s70 HTTP/1.1" 200 480
192.168.1.152 - - [05/Aug/2020:10:12:56 +0200] "POST /RelaxMT/spring/showTherapists;jsessionid=4C5BC81291C3EF202CAB3044A9D564C0?execution=e1s17 HTTP/1.1" 200 156
192.168.1.152 - - [05/Aug/2020:10:12:59 +0200] "POST /RelaxMT/spring/showTherapists;jsessionid=4C5BC81291C3EF202CAB3044A9D564C0?execution=e1s17 HTTP/1.1" 200 21123
192.168.1.152 - - [05/Aug/2020:10:12:59 +0200] "POST /RelaxMT/spring/showTherapists;jsessionid=4C5BC81291C3EF202CAB3044A9D564C0?execution=e1s17 HTTP/1.1" 200 480
192.168.1.113 - - [05/Aug/2020:10:13:28 +0200] "POST /RelaxMT/spring/showTherapists;jsessionid=58E1DCB431D60941401BCA705206C4E7?execution=e1s70 HTTP/1.1" 200 16920
192.168.1.113 - - [05/Aug/2020:10:13:29 +0200] "POST /RelaxMT/spring/showTherapists;jsessionid=58E1DCB431D60941401BCA705206C4E7?execution=e1s70 HTTP/1.1" 200 156
192.168.1.113 - - [05/Aug/2020:10:13:29 +0200] "POST /RelaxMT/spring/showTherapists;jsessionid=58E1DCB431D60941401BCA705206C4E7?execution=e1s70 HTTP/1.1" 200 20757
192.168.1.113 - - [05/Aug/2020:10:13:29 +0200] "POST /RelaxMT/spring/showTherapists;jsessionid=58E1DCB431D60941401BCA705206C4E7?execution=e1s70 HTTP/1.1" 200 480
192.168.1.113 - - [05/Aug/2020:10:13:33 +0200] "POST /RelaxMT/spring/showTherapists;jsessionid=58E1DCB431D60941401BCA705206C4E7?execution=e1s70 HTTP/1.1" 200 11665
192.168.9.20 - - [05/Aug/2020:10:13:34 +0200] "GET /RelaxMT/spring/showTherapists?facilityID=1 HTTP/1.1" 302 -
192.168.9.20 - - [05/Aug/2020:10:13:34 +0200] "GET /RelaxMT/spring/showTherapists;jsessionid=024F231687506AF5A8146AFC0059DCC0?execution=e1s1 HTTP/1.1" 200 33557
192.168.9.20 - - [05/Aug/2020:10:13:34 +0200] "GET /RelaxMT/spring/javax.faces.resource/primefaces.css?ln=primefaces HTTP/1.1" 200 50501
192.168.9.20 - - [05/Aug/2020:10:13:34 +0200] "GET /RelaxMT/spring/javax.faces.resource/theme.css?ln=primefaces-aristo HTTP/1.1" 200 28071
192.168.9.20 - - [05/Aug/2020:10:13:34 +0200] "GET /RelaxMT/spring/javax.faces.resource/jquery/jquery.js?ln=primefaces HTTP/1.1" 200 105101
192.168.9.20 - - [05/Aug/2020:10:13:34 +0200] "GET /RelaxMT/spring/javax.faces.resource/logo.png?ln=pics HTTP/1.1" 200 26500
192.168.9.20 - - [05/Aug/2020:10:13:34 +0200] "GET /RelaxMT/spring/javax.faces.resource/primefaces.js?ln=primefaces HTTP/1.1" 200 233594
192.168.9.20 - - [05/Aug/2020:10:13:34 +0200] "GET /RelaxMT/resources/pics/ajaxloadingbar.gif HTTP/1.1" 200 10819
192.168.9.20 - - [05/Aug/2020:10:13:34 +0200] "GET /RelaxMT/spring/javax.faces.resource/jsf-tablet.css?ln=skins HTTP/1.1" 200 9762
192.168.9.20 - - [05/Aug/2020:10:13:34 +0200] "GET /RelaxMT/spring/javax.faces.resource/green_on.png?ln=pics HTTP/1.1" 200 2064
192.168.9.20 - - [05/Aug/2020:10:13:34 +0200] "GET /RelaxMT/spring/javax.faces.resource/RGBColorDummy.gif?ln=pics HTTP/1.1" 200 57
192.168.9.20 - - [05/Aug/2020:10:13:34 +0200] "GET /RelaxMT/spring/javax.faces.resource/green.gif?ln=pics HTTP/1.1" 200 2076
192.168.9.20 - - [05/Aug/2020:10:13:34 +0200] "GET /RelaxMT/spring/javax.faces.resource/jquery/jquery-plugins.js?ln=primefaces HTTP/1.1" 200 227674
192.168.9.20 - - [05/Aug/2020:10:13:34 +0200] "GET /RelaxMT/spring/javax.faces.resource/images/ui-bg_highlight-hard_80_c4c4c4_1x100.png?ln=primefaces-aristo HTTP/1.1" 200 2822
192.168.9.20 - - [05/Aug/2020:10:13:34 +0200] "GET /RelaxMT/spring/javax.faces.resource/images/ui-bg_highlight-soft_100_c4c4c4_1x100.png?ln=primefaces-aristo HTTP/1.1" 200 2822
192.168.9.20 - - [05/Aug/2020:10:13:34 +0200] "GET /RelaxMT/spring/javax.faces.resource/images/ui-icons_38667f_256x240.png?ln=primefaces-aristo HTTP/1.1" 200 4369
192.168.9.20 - - [05/Aug/2020:10:13:34 +0200] "GET /RelaxMT/spring/javax.faces.resource/images/ui-icons_616161_256x240.png?ln=primefaces-aristo HTTP/1.1" 200 4369
192.168.9.20 - - [05/Aug/2020:10:13:34 +0200] "GET /RelaxMT/spring/javax.faces.resource/images/ui-icons_898989_256x240.png?ln=primefaces-aristo HTTP/1.1" 200 5355
192.168.9.20 - - [05/Aug/2020:10:13:34 +0200] "GET /RelaxMT/spring/javax.faces.resource/images/ui-bg_inset-hard_65_85b2cb_1x100.png?ln=primefaces-aristo HTTP/1.1" 200 2832
192.168.9.20 - - [05/Aug/2020:10:13:35 +0200] "GET /favicon.ico HTTP/1.1" 404 729
192.168.1.113 - - [05/Aug/2020:10:13:38 +0200] "POST /RelaxMT/spring/showTherapists;jsessionid=58E1DCB431D60941401BCA705206C4E7?execution=e1s70 HTTP/1.1" 200 194
192.168.1.113 - - [05/Aug/2020:10:13:39 +0200] "GET /RelaxMT/spring/showTherapists;jsessionid=58E1DCB431D60941401BCA705206C4E7?execution=e1s71 HTTP/1.1" 200 11512
192.168.1.113 - - [05/Aug/2020:10:13:39 +0200] "GET /RelaxMT/spring/javax.faces.resource/theme.css?ln=primefaces-aristo HTTP/1.1" 304 -
192.168.1.113 - - [05/Aug/2020:10:13:39 +0200] "GET /RelaxMT/spring/javax.faces.resource/jsf-tablet.css?ln=skins HTTP/1.1" 304 -
192.168.1.113 - - [05/Aug/2020:10:13:39 +0200] "GET /RelaxMT/spring/javax.faces.resource/jquery/jquery-plugins.js?ln=primefaces HTTP/1.1" 304 -
192.168.1.113 - - [05/Aug/2020:10:13:39 +0200] "GET /RelaxMT/spring/javax.faces.resource/primefaces.css?ln=primefaces HTTP/1.1" 304 -
192.168.1.113 - - [05/Aug/2020:10:13:39 +0200] "GET /RelaxMT/spring/javax.faces.resource/jquery/jquery.js?ln=primefaces HTTP/1.1" 304 -
192.168.1.113 - - [05/Aug/2020:10:13:39 +0200] "GET /RelaxMT/spring/javax.faces.resource/primefaces.js?ln=primefaces HTTP/1.1" 304 -
192.168.1.113 - - [05/Aug/2020:10:13:39 +0200] "GET /RelaxMT/spring/javax.faces.resource/logo.png?ln=pics HTTP/1.1" 304 -
192.168.1.113 - - [05/Aug/2020:10:13:39 +0200] "GET /RelaxMT/spring/javax.faces.resource/RGBColorDummy.gif?ln=pics HTTP/1.1" 304 -
192.168.1.113 - - [05/Aug/2020:10:13:42 +0200] "POST /RelaxMT/spring/showTherapists;jsessionid=58E1DCB431D60941401BCA705206C4E7?execution=e1s71 HTTP/1.1" 302 -
192.168.1.113 - - [05/Aug/2020:10:13:42 +0200] "POST /RelaxMT/spring/showTherapists;jsessionid=58E1DCB431D60941401BCA705206C4E7?execution=e1s71 HTTP/1.1" 200 11512
192.168.1.113 - - [05/Aug/2020:10:13:42 +0200] "GET /RelaxMT/spring/javax.faces.resource/theme.css?ln=primefaces-aristo HTTP/1.1" 304 -
192.168.1.113 - - [05/Aug/2020:10:13:42 +0200] "GET /RelaxMT/spring/javax.faces.resource/jsf-tablet.css?ln=skins HTTP/1.1" 304 -
192.168.1.113 - - [05/Aug/2020:10:13:42 +0200] "GET /RelaxMT/spring/javax.faces.resource/jquery/jquery.js?ln=primefaces HTTP/1.1" 304 -
192.168.1.113 - - [05/Aug/2020:10:13:42 +0200] "GET /RelaxMT/spring/javax.faces.resource/primefaces.js?ln=primefaces HTTP/1.1" 304 -
192.168.1.113 - - [05/Aug/2020:10:13:42 +0200] "GET /RelaxMT/spring/javax.faces.resource/primefaces.css?ln=primefaces HTTP/1.1" 304 -
192.168.1.113 - - [05/Aug/2020:10:13:42 +0200] "GET /RelaxMT/spring/javax.faces.resource/jquery/jquery-plugins.js?ln=primefaces HTTP/1.1" 304 -
192.168.1.113 - - [05/Aug/2020:10:13:43 +0200] "GET /RelaxMT/spring/javax.faces.resource/logo.png?ln=pics HTTP/1.1" 304 -
192.168.1.113 - - [05/Aug/2020:10:13:43 +0200] "GET /RelaxMT/spring/javax.faces.resource/RGBColorDummy.gif?ln=pics HTTP/1.1" 304 -
192.168.1.113 - - [05/Aug/2020:10:13:43 +0200] "GET /RelaxMT/spring/showTherapists;jsessionid=58E1DCB431D60941401BCA705206C4E7?execution=e1s72 HTTP/1.1" 200 33565
192.168.9.20 - - [05/Aug/2020:10:13:43 +0200] "GET /RelaxMT/spring/javax.faces.resource/images/ui-bg_highlight-hard_80_85b2cb_1x100.png?ln=primefaces-aristo HTTP/1.1" 200 2838
192.168.9.20 - - [05/Aug/2020:10:13:44 +0200] "POST /RelaxMT/spring/showTherapists;jsessionid=024F231687506AF5A8146AFC0059DCC0?execution=e1s1 HTTP/1.1" 302 -
192.168.9.20 - - [05/Aug/2020:10:13:44 +0200] "GET /RelaxMT/spring/showTherapists;jsessionid=024F231687506AF5A8146AFC0059DCC0?execution=e1s2 HTTP/1.1" 200 11367
192.168.9.20 - - [05/Aug/2020:10:13:44 +0200] "GET /RelaxMT/spring/javax.faces.resource/theme.css?ln=primefaces-aristo HTTP/1.1" 304 -
192.168.9.20 - - [05/Aug/2020:10:13:44 +0200] "GET /RelaxMT/spring/javax.faces.resource/jsf-tablet.css?ln=skins HTTP/1.1" 304 -
192.168.9.20 - - [05/Aug/2020:10:13:44 +0200] "GET /RelaxMT/spring/javax.faces.resource/jquery/jquery.js?ln=primefaces HTTP/1.1" 304 -
192.168.9.20 - - [05/Aug/2020:10:13:44 +0200] "GET /RelaxMT/spring/javax.faces.resource/primefaces.js?ln=primefaces HTTP/1.1" 304 -
192.168.9.20 - - [05/Aug/2020:10:13:44 +0200] "GET /RelaxMT/spring/javax.faces.resource/jquery/jquery-plugins.js?ln=primefaces HTTP/1.1" 304 -
192.168.9.20 - - [05/Aug/2020:10:13:44 +0200] "GET /RelaxMT/spring/javax.faces.resource/logo.png?ln=pics HTTP/1.1" 304 -
192.168.9.20 - - [05/Aug/2020:10:13:44 +0200] "GET /RelaxMT/spring/javax.faces.resource/primefaces.css?ln=primefaces HTTP/1.1" 304 -
192.168.9.20 - - [05/Aug/2020:10:13:45 +0200] "GET /RelaxMT/spring/javax.faces.resource/images/ui-bg_highlight-soft_100_c4c4c4_1x100.png?ln=primefaces-aristo HTTP/1.1" 304 -
192.168.9.20 - - [05/Aug/2020:10:13:45 +0200] "GET /RelaxMT/spring/javax.faces.resource/images/ui-bg_highlight-hard_80_c4c4c4_1x100.png?ln=primefaces-aristo HTTP/1.1" 304 -
192.168.9.20 - - [05/Aug/2020:10:13:45 +0200] "GET /RelaxMT/spring/javax.faces.resource/images/ui-icons_38667f_256x240.png?ln=primefaces-aristo HTTP/1.1" 304 -
192.168.9.20 - - [05/Aug/2020:10:13:45 +0200] "GET /RelaxMT/spring/javax.faces.resource/images/ui-icons_898989_256x240.png?ln=primefaces-aristo HTTP/1.1" 304 -
192.168.9.20 - - [05/Aug/2020:10:13:45 +0200] "GET /RelaxMT/spring/javax.faces.resource/images/ui-icons_616161_256x240.png?ln=primefaces-aristo HTTP/1.1" 304 -
192.168.9.20 - - [05/Aug/2020:10:13:45 +0200] "GET /favicon.ico HTTP/1.1" 404 729
192.168.9.20 - - [05/Aug/2020:10:13:45 +0200] "GET /RelaxMT/spring/showTherapists?execution=e3s1 HTTP/1.1" 302 -
192.168.9.20 - - [05/Aug/2020:10:13:46 +0200] "GET /RelaxMT/spring/showTherapists;jsessionid=3B00AFFE053589D1601347A53BE9CC56 HTTP/1.1" 302 -
192.168.9.20 - - [05/Aug/2020:10:13:46 +0200] "GET /RelaxMT/spring/showTherapists;jsessionid=3B00AFFE053589D1601347A53BE9CC56?execution=e1s1 HTTP/1.1" 500 65984
192.168.9.20 - - [05/Aug/2020:10:13:46 +0200] "GET /favicon.ico HTTP/1.1" 404 729
192.168.9.20 - - [05/Aug/2020:10:13:46 +0200] "GET /RelaxMT/spring/javax.faces.resource/images/ui-bg_highlight-hard_80_85b2cb_1x100.png?ln=primefaces-aristo HTTP/1.1" 304 -
192.168.1.113 - - [05/Aug/2020:10:13:47 +0200] "POST /RelaxMT/spring/showTherapists;jsessionid=58E1DCB431D60941401BCA705206C4E7?execution=e1s71 HTTP/1.1" 302 -
192.168.1.113 - - [05/Aug/2020:10:13:47 +0200] "GET /RelaxMT/spring/showTherapists;jsessionid=58E1DCB431D60941401BCA705206C4E7?execution=e1s73 HTTP/1.1" 200 33565
192.168.1.113 - - [05/Aug/2020:10:13:47 +0200] "GET /RelaxMT/spring/javax.faces.resource/jquery/jquery-plugins.js?ln=primefaces HTTP/1.1" 304 -
192.168.1.113 - - [05/Aug/2020:10:13:47 +0200] "GET /RelaxMT/spring/javax.faces.resource/primefaces.js?ln=primefaces HTTP/1.1" 304 -
192.168.1.113 - - [05/Aug/2020:10:13:47 +0200] "GET /RelaxMT/spring/javax.faces.resource/jquery/jquery.js?ln=primefaces HTTP/1.1" 304 -
192.168.1.113 - - [05/Aug/2020:10:13:47 +0200] "GET /RelaxMT/spring/javax.faces.resource/theme.css?ln=primefaces-aristo HTTP/1.1" 304 -
192.168.1.113 - - [05/Aug/2020:10:13:47 +0200] "GET /RelaxMT/spring/javax.faces.resource/primefaces.css?ln=primefaces HTTP/1.1" 304 -
192.168.1.113 - - [05/Aug/2020:10:13:47 +0200] "GET /RelaxMT/spring/javax.faces.resource/jsf-tablet.css?ln=skins HTTP/1.1" 304 -
192.168.1.113 - - [05/Aug/2020:10:13:47 +0200] "GET /RelaxMT/spring/javax.faces.resource/logo.png?ln=pics HTTP/1.1" 304 -
192.168.1.113 - - [05/Aug/2020:10:13:47 +0200] "GET /RelaxMT/spring/javax.faces.resource/green_on.png?ln=pics HTTP/1.1" 304 -
192.168.1.113 - - [05/Aug/2020:10:13:47 +0200] "GET /RelaxMT/spring/javax.faces.resource/green.gif?ln=pics HTTP/1.1" 304 -
192.168.1.113 - - [05/Aug/2020:10:13:47 +0200] "GET /RelaxMT/spring/javax.faces.resource/RGBColorDummy.gif?ln=pics HTTP/1.1" 304 -
192.168.1.152 - - [05/Aug/2020:10:13:56 +0200] "POST /RelaxMT/spring/showTherapists;jsessionid=4C5BC81291C3EF202CAB3044A9D564C0?execution=e1s17 HTTP/1.1" 200 156
192.168.1.152 - - [05/Aug/2020:10:14:00 +0200] "POST /RelaxMT/spring/showTherapists;jsessionid=4C5BC81291C3EF202CAB3044A9D564C0?execution=e1s17 HTTP/1.1" 200 21123
192.168.1.152 - - [05/Aug/2020:10:14:00 +0200] "POST /RelaxMT/spring/showTherapists;jsessionid=4C5BC81291C3EF202CAB3044A9D564C0?execution=e1s17 HTTP/1.1" 200 480
192.168.9.20 - - [05/Aug/2020:10:14:00 +0200] "POST /RelaxMT/spring/showTherapists;jsessionid=024F231687506AF5A8146AFC0059DCC0?execution=e1s2 HTTP/1.1" 200 193
192.168.9.20 - - [05/Aug/2020:10:14:01 +0200] "GET /RelaxMT/spring/javax.faces.resource/images/ui-bg_flat_0_2d5972_40x100.png?ln=primefaces-aristo HTTP/1.1" 200 183
192.168.9.20 - - [05/Aug/2020:10:14:01 +0200] "GET /RelaxMT/spring/showTherapists;jsessionid=024F231687506AF5A8146AFC0059DCC0?execution=e1s3 HTTP/1.1" 200 15593
192.168.9.20 - - [05/Aug/2020:10:14:01 +0200] "GET /RelaxMT/spring/javax.faces.resource/theme.css?ln=primefaces-aristo HTTP/1.1" 304 -
192.168.9.20 - - [05/Aug/2020:10:14:01 +0200] "GET /RelaxMT/spring/javax.faces.resource/jsf-tablet.css?ln=skins HTTP/1.1" 304 -
192.168.9.20 - - [05/Aug/2020:10:14:01 +0200] "GET /RelaxMT/spring/javax.faces.resource/primefaces.css?ln=primefaces HTTP/1.1" 304 -
192.168.9.20 - - [05/Aug/2020:10:14:01 +0200] "GET /RelaxMT/spring/javax.faces.resource/primefaces.js?ln=primefaces HTTP/1.1" 304 -
192.168.9.20 - - [05/Aug/2020:10:14:01 +0200] "GET /RelaxMT/spring/javax.faces.resource/jquery/jquery.js?ln=primefaces HTTP/1.1" 304 -
192.168.9.20 - - [05/Aug/2020:10:14:01 +0200] "GET /RelaxMT/spring/javax.faces.resource/jquery/jquery-plugins.js?ln=primefaces HTTP/1.1" 304 -
192.168.9.20 - - [05/Aug/2020:10:14:01 +0200] "GET /RelaxMT/spring/javax.faces.resource/logo.png?ln=pics HTTP/1.1" 304 -
192.168.9.20 - - [05/Aug/2020:10:14:01 +0200] "GET /RelaxMT/spring/javax.faces.resource/schedule/schedule.js?ln=primefaces HTTP/1.1" 200 59566
192.168.9.20 - - [05/Aug/2020:10:14:01 +0200] "GET /RelaxMT/spring/javax.faces.resource/schedule/schedule.css?ln=primefaces HTTP/1.1" 200 9132
192.168.9.20 - - [05/Aug/2020:10:14:01 +0200] "GET /RelaxMT/spring/javax.faces.resource/images/ui-bg_highlight-soft_100_c4c4c4_1x100.png?ln=primefaces-aristo HTTP/1.1" 304 -
192.168.9.20 - - [05/Aug/2020:10:14:01 +0200] "GET /RelaxMT/spring/javax.faces.resource/images/ui-bg_highlight-hard_80_c4c4c4_1x100.png?ln=primefaces-aristo HTTP/1.1" 304 -
192.168.9.20 - - [05/Aug/2020:10:14:01 +0200] "GET /RelaxMT/spring/javax.faces.resource/images/ui-icons_38667f_256x240.png?ln=primefaces-aristo HTTP/1.1" 304 -
192.168.9.20 - - [05/Aug/2020:10:14:01 +0200] "GET /RelaxMT/spring/javax.faces.resource/images/ui-icons_898989_256x240.png?ln=primefaces-aristo HTTP/1.1" 304 -
192.168.9.20 - - [05/Aug/2020:10:14:01 +0200] "GET /RelaxMT/spring/javax.faces.resource/images/ui-icons_616161_256x240.png?ln=primefaces-aristo HTTP/1.1" 304 -
192.168.9.20 - - [05/Aug/2020:10:14:01 +0200] "GET /RelaxMT/spring/javax.faces.resource/images/ui-bg_inset-hard_65_85b2cb_1x100.png?ln=primefaces-aristo HTTP/1.1" 304 -
192.168.9.20 - - [05/Aug/2020:10:14:01 +0200] "GET /RelaxMT/spring/javax.faces.resource/images/ui-bg_flat_0_2d5972_40x100.png?ln=primefaces-aristo HTTP/1.1" 304 -
192.168.9.20 - - [05/Aug/2020:10:14:01 +0200] "POST /RelaxMT/spring/showTherapists;jsessionid=024F231687506AF5A8146AFC0059DCC0?execution=e1s3 HTTP/1.1" 200 5262
192.168.9.20 - - [05/Aug/2020:10:14:22 +0200] "GET /RelaxMT/spring/javax.faces.resource/images/ui-bg_highlight-hard_80_85b2cb_1x100.png?ln=primefaces-aristo HTTP/1.1" 304 -
192.168.9.20 - - [05/Aug/2020:10:14:22 +0200] "POST /RelaxMT/spring/showTherapists;jsessionid=024F231687506AF5A8146AFC0059DCC0?execution=e1s3 HTTP/1.1" 200 225
192.168.9.20 - - [05/Aug/2020:10:14:25 +0200] "POST /RelaxMT/spring/showTherapists;jsessionid=024F231687506AF5A8146AFC0059DCC0?execution=e1s3 HTTP/1.1" 200 5337
192.168.1.113 - - [05/Aug/2020:10:14:47 +0200] "POST /RelaxMT/spring/showTherapists;jsessionid=58E1DCB431D60941401BCA705206C4E7?execution=e1s73 HTTP/1.1" 200 156
192.168.1.113 - - [05/Aug/2020:10:14:48 +0200] "POST /RelaxMT/spring/showTherapists;jsessionid=58E1DCB431D60941401BCA705206C4E7?execution=e1s73 HTTP/1.1" 200 20266
192.168.1.113 - - [05/Aug/2020:10:14:48 +0200] "POST /RelaxMT/spring/showTherapists;jsessionid=58E1DCB431D60941401BCA705206C4E7?execution=e1s73 HTTP/1.1" 200 480
192.168.1.152 - - [05/Aug/2020:10:14:56 +0200] "POST /RelaxMT/spring/showTherapists;jsessionid=4C5BC81291C3EF202CAB3044A9D564C0?execution=e1s17 HTTP/1.1" 200 156
192.168.1.152 - - [05/Aug/2020:10:14:59 +0200] "POST /RelaxMT/spring/showTherapists;jsessionid=4C5BC81291C3EF202CAB3044A9D564C0?execution=e1s17 HTTP/1.1" 200 21123
192.168.1.152 - - [05/Aug/2020:10:14:59 +0200] "POST /RelaxMT/spring/showTherapists;jsessionid=4C5BC81291C3EF202CAB3044A9D564C0?execution=e1s17 HTTP/1.1" 200 480
192.168.1.113 - - [05/Aug/2020:10:15:47 +0200] "POST /RelaxMT/spring/showTherapists;jsessionid=58E1DCB431D60941401BCA705206C4E7?execution=e1s73 HTTP/1.1" 200 156
192.168.1.113 - - [05/Aug/2020:10:15:48 +0200] "POST /RelaxMT/spring/showTherapists;jsessionid=58E1DCB431D60941401BCA705206C4E7?execution=e1s73 HTTP/1.1" 200 20771
192.168.1.113 - - [05/Aug/2020:10:15:48 +0200] "POST /RelaxMT/spring/showTherapists;jsessionid=58E1DCB431D60941401BCA705206C4E7?execution=e1s73 HTTP/1.1" 200 480
192.168.1.152 - - [05/Aug/2020:10:15:56 +0200] "POST /RelaxMT/spring/showTherapists;jsessionid=4C5BC81291C3EF202CAB3044A9D564C0?execution=e1s17 HTTP/1.1" 200 156
192.168.1.152 - - [05/Aug/2020:10:16:00 +0200] "POST /RelaxMT/spring/showTherapists;jsessionid=4C5BC81291C3EF202CAB3044A9D564C0?execution=e1s17 HTTP/1.1" 200 21123
192.168.1.152 - - [05/Aug/2020:10:16:00 +0200] "POST /RelaxMT/spring/showTherapists;jsessionid=4C5BC81291C3EF202CAB3044A9D564C0?execution=e1s17 HTTP/1.1" 200 480
192.168.1.113 - - [05/Aug/2020:10:16:12 +0200] "POST /RelaxMT/spring/showTherapists;jsessionid=58E1DCB431D60941401BCA705206C4E7?execution=e1s73 HTTP/1.1" 200 3226
192.168.1.113 - - [05/Aug/2020:10:16:13 +0200] "POST /RelaxMT/spring/showTherapists;jsessionid=58E1DCB431D60941401BCA705206C4E7?execution=e1s73 HTTP/1.1" 200 3226
192.168.1.113 - - [05/Aug/2020:10:16:22 +0200] "POST /RelaxMT/spring/showTherapists;jsessionid=58E1DCB431D60941401BCA705206C4E7?execution=e1s73 HTTP/1.1" 200 194
192.168.1.113 - - [05/Aug/2020:10:16:22 +0200] "GET /RelaxMT/spring/showTherapists;jsessionid=58E1DCB431D60941401BCA705206C4E7?execution=e1s74 HTTP/1.1" 200 13247
192.168.1.113 - - [05/Aug/2020:10:16:22 +0200] "GET /RelaxMT/spring/javax.faces.resource/theme.css?ln=primefaces-aristo HTTP/1.1" 304 -
192.168.1.113 - - [05/Aug/2020:10:16:22 +0200] "GET /RelaxMT/spring/javax.faces.resource/jsf-tablet.css?ln=skins HTTP/1.1" 304 -
192.168.1.113 - - [05/Aug/2020:10:16:23 +0200] "GET /RelaxMT/spring/javax.faces.resource/primefaces.css?ln=primefaces HTTP/1.1" 304 -
192.168.1.113 - - [05/Aug/2020:10:16:23 +0200] "GET /RelaxMT/spring/javax.faces.resource/jquery/jquery-plugins.js?ln=primefaces HTTP/1.1" 304 -
192.168.1.113 - - [05/Aug/2020:10:16:23 +0200] "GET /RelaxMT/spring/javax.faces.resource/jquery/jquery.js?ln=primefaces HTTP/1.1" 304 -
192.168.1.113 - - [05/Aug/2020:10:16:23 +0200] "GET /RelaxMT/spring/javax.faces.resource/primefaces.js?ln=primefaces HTTP/1.1" 304 -
192.168.1.113 - - [05/Aug/2020:10:16:23 +0200] "GET /RelaxMT/spring/javax.faces.resource/logo.png?ln=pics HTTP/1.1" 304 -
192.168.1.113 - - [05/Aug/2020:10:16:23 +0200] "GET /RelaxMT/spring/javax.faces.resource/RGBColorDummy.gif?ln=pics HTTP/1.1" 304 -
192.168.1.152 - - [05/Aug/2020:10:16:56 +0200] "POST /RelaxMT/spring/showTherapists;jsessionid=4C5BC81291C3EF202CAB3044A9D564C0?execution=e1s17 HTTP/1.1" 200 156
192.168.1.152 - - [05/Aug/2020:10:17:00 +0200] "POST /RelaxMT/spring/showTherapists;jsessionid=4C5BC81291C3EF202CAB3044A9D564C0?execution=e1s17 HTTP/1.1" 200 21123
192.168.1.152 - - [05/Aug/2020:10:17:00 +0200] "POST /RelaxMT/spring/showTherapists;jsessionid=4C5BC81291C3EF202CAB3044A9D564C0?execution=e1s17 HTTP/1.1" 200 480
192.168.9.20 - - [05/Aug/2020:10:17:39 +0200] "POST /RelaxMT/spring/showTherapists;jsessionid=024F231687506AF5A8146AFC0059DCC0?execution=e1s3 HTTP/1.1" 200 155
192.168.9.20 - - [05/Aug/2020:10:17:39 +0200] "GET /RelaxMT/spring/settings HTTP/1.1" 302 -
192.168.9.20 - - [05/Aug/2020:10:17:39 +0200] "GET /RelaxMT/spring/settings?execution=e2s1 HTTP/1.1" 200 6476
192.168.9.20 - - [05/Aug/2020:10:17:39 +0200] "GET /RelaxMT/spring/javax.faces.resource/jsf-tablet.css?ln=skins HTTP/1.1" 304 -
192.168.9.20 - - [05/Aug/2020:10:17:39 +0200] "GET /RelaxMT/spring/javax.faces.resource/jquery/jquery.js?ln=primefaces HTTP/1.1" 304 -
192.168.9.20 - - [05/Aug/2020:10:17:39 +0200] "GET /RelaxMT/spring/javax.faces.resource/primefaces.js?ln=primefaces HTTP/1.1" 304 -
192.168.9.20 - - [05/Aug/2020:10:17:39 +0200] "GET /RelaxMT/spring/javax.faces.resource/logo.png?ln=pics HTTP/1.1" 304 -
192.168.9.20 - - [05/Aug/2020:10:17:39 +0200] "GET /RelaxMT/spring/javax.faces.resource/primefaces.css?ln=primefaces HTTP/1.1" 304 -
192.168.9.20 - - [05/Aug/2020:10:17:39 +0200] "GET /RelaxMT/spring/javax.faces.resource/theme.css?ln=primefaces-ui-darkness HTTP/1.1" 200 18589
192.168.9.20 - - [05/Aug/2020:10:17:40 +0200] "GET /RelaxMT/spring/javax.faces.resource/images/ui-bg_inset-soft_25_000000_1x100.png?ln=primefaces-ui-darkness HTTP/1.1" 200 98
192.168.9.20 - - [05/Aug/2020:10:17:40 +0200] "GET /RelaxMT/spring/javax.faces.resource/images/ui-bg_gloss-wave_25_333333_500x100.png?ln=primefaces-ui-darkness HTTP/1.1" 200 1874
192.168.1.152 - - [05/Aug/2020:10:17:56 +0200] "POST /RelaxMT/spring/showTherapists;jsessionid=4C5BC81291C3EF202CAB3044A9D564C0?execution=e1s17 HTTP/1.1" 200 156
192.168.1.152 - - [05/Aug/2020:10:18:01 +0200] "POST /RelaxMT/spring/showTherapists;jsessionid=4C5BC81291C3EF202CAB3044A9D564C0?execution=e1s17 HTTP/1.1" 200 21123
192.168.1.152 - - [05/Aug/2020:10:18:01 +0200] "POST /RelaxMT/spring/showTherapists;jsessionid=4C5BC81291C3EF202CAB3044A9D564C0?execution=e1s17 HTTP/1.1" 200 480
192.168.1.152 - - [05/Aug/2020:10:18:56 +0200] "POST /RelaxMT/spring/showTherapists;jsessionid=4C5BC81291C3EF202CAB3044A9D564C0?execution=e1s17 HTTP/1.1" 200 156
192.168.1.152 - - [05/Aug/2020:10:19:00 +0200] "POST /RelaxMT/spring/showTherapists;jsessionid=4C5BC81291C3EF202CAB3044A9D564C0?execution=e1s17 HTTP/1.1" 200 21123
192.168.1.152 - - [05/Aug/2020:10:19:00 +0200] "POST /RelaxMT/spring/showTherapists;jsessionid=4C5BC81291C3EF202CAB3044A9D564C0?execution=e1s17 HTTP/1.1" 200 480
192.168.1.152 - - [05/Aug/2020:10:19:56 +0200] "POST /RelaxMT/spring/showTherapists;jsessionid=4C5BC81291C3EF202CAB3044A9D564C0?execution=e1s17 HTTP/1.1" 200 156
192.168.1.152 - - [05/Aug/2020:10:20:00 +0200] "POST /RelaxMT/spring/showTherapists;jsessionid=4C5BC81291C3EF202CAB3044A9D564C0?execution=e1s17 HTTP/1.1" 200 21123
192.168.1.152 - - [05/Aug/2020:10:20:00 +0200] "POST /RelaxMT/spring/showTherapists;jsessionid=4C5BC81291C3EF202CAB3044A9D564C0?execution=e1s17 HTTP/1.1" 200 480
192.168.1.152 - - [05/Aug/2020:10:20:56 +0200] "POST /RelaxMT/spring/showTherapists;jsessionid=4C5BC81291C3EF202CAB3044A9D564C0?execution=e1s17 HTTP/1.1" 200 156
192.168.1.152 - - [05/Aug/2020:10:21:00 +0200] "POST /RelaxMT/spring/showTherapists;jsessionid=4C5BC81291C3EF202CAB3044A9D564C0?execution=e1s17 HTTP/1.1" 200 21123
192.168.1.152 - - [05/Aug/2020:10:21:00 +0200] "POST /RelaxMT/spring/showTherapists;jsessionid=4C5BC81291C3EF202CAB3044A9D564C0?execution=e1s17 HTTP/1.1" 200 480
192.168.1.113 - - [05/Aug/2020:10:21:16 +0200] "POST /RelaxMT/spring/showTherapists;jsessionid=58E1DCB431D60941401BCA705206C4E7?execution=e1s74 HTTP/1.1" 200 194
192.168.1.113 - - [05/Aug/2020:10:21:18 +0200] "GET /RelaxMT/spring/showTherapists;jsessionid=58E1DCB431D60941401BCA705206C4E7?execution=e1s75 HTTP/1.1" 200 50957
192.168.1.113 - - [05/Aug/2020:10:21:18 +0200] "GET /RelaxMT/spring/javax.faces.resource/jsf-tablet.css?ln=skins HTTP/1.1" 304 -
192.168.1.113 - - [05/Aug/2020:10:21:18 +0200] "GET /RelaxMT/spring/javax.faces.resource/theme.css?ln=primefaces-aristo HTTP/1.1" 304 -
192.168.1.113 - - [05/Aug/2020:10:21:18 +0200] "GET /RelaxMT/spring/javax.faces.resource/jquery/jquery.js?ln=primefaces HTTP/1.1" 304 -
192.168.1.113 - - [05/Aug/2020:10:21:18 +0200] "GET /RelaxMT/spring/javax.faces.resource/primefaces.css?ln=primefaces HTTP/1.1" 304 -
192.168.1.113 - - [05/Aug/2020:10:21:18 +0200] "GET /RelaxMT/spring/javax.faces.resource/jquery/jquery-plugins.js?ln=primefaces HTTP/1.1" 304 -
192.168.1.113 - - [05/Aug/2020:10:21:18 +0200] "GET /RelaxMT/spring/javax.faces.resource/primefaces.js?ln=primefaces HTTP/1.1" 304 -
192.168.1.113 - - [05/Aug/2020:10:21:18 +0200] "GET /RelaxMT/spring/javax.faces.resource/logo.png?ln=pics HTTP/1.1" 304 -
192.168.1.113 - - [05/Aug/2020:10:21:18 +0200] "GET /RelaxMT/spring/javax.faces.resource/RGBColorDummy.gif?ln=pics HTTP/1.1" 304 -
192.168.1.152 - - [05/Aug/2020:10:21:56 +0200] "POST /RelaxMT/spring/showTherapists;jsessionid=4C5BC81291C3EF202CAB3044A9D564C0?execution=e1s17 HTTP/1.1" 200 156
192.168.1.152 - - [05/Aug/2020:10:22:00 +0200] "POST /RelaxMT/spring/showTherapists;jsessionid=4C5BC81291C3EF202CAB3044A9D564C0?execution=e1s17 HTTP/1.1" 200 21123
192.168.1.152 - - [05/Aug/2020:10:22:00 +0200] "POST /RelaxMT/spring/showTherapists;jsessionid=4C5BC81291C3EF202CAB3044A9D564C0?execution=e1s17 HTTP/1.1" 200 480
192.168.1.113 - - [05/Aug/2020:10:22:19 +0200] "POST /RelaxMT/spring/showTherapists;jsessionid=58E1DCB431D60941401BCA705206C4E7?execution=e1s75 HTTP/1.1" 200 12236
192.168.1.152 - - [05/Aug/2020:10:22:56 +0200] "POST /RelaxMT/spring/showTherapists;jsessionid=4C5BC81291C3EF202CAB3044A9D564C0?execution=e1s17 HTTP/1.1" 200 156
192.168.1.152 - - [05/Aug/2020:10:22:59 +0200] "POST /RelaxMT/spring/showTherapists;jsessionid=4C5BC81291C3EF202CAB3044A9D564C0?execution=e1s17 HTTP/1.1" 200 21123
192.168.1.152 - - [05/Aug/2020:10:22:59 +0200] "POST /RelaxMT/spring/showTherapists;jsessionid=4C5BC81291C3EF202CAB3044A9D564C0?execution=e1s17 HTTP/1.1" 200 480
192.168.1.113 - - [05/Aug/2020:10:23:14 +0200] "GET /RelaxMT/spring/showTherapists;jsessionid=58E1DCB431D60941401BCA705206C4E7?execution=e1s74 HTTP/1.1" 200 13246
192.168.1.152 - - [05/Aug/2020:10:23:56 +0200] "POST /RelaxMT/spring/showTherapists;jsessionid=4C5BC81291C3EF202CAB3044A9D564C0?execution=e1s17 HTTP/1.1" 200 156
192.168.1.152 - - [05/Aug/2020:10:24:00 +0200] "POST /RelaxMT/spring/showTherapists;jsessionid=4C5BC81291C3EF202CAB3044A9D564C0?execution=e1s17 HTTP/1.1" 200 21123
192.168.1.152 - - [05/Aug/2020:10:24:01 +0200] "POST /RelaxMT/spring/showTherapists;jsessionid=4C5BC81291C3EF202CAB3044A9D564C0?execution=e1s17 HTTP/1.1" 200 480
192.168.1.152 - - [05/Aug/2020:10:24:56 +0200] "POST /RelaxMT/spring/showTherapists;jsessionid=4C5BC81291C3EF202CAB3044A9D564C0?execution=e1s17 HTTP/1.1" 200 156
192.168.1.152 - - [05/Aug/2020:10:25:00 +0200] "POST /RelaxMT/spring/showTherapists;jsessionid=4C5BC81291C3EF202CAB3044A9D564C0?execution=e1s17 HTTP/1.1" 200 21123
192.168.1.152 - - [05/Aug/2020:10:25:00 +0200] "POST /RelaxMT/spring/showTherapists;jsessionid=4C5BC81291C3EF202CAB3044A9D564C0?execution=e1s17 HTTP/1.1" 200 480
192.168.1.152 - - [05/Aug/2020:10:25:56 +0200] "POST /RelaxMT/spring/showTherapists;jsessionid=4C5BC81291C3EF202CAB3044A9D564C0?execution=e1s17 HTTP/1.1" 200 156
192.168.9.21 - - [05/Aug/2020:10:25:57 +0200] "POST /RelaxMT/spring/showTherapists;jsessionid=CDA82C7ADADF37DE653E4F26D0DBCC53?execution=e1s3 HTTP/1.1" 200 155
192.168.1.152 - - [05/Aug/2020:10:25:59 +0200] "POST /RelaxMT/spring/showTherapists;jsessionid=4C5BC81291C3EF202CAB3044A9D564C0?execution=e1s17 HTTP/1.1" 200 21123
192.168.1.152 - - [05/Aug/2020:10:25:59 +0200] "POST /RelaxMT/spring/showTherapists;jsessionid=4C5BC81291C3EF202CAB3044A9D564C0?execution=e1s17 HTTP/1.1" 200 480
192.168.1.152 - - [05/Aug/2020:10:26:56 +0200] "POST /RelaxMT/spring/showTherapists;jsessionid=4C5BC81291C3EF202CAB3044A9D564C0?execution=e1s17 HTTP/1.1" 200 156
192.168.1.152 - - [05/Aug/2020:10:27:02 +0200] "POST /RelaxMT/spring/showTherapists;jsessionid=4C5BC81291C3EF202CAB3044A9D564C0?execution=e1s17 HTTP/1.1" 200 21123
192.168.1.152 - - [05/Aug/2020:10:27:03 +0200] "POST /RelaxMT/spring/showTherapists;jsessionid=4C5BC81291C3EF202CAB3044A9D564C0?execution=e1s17 HTTP/1.1" 200 480
192.168.1.113 - - [05/Aug/2020:10:27:06 +0200] "GET /RelaxMT HTTP/1.1" 302 -
192.168.1.113 - - [05/Aug/2020:10:27:07 +0200] "GET /RelaxMT/ HTTP/1.1" 302 -
192.168.1.113 - - [05/Aug/2020:10:27:07 +0200] "GET /RelaxMT/spring/showTherapists?execution=e2s1 HTTP/1.1" 200 33819
192.168.1.113 - - [05/Aug/2020:10:27:07 +0200] "GET /RelaxMT/spring/javax.faces.resource/theme.css?ln=primefaces-aristo HTTP/1.1" 304 -
192.168.1.113 - - [05/Aug/2020:10:27:07 +0200] "GET /RelaxMT/spring/javax.faces.resource/jsf-tablet.css?ln=skins HTTP/1.1" 304 -
192.168.1.113 - - [05/Aug/2020:10:27:07 +0200] "GET /RelaxMT/spring/javax.faces.resource/primefaces.css?ln=primefaces HTTP/1.1" 304 -
192.168.1.113 - - [05/Aug/2020:10:27:07 +0200] "GET /RelaxMT/spring/javax.faces.resource/jquery/jquery.js?ln=primefaces HTTP/1.1" 304 -
192.168.1.113 - - [05/Aug/2020:10:27:07 +0200] "GET /RelaxMT/spring/javax.faces.resource/primefaces.js?ln=primefaces HTTP/1.1" 304 -
192.168.1.113 - - [05/Aug/2020:10:27:07 +0200] "GET /RelaxMT/spring/javax.faces.resource/jquery/jquery-plugins.js?ln=primefaces HTTP/1.1" 304 -
192.168.1.113 - - [05/Aug/2020:10:27:08 +0200] "GET /RelaxMT/spring/javax.faces.resource/logo.png?ln=pics HTTP/1.1" 304 -
192.168.1.113 - - [05/Aug/2020:10:27:08 +0200] "GET /RelaxMT/spring/javax.faces.resource/green_on.png?ln=pics HTTP/1.1" 304 -
192.168.1.113 - - [05/Aug/2020:10:27:08 +0200] "GET /RelaxMT/spring/javax.faces.resource/RGBColorDummy.gif?ln=pics HTTP/1.1" 304 -
192.168.1.113 - - [05/Aug/2020:10:27:08 +0200] "GET /RelaxMT/spring/javax.faces.resource/images/ui-icons_38667f_256x240.png?ln=primefaces-aristo HTTP/1.1" 304 -
192.168.1.113 - - [05/Aug/2020:10:27:08 +0200] "GET /RelaxMT/spring/javax.faces.resource/images/ui-icons_898989_256x240.png?ln=primefaces-aristo HTTP/1.1" 304 -
192.168.1.113 - - [05/Aug/2020:10:27:08 +0200] "GET /RelaxMT/spring/javax.faces.resource/images/ui-icons_616161_256x240.png?ln=primefaces-aristo HTTP/1.1" 304 -
192.168.9.21 - - [05/Aug/2020:10:27:27 +0200] "POST /RelaxMT/spring/showTherapists?execution=e2s3 HTTP/1.1" 200 155
192.168.1.113 - - [05/Aug/2020:10:27:34 +0200] "GET /RelaxMT/spring/javax.faces.resource/images/ui-bg_flat_0_2d5972_40x100.png?ln=primefaces-aristo HTTP/1.1" 304 -
192.168.1.113 - - [05/Aug/2020:10:27:34 +0200] "POST /RelaxMT/spring/showTherapists?execution=e2s1 HTTP/1.1" 200 16901
192.168.1.113 - - [05/Aug/2020:10:27:34 +0200] "GET /RelaxMT/spring/javax.faces.resource/green.gif?ln=pics HTTP/1.1" 304 -
192.168.1.152 - - [05/Aug/2020:10:27:56 +0200] "POST /RelaxMT/spring/showTherapists;jsessionid=4C5BC81291C3EF202CAB3044A9D564C0?execution=e1s17 HTTP/1.1" 200 156
192.168.1.152 - - [05/Aug/2020:10:28:00 +0200] "POST /RelaxMT/spring/showTherapists;jsessionid=4C5BC81291C3EF202CAB3044A9D564C0?execution=e1s17 HTTP/1.1" 200 21123
192.168.1.152 - - [05/Aug/2020:10:28:00 +0200] "POST /RelaxMT/spring/showTherapists;jsessionid=4C5BC81291C3EF202CAB3044A9D564C0?execution=e1s17 HTTP/1.1" 200 480
192.168.1.113 - - [05/Aug/2020:10:28:05 +0200] "GET /RelaxMT/spring/showTherapists?execution=e2s1 HTTP/1.1" 200 33819
192.168.1.152 - - [05/Aug/2020:10:28:56 +0200] "POST /RelaxMT/spring/showTherapists;jsessionid=4C5BC81291C3EF202CAB3044A9D564C0?execution=e1s17 HTTP/1.1" 200 156
192.168.1.152 - - [05/Aug/2020:10:29:00 +0200] "POST /RelaxMT/spring/showTherapists;jsessionid=4C5BC81291C3EF202CAB3044A9D564C0?execution=e1s17 HTTP/1.1" 200 21123
192.168.1.152 - - [05/Aug/2020:10:29:00 +0200] "POST /RelaxMT/spring/showTherapists;jsessionid=4C5BC81291C3EF202CAB3044A9D564C0?execution=e1s17 HTTP/1.1" 200 480
192.168.1.152 - - [05/Aug/2020:10:29:56 +0200] "POST /RelaxMT/spring/showTherapists;jsessionid=4C5BC81291C3EF202CAB3044A9D564C0?execution=e1s17 HTTP/1.1" 200 156
192.168.1.152 - - [05/Aug/2020:10:30:01 +0200] "POST /RelaxMT/spring/showTherapists;jsessionid=4C5BC81291C3EF202CAB3044A9D564C0?execution=e1s17 HTTP/1.1" 200 21123
192.168.1.152 - - [05/Aug/2020:10:30:02 +0200] "POST /RelaxMT/spring/showTherapists;jsessionid=4C5BC81291C3EF202CAB3044A9D564C0?execution=e1s17 HTTP/1.1" 200 480
192.168.1.152 - - [05/Aug/2020:10:30:02 +0200] "POST /RelaxMT/spring/showTherapists;jsessionid=4C5BC81291C3EF202CAB3044A9D564C0?execution=e1s17 HTTP/1.1" 200 156
192.168.9.21 - - [05/Aug/2020:10:30:32 +0200] "POST /RelaxMT/spring/showTherapists?execution=e2s3 HTTP/1.1" 200 155
192.168.1.113 - - [05/Aug/2020:10:30:37 +0200] "POST /RelaxMT/spring/showTherapists;jsessionid=58E1DCB431D60941401BCA705206C4E7?execution=e1s74 HTTP/1.1" 302 -
192.168.1.113 - - [05/Aug/2020:10:30:38 +0200] "GET /RelaxMT/spring/showTherapists;jsessionid=58E1DCB431D60941401BCA705206C4E7?execution=e1s76 HTTP/1.1" 200 33964
192.168.1.113 - - [05/Aug/2020:10:30:38 +0200] "GET /RelaxMT/spring/javax.faces.resource/theme.css?ln=primefaces-aristo HTTP/1.1" 304 -
192.168.1.113 - - [05/Aug/2020:10:30:38 +0200] "GET /RelaxMT/spring/javax.faces.resource/jsf-tablet.css?ln=skins HTTP/1.1" 304 -
192.168.1.113 - - [05/Aug/2020:10:30:38 +0200] "GET /RelaxMT/spring/javax.faces.resource/primefaces.js?ln=primefaces HTTP/1.1" 304 -
192.168.1.113 - - [05/Aug/2020:10:30:38 +0200] "GET /RelaxMT/spring/javax.faces.resource/jquery/jquery.js?ln=primefaces HTTP/1.1" 304 -
192.168.1.113 - - [05/Aug/2020:10:30:38 +0200] "GET /RelaxMT/spring/javax.faces.resource/primefaces.css?ln=primefaces HTTP/1.1" 304 -
192.168.1.113 - - [05/Aug/2020:10:30:38 +0200] "GET /RelaxMT/spring/javax.faces.resource/jquery/jquery-plugins.js?ln=primefaces HTTP/1.1" 304 -
192.168.1.113 - - [05/Aug/2020:10:30:39 +0200] "GET /RelaxMT/spring/javax.faces.resource/logo.png?ln=pics HTTP/1.1" 304 -
192.168.1.113 - - [05/Aug/2020:10:30:39 +0200] "GET /RelaxMT/spring/javax.faces.resource/green_on.png?ln=pics HTTP/1.1" 304 -
192.168.1.113 - - [05/Aug/2020:10:30:39 +0200] "GET /RelaxMT/spring/javax.faces.resource/RGBColorDummy.gif?ln=pics HTTP/1.1" 304 -
192.168.1.113 - - [05/Aug/2020:10:30:51 +0200] "POST /RelaxMT/spring/showTherapists;jsessionid=58E1DCB431D60941401BCA705206C4E7?execution=e1s76 HTTP/1.1" 200 194
192.168.1.113 - - [05/Aug/2020:10:30:51 +0200] "GET /RelaxMT/spring/showTherapists;jsessionid=58E1DCB431D60941401BCA705206C4E7?execution=e1s77 HTTP/1.1" 200 34375
192.168.1.113 - - [05/Aug/2020:10:30:51 +0200] "GET /RelaxMT/spring/javax.faces.resource/theme.css?ln=primefaces-aristo HTTP/1.1" 304 -
192.168.1.113 - - [05/Aug/2020:10:30:51 +0200] "GET /RelaxMT/spring/javax.faces.resource/jsf-tablet.css?ln=skins HTTP/1.1" 304 -
192.168.1.113 - - [05/Aug/2020:10:30:51 +0200] "GET /RelaxMT/spring/javax.faces.resource/jquery/jquery-plugins.js?ln=primefaces HTTP/1.1" 304 -
192.168.1.113 - - [05/Aug/2020:10:30:51 +0200] "GET /RelaxMT/spring/javax.faces.resource/primefaces.js?ln=primefaces HTTP/1.1" 304 -
192.168.1.113 - - [05/Aug/2020:10:30:51 +0200] "GET /RelaxMT/spring/javax.faces.resource/primefaces.css?ln=primefaces HTTP/1.1" 304 -
192.168.1.113 - - [05/Aug/2020:10:30:51 +0200] "GET /RelaxMT/spring/javax.faces.resource/jquery/jquery.js?ln=primefaces HTTP/1.1" 304 -
192.168.1.113 - - [05/Aug/2020:10:30:51 +0200] "GET /RelaxMT/spring/javax.faces.resource/logo.png?ln=pics HTTP/1.1" 304 -
192.168.1.113 - - [05/Aug/2020:10:30:51 +0200] "GET /RelaxMT/spring/javax.faces.resource/green_on.png?ln=pics HTTP/1.1" 304 -
192.168.1.113 - - [05/Aug/2020:10:30:51 +0200] "GET /RelaxMT/spring/javax.faces.resource/RGBColorDummy.gif?ln=pics HTTP/1.1" 304 -
192.168.1.113 - - [05/Aug/2020:10:30:54 +0200] "POST /RelaxMT/spring/showTherapists;jsessionid=58E1DCB431D60941401BCA705206C4E7?execution=e1s77 HTTP/1.1" 200 7355
192.168.1.113 - - [05/Aug/2020:10:30:56 +0200] "POST /RelaxMT/spring/showTherapists;jsessionid=58E1DCB431D60941401BCA705206C4E7?execution=e1s77 HTTP/1.1" 200 16806
192.168.1.152 - - [05/Aug/2020:10:30:56 +0200] "POST /RelaxMT/spring/showTherapists;jsessionid=4C5BC81291C3EF202CAB3044A9D564C0?execution=e1s17 HTTP/1.1" 200 156
192.168.1.152 - - [05/Aug/2020:10:31:01 +0200] "POST /RelaxMT/spring/showTherapists;jsessionid=4C5BC81291C3EF202CAB3044A9D564C0?execution=e1s17 HTTP/1.1" 200 21123
192.168.1.152 - - [05/Aug/2020:10:31:02 +0200] "POST /RelaxMT/spring/showTherapists;jsessionid=4C5BC81291C3EF202CAB3044A9D564C0?execution=e1s17 HTTP/1.1" 200 480
192.168.9.21 - - [05/Aug/2020:10:31:32 +0200] "POST /RelaxMT/spring/showTherapists?execution=e3s2 HTTP/1.1" 200 155
192.168.9.21 - - [05/Aug/2020:10:31:33 +0200] "GET /RelaxMT/spring/javax.faces.resource/images/ui-bg_flat_0_2d5972_40x100.png?ln=primefaces-aristo HTTP/1.1" 304 -
192.168.1.113 - - [05/Aug/2020:10:31:52 +0200] "POST /RelaxMT/spring/showTherapists;jsessionid=58E1DCB431D60941401BCA705206C4E7?execution=e1s77 HTTP/1.1" 200 156
192.168.1.113 - - [05/Aug/2020:10:31:54 +0200] "POST /RelaxMT/spring/showTherapists;jsessionid=58E1DCB431D60941401BCA705206C4E7?execution=e1s77 HTTP/1.1" 200 21107
192.168.1.113 - - [05/Aug/2020:10:31:54 +0200] "POST /RelaxMT/spring/showTherapists;jsessionid=58E1DCB431D60941401BCA705206C4E7?execution=e1s77 HTTP/1.1" 200 480
192.168.1.152 - - [05/Aug/2020:10:31:56 +0200] "POST /RelaxMT/spring/showTherapists;jsessionid=4C5BC81291C3EF202CAB3044A9D564C0?execution=e1s17 HTTP/1.1" 200 156
192.168.1.152 - - [05/Aug/2020:10:32:00 +0200] "POST /RelaxMT/spring/showTherapists;jsessionid=4C5BC81291C3EF202CAB3044A9D564C0?execution=e1s17 HTTP/1.1" 200 21123
192.168.1.152 - - [05/Aug/2020:10:32:00 +0200] "POST /RelaxMT/spring/showTherapists;jsessionid=4C5BC81291C3EF202CAB3044A9D564C0?execution=e1s17 HTTP/1.1" 200 480
192.168.1.113 - - [05/Aug/2020:10:32:52 +0200] "POST /RelaxMT/spring/showTherapists;jsessionid=58E1DCB431D60941401BCA705206C4E7?execution=e1s77 HTTP/1.1" 200 156
192.168.1.113 - - [05/Aug/2020:10:32:55 +0200] "POST /RelaxMT/spring/showTherapists;jsessionid=58E1DCB431D60941401BCA705206C4E7?execution=e1s77 HTTP/1.1" 200 21107
192.168.1.113 - - [05/Aug/2020:10:32:55 +0200] "POST /RelaxMT/spring/showTherapists;jsessionid=58E1DCB431D60941401BCA705206C4E7?execution=e1s77 HTTP/1.1" 200 480
192.168.1.152 - - [05/Aug/2020:10:32:56 +0200] "POST /RelaxMT/spring/showTherapists;jsessionid=4C5BC81291C3EF202CAB3044A9D564C0?execution=e1s17 HTTP/1.1" 200 156
192.168.1.152 - - [05/Aug/2020:10:33:00 +0200] "POST /RelaxMT/spring/showTherapists;jsessionid=4C5BC81291C3EF202CAB3044A9D564C0?execution=e1s17 HTTP/1.1" 200 21123
192.168.1.152 - - [05/Aug/2020:10:33:00 +0200] "POST /RelaxMT/spring/showTherapists;jsessionid=4C5BC81291C3EF202CAB3044A9D564C0?execution=e1s17 HTTP/1.1" 200 480
192.168.1.113 - - [05/Aug/2020:10:33:52 +0200] "POST /RelaxMT/spring/showTherapists;jsessionid=58E1DCB431D60941401BCA705206C4E7?execution=e1s77 HTTP/1.1" 200 156
192.168.1.113 - - [05/Aug/2020:10:33:54 +0200] "POST /RelaxMT/spring/showTherapists;jsessionid=58E1DCB431D60941401BCA705206C4E7?execution=e1s77 HTTP/1.1" 200 21107
192.168.1.113 - - [05/Aug/2020:10:33:55 +0200] "POST /RelaxMT/spring/showTherapists;jsessionid=58E1DCB431D60941401BCA705206C4E7?execution=e1s77 HTTP/1.1" 200 480
192.168.1.152 - - [05/Aug/2020:10:33:56 +0200] "POST /RelaxMT/spring/showTherapists;jsessionid=4C5BC81291C3EF202CAB3044A9D564C0?execution=e1s17 HTTP/1.1" 200 156
192.168.1.152 - - [05/Aug/2020:10:33:59 +0200] "POST /RelaxMT/spring/showTherapists;jsessionid=4C5BC81291C3EF202CAB3044A9D564C0?execution=e1s17 HTTP/1.1" 200 21123
192.168.1.152 - - [05/Aug/2020:10:34:00 +0200] "POST /RelaxMT/spring/showTherapists;jsessionid=4C5BC81291C3EF202CAB3044A9D564C0?execution=e1s17 HTTP/1.1" 200 480
192.168.1.113 - - [05/Aug/2020:10:34:52 +0200] "POST /RelaxMT/spring/showTherapists;jsessionid=58E1DCB431D60941401BCA705206C4E7?execution=e1s77 HTTP/1.1" 200 156
192.168.1.113 - - [05/Aug/2020:10:34:54 +0200] "POST /RelaxMT/spring/showTherapists;jsessionid=58E1DCB431D60941401BCA705206C4E7?execution=e1s77 HTTP/1.1" 200 21107
192.168.1.113 - - [05/Aug/2020:10:34:54 +0200] "POST /RelaxMT/spring/showTherapists;jsessionid=58E1DCB431D60941401BCA705206C4E7?execution=e1s77 HTTP/1.1" 200 480
192.168.1.152 - - [05/Aug/2020:10:34:56 +0200] "POST /RelaxMT/spring/showTherapists;jsessionid=4C5BC81291C3EF202CAB3044A9D564C0?execution=e1s17 HTTP/1.1" 200 156
192.168.1.152 - - [05/Aug/2020:10:34:59 +0200] "POST /RelaxMT/spring/showTherapists;jsessionid=4C5BC81291C3EF202CAB3044A9D564C0?execution=e1s17 HTTP/1.1" 200 21123
192.168.1.152 - - [05/Aug/2020:10:35:00 +0200] "POST /RelaxMT/spring/showTherapists;jsessionid=4C5BC81291C3EF202CAB3044A9D564C0?execution=e1s17 HTTP/1.1" 200 480
192.168.1.113 - - [05/Aug/2020:10:35:52 +0200] "POST /RelaxMT/spring/showTherapists;jsessionid=58E1DCB431D60941401BCA705206C4E7?execution=e1s77 HTTP/1.1" 200 156
192.168.1.113 - - [05/Aug/2020:10:35:54 +0200] "POST /RelaxMT/spring/showTherapists;jsessionid=58E1DCB431D60941401BCA705206C4E7?execution=e1s77 HTTP/1.1" 200 21107
192.168.1.113 - - [05/Aug/2020:10:35:55 +0200] "POST /RelaxMT/spring/showTherapists;jsessionid=58E1DCB431D60941401BCA705206C4E7?execution=e1s77 HTTP/1.1" 200 480
192.168.1.152 - - [05/Aug/2020:10:35:56 +0200] "POST /RelaxMT/spring/showTherapists;jsessionid=4C5BC81291C3EF202CAB3044A9D564C0?execution=e1s17 HTTP/1.1" 200 156
192.168.1.152 - - [05/Aug/2020:10:36:00 +0200] "POST /RelaxMT/spring/showTherapists;jsessionid=4C5BC81291C3EF202CAB3044A9D564C0?execution=e1s17 HTTP/1.1" 200 21123
192.168.1.152 - - [05/Aug/2020:10:36:00 +0200] "POST /RelaxMT/spring/showTherapists;jsessionid=4C5BC81291C3EF202CAB3044A9D564C0?execution=e1s17 HTTP/1.1" 200 480
192.168.1.113 - - [05/Aug/2020:10:36:24 +0200] "POST /RelaxMT/spring/showTherapists;jsessionid=58E1DCB431D60941401BCA705206C4E7?execution=e1s77 HTTP/1.1" 200 16914
192.168.1.113 - - [05/Aug/2020:10:36:26 +0200] "POST /RelaxMT/spring/showTherapists;jsessionid=58E1DCB431D60941401BCA705206C4E7?execution=e1s77 HTTP/1.1" 200 16889
192.168.1.113 - - [05/Aug/2020:10:36:44 +0200] "POST /RelaxMT/spring/showTherapists;jsessionid=58E1DCB431D60941401BCA705206C4E7?execution=e1s77 HTTP/1.1" 200 16953
192.168.1.113 - - [05/Aug/2020:10:36:45 +0200] "POST /RelaxMT/spring/showTherapists;jsessionid=58E1DCB431D60941401BCA705206C4E7?execution=e1s77 HTTP/1.1" 200 15769
192.168.1.113 - - [05/Aug/2020:10:36:50 +0200] "POST /RelaxMT/spring/showTherapists;jsessionid=58E1DCB431D60941401BCA705206C4E7?execution=e1s77 HTTP/1.1" 200 16822
192.168.1.113 - - [05/Aug/2020:10:36:50 +0200] "GET /RelaxMT/spring/javax.faces.resource/green.gif?ln=pics HTTP/1.1" 304 -
192.168.1.113 - - [05/Aug/2020:10:36:52 +0200] "POST /RelaxMT/spring/showTherapists;jsessionid=58E1DCB431D60941401BCA705206C4E7?execution=e1s77 HTTP/1.1" 200 156
192.168.1.113 - - [05/Aug/2020:10:36:54 +0200] "POST /RelaxMT/spring/showTherapists;jsessionid=58E1DCB431D60941401BCA705206C4E7?execution=e1s77 HTTP/1.1" 200 21168
192.168.1.113 - - [05/Aug/2020:10:36:54 +0200] "POST /RelaxMT/spring/showTherapists;jsessionid=58E1DCB431D60941401BCA705206C4E7?execution=e1s77 HTTP/1.1" 200 480
192.168.1.152 - - [05/Aug/2020:10:36:56 +0200] "POST /RelaxMT/spring/showTherapists;jsessionid=4C5BC81291C3EF202CAB3044A9D564C0?execution=e1s17 HTTP/1.1" 200 156
192.168.1.113 - - [05/Aug/2020:10:36:59 +0200] "POST /RelaxMT/spring/showTherapists;jsessionid=58E1DCB431D60941401BCA705206C4E7?execution=e1s77 HTTP/1.1" 200 194
192.168.1.113 - - [05/Aug/2020:10:36:59 +0200] "GET /RelaxMT/spring/showTherapists;jsessionid=58E1DCB431D60941401BCA705206C4E7?execution=e1s78 HTTP/1.1" 200 13274
192.168.1.113 - - [05/Aug/2020:10:36:59 +0200] "GET /RelaxMT/spring/javax.faces.resource/theme.css?ln=primefaces-aristo HTTP/1.1" 304 -
192.168.1.113 - - [05/Aug/2020:10:36:59 +0200] "GET /RelaxMT/spring/javax.faces.resource/primefaces.css?ln=primefaces HTTP/1.1" 304 -
192.168.1.113 - - [05/Aug/2020:10:36:59 +0200] "GET /RelaxMT/spring/javax.faces.resource/primefaces.js?ln=primefaces HTTP/1.1" 304 -
192.168.1.113 - - [05/Aug/2020:10:36:59 +0200] "GET /RelaxMT/spring/javax.faces.resource/jquery/jquery-plugins.js?ln=primefaces HTTP/1.1" 304 -
192.168.1.113 - - [05/Aug/2020:10:36:59 +0200] "GET /RelaxMT/spring/javax.faces.resource/jsf-tablet.css?ln=skins HTTP/1.1" 304 -
192.168.1.113 - - [05/Aug/2020:10:36:59 +0200] "GET /RelaxMT/spring/javax.faces.resource/jquery/jquery.js?ln=primefaces HTTP/1.1" 304 -
192.168.1.113 - - [05/Aug/2020:10:36:59 +0200] "GET /RelaxMT/spring/javax.faces.resource/logo.png?ln=pics HTTP/1.1" 304 -
192.168.1.113 - - [05/Aug/2020:10:36:59 +0200] "GET /RelaxMT/spring/javax.faces.resource/RGBColorDummy.gif?ln=pics HTTP/1.1" 304 -
192.168.1.152 - - [05/Aug/2020:10:37:00 +0200] "POST /RelaxMT/spring/showTherapists;jsessionid=4C5BC81291C3EF202CAB3044A9D564C0?execution=e1s17 HTTP/1.1" 200 21123
192.168.1.152 - - [05/Aug/2020:10:37:00 +0200] "POST /RelaxMT/spring/showTherapists;jsessionid=4C5BC81291C3EF202CAB3044A9D564C0?execution=e1s17 HTTP/1.1" 200 480
192.168.1.113 - - [05/Aug/2020:10:37:07 +0200] "POST /RelaxMT/spring/showTherapists;jsessionid=58E1DCB431D60941401BCA705206C4E7?execution=e1s78 HTTP/1.1" 302 -
192.168.1.113 - - [05/Aug/2020:10:37:07 +0200] "GET /RelaxMT/spring/showTherapists;jsessionid=58E1DCB431D60941401BCA705206C4E7?execution=e1s79 HTTP/1.1" 200 34375
192.168.1.113 - - [05/Aug/2020:10:37:07 +0200] "GET /RelaxMT/spring/javax.faces.resource/theme.css?ln=primefaces-aristo HTTP/1.1" 304 -
192.168.1.113 - - [05/Aug/2020:10:37:07 +0200] "GET /RelaxMT/spring/javax.faces.resource/jquery/jquery.js?ln=primefaces HTTP/1.1" 304 -
192.168.1.113 - - [05/Aug/2020:10:37:07 +0200] "GET /RelaxMT/spring/javax.faces.resource/primefaces.css?ln=primefaces HTTP/1.1" 304 -
192.168.1.113 - - [05/Aug/2020:10:37:07 +0200] "GET /RelaxMT/spring/javax.faces.resource/jsf-tablet.css?ln=skins HTTP/1.1" 304 -
192.168.1.113 - - [05/Aug/2020:10:37:07 +0200] "GET /RelaxMT/spring/javax.faces.resource/jquery/jquery-plugins.js?ln=primefaces HTTP/1.1" 304 -
192.168.1.113 - - [05/Aug/2020:10:37:07 +0200] "GET /RelaxMT/spring/javax.faces.resource/primefaces.js?ln=primefaces HTTP/1.1" 304 -
192.168.1.113 - - [05/Aug/2020:10:37:07 +0200] "GET /RelaxMT/spring/javax.faces.resource/logo.png?ln=pics HTTP/1.1" 304 -
192.168.1.113 - - [05/Aug/2020:10:37:07 +0200] "GET /RelaxMT/spring/javax.faces.resource/green_on.png?ln=pics HTTP/1.1" 304 -
192.168.1.113 - - [05/Aug/2020:10:37:07 +0200] "GET /RelaxMT/spring/javax.faces.resource/RGBColorDummy.gif?ln=pics HTTP/1.1" 304 -
192.168.1.113 - - [05/Aug/2020:10:37:10 +0200] "POST /RelaxMT/spring/showTherapists;jsessionid=58E1DCB431D60941401BCA705206C4E7?execution=e1s79 HTTP/1.1" 302 -
192.168.1.113 - - [05/Aug/2020:10:37:11 +0200] "GET /RelaxMT/spring/showTherapists;jsessionid=58E1DCB431D60941401BCA705206C4E7?execution=e1s80 HTTP/1.1" 200 34375
192.168.1.113 - - [05/Aug/2020:10:37:11 +0200] "GET /RelaxMT/spring/javax.faces.resource/theme.css?ln=primefaces-aristo HTTP/1.1" 304 -
192.168.1.113 - - [05/Aug/2020:10:37:11 +0200] "GET /RelaxMT/spring/javax.faces.resource/jsf-tablet.css?ln=skins HTTP/1.1" 304 -
192.168.1.113 - - [05/Aug/2020:10:37:11 +0200] "GET /RelaxMT/spring/javax.faces.resource/jquery/jquery.js?ln=primefaces HTTP/1.1" 304 -
192.168.1.113 - - [05/Aug/2020:10:37:11 +0200] "GET /RelaxMT/spring/javax.faces.resource/primefaces.js?ln=primefaces HTTP/1.1" 304 -
192.168.1.113 - - [05/Aug/2020:10:37:11 +0200] "GET /RelaxMT/spring/javax.faces.resource/jquery/jquery-plugins.js?ln=primefaces HTTP/1.1" 304 -
