192.168.1.113 - - [02/Sep/2019:11:04:19 +0200] "POST /RelaxMT/spring/showTherapists?execution=e1s26 HTTP/1.1" 200 5916
192.168.1.113 - - [02/Sep/2019:11:04:20 +0200] "POST /RelaxMT/spring/showTherapists?execution=e1s26 HTTP/1.1" 200 156
192.168.1.113 - - [02/Sep/2019:11:04:23 +0200] "POST /RelaxMT/spring/showTherapists?execution=e1s26 HTTP/1.1" 200 5914
192.168.1.113 - - [02/Sep/2019:11:04:25 +0200] "POST /RelaxMT/spring/showTherapists?execution=e1s26 HTTP/1.1" 200 156
192.168.1.113 - - [02/Sep/2019:11:04:26 +0200] "POST /RelaxMT/spring/showTherapists?execution=e1s26 HTTP/1.1" 200 5918
192.168.1.113 - - [02/Sep/2019:11:04:27 +0200] "POST /RelaxMT/spring/showTherapists?execution=e1s26 HTTP/1.1" 200 156
192.168.1.113 - - [02/Sep/2019:11:04:28 +0200] "POST /RelaxMT/spring/showTherapists?execution=e1s26 HTTP/1.1" 200 5918
192.168.1.113 - - [02/Sep/2019:11:04:30 +0200] "POST /RelaxMT/spring/showTherapists?execution=e1s26 HTTP/1.1" 200 156
192.168.1.113 - - [02/Sep/2019:11:04:35 +0200] "POST /RelaxMT/spring/showTherapists?execution=e1s26 HTTP/1.1" 200 5916
192.168.1.113 - - [02/Sep/2019:11:04:36 +0200] "POST /RelaxMT/spring/showTherapists?execution=e1s26 HTTP/1.1" 200 156
192.168.1.113 - - [02/Sep/2019:11:04:44 +0200] "POST /RelaxMT/spring/showTherapists?execution=e1s26 HTTP/1.1" 200 5919
192.168.1.113 - - [02/Sep/2019:11:04:45 +0200] "POST /RelaxMT/spring/showTherapists?execution=e1s26 HTTP/1.1" 200 156
192.168.1.113 - - [02/Sep/2019:11:04:54 +0200] "POST /RelaxMT/spring/showTherapists?execution=e1s26 HTTP/1.1" 200 5919
192.168.1.113 - - [02/Sep/2019:11:04:55 +0200] "POST /RelaxMT/spring/showTherapists?execution=e1s26 HTTP/1.1" 200 156
192.168.1.113 - - [02/Sep/2019:11:04:56 +0200] "POST /RelaxMT/spring/showTherapists?execution=e1s26 HTTP/1.1" 200 5917
192.168.1.113 - - [02/Sep/2019:11:04:58 +0200] "POST /RelaxMT/spring/showTherapists?execution=e1s26 HTTP/1.1" 200 156
192.168.1.113 - - [02/Sep/2019:11:04:59 +0200] "POST /RelaxMT/spring/showTherapists?execution=e1s26 HTTP/1.1" 200 5921
192.168.1.113 - - [02/Sep/2019:11:05:00 +0200] "POST /RelaxMT/spring/showTherapists?execution=e1s26 HTTP/1.1" 200 156
192.168.1.113 - - [02/Sep/2019:11:05:01 +0200] "POST /RelaxMT/spring/showTherapists?execution=e1s26 HTTP/1.1" 200 5917
192.168.1.113 - - [02/Sep/2019:11:05:03 +0200] "POST /RelaxMT/spring/showTherapists?execution=e1s26 HTTP/1.1" 200 156
192.168.1.113 - - [02/Sep/2019:11:05:07 +0200] "POST /RelaxMT/spring/showTherapists?execution=e1s26 HTTP/1.1" 200 5925
192.168.1.113 - - [02/Sep/2019:11:05:09 +0200] "POST /RelaxMT/spring/showTherapists?execution=e1s26 HTTP/1.1" 200 156
192.168.1.152 - - [02/Sep/2019:11:05:14 +0200] "POST /RelaxMT/spring/showTherapists?execution=e3s4 HTTP/1.1" 200 155
192.168.1.152 - - [02/Sep/2019:11:05:14 +0200] "POST /RelaxMT/spring/showTherapists?execution=e3s4 HTTP/1.1" 200 20733
192.168.1.152 - - [02/Sep/2019:11:05:14 +0200] "POST /RelaxMT/spring/showTherapists?execution=e3s4 HTTP/1.1" 200 479
192.168.1.113 - - [02/Sep/2019:11:05:20 +0200] "POST /RelaxMT/spring/showTherapists?execution=e1s26 HTTP/1.1" 200 5915
192.168.1.113 - - [02/Sep/2019:11:05:22 +0200] "POST /RelaxMT/spring/showTherapists?execution=e1s26 HTTP/1.1" 200 156
192.168.1.113 - - [02/Sep/2019:11:05:23 +0200] "POST /RelaxMT/spring/showTherapists?execution=e1s26 HTTP/1.1" 200 5930
192.168.1.113 - - [02/Sep/2019:11:05:24 +0200] "POST /RelaxMT/spring/showTherapists?execution=e1s26 HTTP/1.1" 200 156
192.168.1.113 - - [02/Sep/2019:11:05:25 +0200] "POST /RelaxMT/spring/showTherapists?execution=e1s26 HTTP/1.1" 200 5920
192.168.1.113 - - [02/Sep/2019:11:05:28 +0200] "POST /RelaxMT/spring/showTherapists?execution=e1s26 HTTP/1.1" 200 156
192.168.1.113 - - [02/Sep/2019:11:05:35 +0200] "POST /RelaxMT/spring/showTherapists?execution=e1s26 HTTP/1.1" 200 5919
192.168.1.113 - - [02/Sep/2019:11:05:40 +0200] "POST /RelaxMT/spring/showTherapists?execution=e1s26 HTTP/1.1" 200 156
192.168.1.113 - - [02/Sep/2019:11:05:43 +0200] "POST /RelaxMT/spring/showTherapists?execution=e1s26 HTTP/1.1" 200 5916
192.168.1.113 - - [02/Sep/2019:11:05:46 +0200] "POST /RelaxMT/spring/showTherapists?execution=e1s26 HTTP/1.1" 200 156
192.168.1.113 - - [02/Sep/2019:11:05:48 +0200] "POST /RelaxMT/spring/showTherapists?execution=e1s26 HTTP/1.1" 200 5916
192.168.1.113 - - [02/Sep/2019:11:05:49 +0200] "POST /RelaxMT/spring/showTherapists?execution=e1s26 HTTP/1.1" 200 156
192.168.1.113 - - [02/Sep/2019:11:06:06 +0200] "POST /RelaxMT/spring/showTherapists?execution=e1s26 HTTP/1.1" 200 5924
192.168.1.113 - - [02/Sep/2019:11:06:07 +0200] "POST /RelaxMT/spring/showTherapists?execution=e1s26 HTTP/1.1" 200 156
192.168.1.113 - - [02/Sep/2019:11:06:08 +0200] "POST /RelaxMT/spring/showTherapists?execution=e1s26 HTTP/1.1" 200 5918
192.168.1.113 - - [02/Sep/2019:11:06:09 +0200] "POST /RelaxMT/spring/showTherapists?execution=e1s26 HTTP/1.1" 200 156
192.168.1.113 - - [02/Sep/2019:11:06:10 +0200] "POST /RelaxMT/spring/showTherapists?execution=e1s26 HTTP/1.1" 200 5918
192.168.1.113 - - [02/Sep/2019:11:06:11 +0200] "POST /RelaxMT/spring/showTherapists?execution=e1s26 HTTP/1.1" 200 156
192.168.1.152 - - [02/Sep/2019:11:06:14 +0200] "POST /RelaxMT/spring/showTherapists?execution=e3s4 HTTP/1.1" 200 155
192.168.1.113 - - [02/Sep/2019:11:06:14 +0200] "POST /RelaxMT/spring/showTherapists?execution=e1s26 HTTP/1.1" 200 5918
192.168.1.152 - - [02/Sep/2019:11:06:14 +0200] "POST /RelaxMT/spring/showTherapists?execution=e3s4 HTTP/1.1" 200 20733
192.168.1.152 - - [02/Sep/2019:11:06:14 +0200] "POST /RelaxMT/spring/showTherapists?execution=e3s4 HTTP/1.1" 200 479
192.168.1.113 - - [02/Sep/2019:11:06:15 +0200] "POST /RelaxMT/spring/showTherapists?execution=e1s26 HTTP/1.1" 200 156
192.168.1.113 - - [02/Sep/2019:11:06:16 +0200] "POST /RelaxMT/spring/showTherapists?execution=e1s26 HTTP/1.1" 200 5917
192.168.1.113 - - [02/Sep/2019:11:06:17 +0200] "POST /RelaxMT/spring/showTherapists?execution=e1s26 HTTP/1.1" 200 156
192.168.1.113 - - [02/Sep/2019:11:06:20 +0200] "POST /RelaxMT/spring/showTherapists?execution=e1s26 HTTP/1.1" 200 5920
192.168.1.113 - - [02/Sep/2019:11:06:21 +0200] "POST /RelaxMT/spring/showTherapists?execution=e1s26 HTTP/1.1" 200 156
192.168.1.113 - - [02/Sep/2019:11:06:43 +0200] "POST /RelaxMT/spring/showTherapists?execution=e1s26 HTTP/1.1" 200 150
192.168.1.113 - - [02/Sep/2019:11:06:43 +0200] "GET /RelaxMT/spring/showTherapists?execution=e1s27 HTTP/1.1" 200 39160
192.168.1.113 - - [02/Sep/2019:11:06:43 +0200] "GET /RelaxMT/spring/javax.faces.resource/theme.css?ln=primefaces-aristo HTTP/1.1" 304 -
192.168.1.113 - - [02/Sep/2019:11:06:43 +0200] "GET /RelaxMT/spring/javax.faces.resource/jsf-tablet.css?ln=skins HTTP/1.1" 304 -
192.168.1.113 - - [02/Sep/2019:11:06:43 +0200] "GET /RelaxMT/spring/javax.faces.resource/primefaces.js?ln=primefaces HTTP/1.1" 304 -
192.168.1.113 - - [02/Sep/2019:11:06:43 +0200] "GET /RelaxMT/spring/javax.faces.resource/schedule/schedule.css?ln=primefaces HTTP/1.1" 304 -
192.168.1.113 - - [02/Sep/2019:11:06:43 +0200] "GET /RelaxMT/spring/javax.faces.resource/schedule/schedule.js?ln=primefaces HTTP/1.1" 304 -
192.168.1.113 - - [02/Sep/2019:11:06:43 +0200] "GET /RelaxMT/spring/javax.faces.resource/jquery/jquery.js?ln=primefaces HTTP/1.1" 304 -
192.168.1.113 - - [02/Sep/2019:11:06:43 +0200] "GET /RelaxMT/spring/javax.faces.resource/primefaces.css?ln=primefaces HTTP/1.1" 304 -
192.168.1.113 - - [02/Sep/2019:11:06:43 +0200] "GET /RelaxMT/spring/javax.faces.resource/jquery/jquery-plugins.js?ln=primefaces HTTP/1.1" 304 -
192.168.1.113 - - [02/Sep/2019:11:06:43 +0200] "GET /RelaxMT/spring/javax.faces.resource/logo.png?ln=pics HTTP/1.1" 304 -
192.168.1.113 - - [02/Sep/2019:11:06:43 +0200] "POST /RelaxMT/spring/showTherapists?execution=e1s27 HTTP/1.1" 200 239
192.168.1.113 - - [02/Sep/2019:11:06:46 +0200] "POST /RelaxMT/spring/showTherapists?execution=e1s27 HTTP/1.1" 302 -
192.168.1.113 - - [02/Sep/2019:11:06:46 +0200] "GET /RelaxMT/spring/showTherapists?execution=e1s28 HTTP/1.1" 200 33705
192.168.1.113 - - [02/Sep/2019:11:06:46 +0200] "GET /RelaxMT/spring/javax.faces.resource/theme.css?ln=primefaces-aristo HTTP/1.1" 304 -
192.168.1.113 - - [02/Sep/2019:11:06:46 +0200] "GET /RelaxMT/spring/javax.faces.resource/jquery/jquery.js?ln=primefaces HTTP/1.1" 304 -
192.168.1.113 - - [02/Sep/2019:11:06:46 +0200] "GET /RelaxMT/spring/javax.faces.resource/jsf-tablet.css?ln=skins HTTP/1.1" 304 -
192.168.1.113 - - [02/Sep/2019:11:06:46 +0200] "GET /RelaxMT/spring/javax.faces.resource/primefaces.css?ln=primefaces HTTP/1.1" 304 -
192.168.1.113 - - [02/Sep/2019:11:06:46 +0200] "GET /RelaxMT/spring/javax.faces.resource/jquery/jquery-plugins.js?ln=primefaces HTTP/1.1" 304 -
192.168.1.113 - - [02/Sep/2019:11:06:46 +0200] "GET /RelaxMT/spring/javax.faces.resource/primefaces.js?ln=primefaces HTTP/1.1" 304 -
192.168.1.113 - - [02/Sep/2019:11:06:46 +0200] "GET /RelaxMT/spring/javax.faces.resource/logo.png?ln=pics HTTP/1.1" 304 -
192.168.1.113 - - [02/Sep/2019:11:06:46 +0200] "GET /RelaxMT/spring/javax.faces.resource/green_on.png?ln=pics HTTP/1.1" 304 -
192.168.1.113 - - [02/Sep/2019:11:06:46 +0200] "GET /RelaxMT/spring/javax.faces.resource/RGBColorDummy.gif?ln=pics HTTP/1.1" 304 -
192.168.1.152 - - [02/Sep/2019:11:07:14 +0200] "POST /RelaxMT/spring/showTherapists?execution=e3s4 HTTP/1.1" 200 155
192.168.1.152 - - [02/Sep/2019:11:07:14 +0200] "POST /RelaxMT/spring/showTherapists?execution=e3s4 HTTP/1.1" 200 20733
192.168.1.152 - - [02/Sep/2019:11:07:14 +0200] "POST /RelaxMT/spring/showTherapists?execution=e3s4 HTTP/1.1" 200 479
192.168.1.113 - - [02/Sep/2019:11:07:46 +0200] "POST /RelaxMT/spring/showTherapists?execution=e1s28 HTTP/1.1" 200 156
192.168.1.113 - - [02/Sep/2019:11:07:47 +0200] "POST /RelaxMT/spring/showTherapists?execution=e1s28 HTTP/1.1" 200 20719
192.168.1.113 - - [02/Sep/2019:11:07:47 +0200] "POST /RelaxMT/spring/showTherapists?execution=e1s28 HTTP/1.1" 200 480
192.168.1.152 - - [02/Sep/2019:11:08:14 +0200] "POST /RelaxMT/spring/showTherapists?execution=e3s4 HTTP/1.1" 200 155
192.168.1.152 - - [02/Sep/2019:11:08:14 +0200] "POST /RelaxMT/spring/showTherapists?execution=e3s4 HTTP/1.1" 200 20733
192.168.1.152 - - [02/Sep/2019:11:08:14 +0200] "POST /RelaxMT/spring/showTherapists?execution=e3s4 HTTP/1.1" 200 479
192.168.1.113 - - [02/Sep/2019:11:08:46 +0200] "POST /RelaxMT/spring/showTherapists?execution=e1s28 HTTP/1.1" 200 156
192.168.1.113 - - [02/Sep/2019:11:08:47 +0200] "POST /RelaxMT/spring/showTherapists?execution=e1s28 HTTP/1.1" 200 20719
192.168.1.113 - - [02/Sep/2019:11:08:47 +0200] "POST /RelaxMT/spring/showTherapists?execution=e1s28 HTTP/1.1" 200 480
192.168.1.152 - - [02/Sep/2019:11:09:14 +0200] "POST /RelaxMT/spring/showTherapists?execution=e3s4 HTTP/1.1" 200 155
192.168.1.152 - - [02/Sep/2019:11:09:14 +0200] "POST /RelaxMT/spring/showTherapists?execution=e3s4 HTTP/1.1" 200 20733
192.168.1.152 - - [02/Sep/2019:11:09:14 +0200] "POST /RelaxMT/spring/showTherapists?execution=e3s4 HTTP/1.1" 200 479
192.168.1.113 - - [02/Sep/2019:11:09:46 +0200] "POST /RelaxMT/spring/showTherapists?execution=e1s28 HTTP/1.1" 200 156
192.168.1.113 - - [02/Sep/2019:11:09:47 +0200] "POST /RelaxMT/spring/showTherapists?execution=e1s28 HTTP/1.1" 200 20719
192.168.1.113 - - [02/Sep/2019:11:09:47 +0200] "POST /RelaxMT/spring/showTherapists?execution=e1s28 HTTP/1.1" 200 480
192.168.1.152 - - [02/Sep/2019:11:10:14 +0200] "POST /RelaxMT/spring/showTherapists?execution=e3s4 HTTP/1.1" 200 155
192.168.1.152 - - [02/Sep/2019:11:10:14 +0200] "POST /RelaxMT/spring/showTherapists?execution=e3s4 HTTP/1.1" 200 20733
192.168.1.152 - - [02/Sep/2019:11:10:14 +0200] "POST /RelaxMT/spring/showTherapists?execution=e3s4 HTTP/1.1" 200 479
192.168.1.152 - - [02/Sep/2019:11:10:14 +0200] "POST /RelaxMT/spring/showTherapists?execution=e3s4 HTTP/1.1" 200 155
192.168.1.113 - - [02/Sep/2019:11:10:46 +0200] "POST /RelaxMT/spring/showTherapists?execution=e1s28 HTTP/1.1" 200 156
192.168.1.113 - - [02/Sep/2019:11:10:47 +0200] "POST /RelaxMT/spring/showTherapists?execution=e1s28 HTTP/1.1" 200 20691
192.168.1.113 - - [02/Sep/2019:11:10:47 +0200] "POST /RelaxMT/spring/showTherapists?execution=e1s28 HTTP/1.1" 200 480
192.168.1.113 - - [02/Sep/2019:11:10:47 +0200] "GET /RelaxMT/spring/javax.faces.resource/green.gif?ln=pics HTTP/1.1" 304 -
192.168.1.152 - - [02/Sep/2019:11:11:34 +0200] "POST /RelaxMT/spring/showTherapists?execution=e3s4 HTTP/1.1" 200 20733
192.168.1.152 - - [02/Sep/2019:11:11:34 +0200] "POST /RelaxMT/spring/showTherapists?execution=e3s4 HTTP/1.1" 200 479
192.168.1.113 - - [02/Sep/2019:11:11:46 +0200] "POST /RelaxMT/spring/showTherapists?execution=e1s28 HTTP/1.1" 200 156
192.168.1.113 - - [02/Sep/2019:11:11:47 +0200] "POST /RelaxMT/spring/showTherapists?execution=e1s28 HTTP/1.1" 200 20683
192.168.1.113 - - [02/Sep/2019:11:11:47 +0200] "POST /RelaxMT/spring/showTherapists?execution=e1s28 HTTP/1.1" 200 480
192.168.1.152 - - [02/Sep/2019:11:12:14 +0200] "POST /RelaxMT/spring/showTherapists?execution=e3s4 HTTP/1.1" 200 155
192.168.1.152 - - [02/Sep/2019:11:12:14 +0200] "POST /RelaxMT/spring/showTherapists?execution=e3s4 HTTP/1.1" 200 20733
192.168.1.152 - - [02/Sep/2019:11:12:14 +0200] "POST /RelaxMT/spring/showTherapists?execution=e3s4 HTTP/1.1" 200 479
192.168.9.6 - - [02/Sep/2019:11:12:41 +0200] "GET /RelaxMT HTTP/1.1" 302 -
192.168.9.6 - - [02/Sep/2019:11:12:41 +0200] "GET /RelaxMT/ HTTP/1.1" 302 -
192.168.9.6 - - [02/Sep/2019:11:12:42 +0200] "GET /RelaxMT/spring/showTherapists;jsessionid=2039C84F20F7D712DDED3EF9F3DE05E3?execution=e1s1 HTTP/1.1" 200 33939
192.168.9.6 - - [02/Sep/2019:11:12:42 +0200] "GET /RelaxMT/spring/javax.faces.resource/primefaces.css?ln=primefaces HTTP/1.1" 304 -
192.168.9.6 - - [02/Sep/2019:11:12:42 +0200] "GET /RelaxMT/spring/javax.faces.resource/jsf-tablet.css?ln=skins HTTP/1.1" 304 -
192.168.9.6 - - [02/Sep/2019:11:12:42 +0200] "GET /RelaxMT/spring/javax.faces.resource/theme.css?ln=primefaces-aristo HTTP/1.1" 304 -
192.168.9.6 - - [02/Sep/2019:11:12:42 +0200] "GET /RelaxMT/spring/javax.faces.resource/jquery/jquery.js?ln=primefaces HTTP/1.1" 304 -
192.168.9.6 - - [02/Sep/2019:11:12:42 +0200] "GET /RelaxMT/spring/javax.faces.resource/jquery/jquery-plugins.js?ln=primefaces HTTP/1.1" 304 -
192.168.9.6 - - [02/Sep/2019:11:12:42 +0200] "GET /RelaxMT/spring/javax.faces.resource/primefaces.js?ln=primefaces HTTP/1.1" 304 -
192.168.9.6 - - [02/Sep/2019:11:12:42 +0200] "GET /RelaxMT/spring/javax.faces.resource/logo.png?ln=pics HTTP/1.1" 304 -
192.168.9.6 - - [02/Sep/2019:11:12:42 +0200] "GET /RelaxMT/spring/javax.faces.resource/green_on.png?ln=pics HTTP/1.1" 304 -
192.168.9.6 - - [02/Sep/2019:11:12:42 +0200] "GET /RelaxMT/spring/javax.faces.resource/RGBColorDummy.gif?ln=pics HTTP/1.1" 304 -
192.168.9.6 - - [02/Sep/2019:11:12:42 +0200] "GET /RelaxMT/spring/javax.faces.resource/green.gif?ln=pics HTTP/1.1" 304 -
192.168.9.6 - - [02/Sep/2019:11:12:42 +0200] "GET /RelaxMT/spring/javax.faces.resource/images/ui-icons_898989_256x240.png?ln=primefaces-aristo HTTP/1.1" 304 -
192.168.9.6 - - [02/Sep/2019:11:12:42 +0200] "GET /RelaxMT/spring/javax.faces.resource/images/ui-icons_38667f_256x240.png?ln=primefaces-aristo HTTP/1.1" 304 -
192.168.9.6 - - [02/Sep/2019:11:12:42 +0200] "GET /RelaxMT/spring/javax.faces.resource/images/ui-icons_616161_256x240.png?ln=primefaces-aristo HTTP/1.1" 304 -
192.168.9.6 - - [02/Sep/2019:11:12:42 +0200] "GET /favicon.ico HTTP/1.1" 404 1090
192.168.1.113 - - [02/Sep/2019:11:12:46 +0200] "POST /RelaxMT/spring/showTherapists?execution=e1s28 HTTP/1.1" 200 156
192.168.1.113 - - [02/Sep/2019:11:12:47 +0200] "POST /RelaxMT/spring/showTherapists?execution=e1s28 HTTP/1.1" 200 20683
192.168.1.113 - - [02/Sep/2019:11:12:47 +0200] "POST /RelaxMT/spring/showTherapists?execution=e1s28 HTTP/1.1" 200 480
192.168.9.6 - - [02/Sep/2019:11:12:49 +0200] "GET /manager HTTP/1.1" 302 -
192.168.9.6 - - [02/Sep/2019:11:12:49 +0200] "GET /manager/ HTTP/1.1" 302 -
192.168.9.6 - - [02/Sep/2019:11:12:49 +0200] "GET /manager/html HTTP/1.1" 401 2473
192.168.9.6 - - [02/Sep/2019:11:13:00 +0200] "GET /RelaxMT HTTP/1.1" 302 -
192.168.9.6 - - [02/Sep/2019:11:13:00 +0200] "GET /RelaxMT/ HTTP/1.1" 302 -
192.168.9.6 - - [02/Sep/2019:11:13:00 +0200] "GET /RelaxMT/spring/showTherapists;jsessionid=9F3EA4048E262E99EBEA8FAF6F92C58F?execution=e1s1 HTTP/1.1" 200 33939
192.168.9.6 - - [02/Sep/2019:11:13:00 +0200] "GET /RelaxMT/spring/javax.faces.resource/jsf-tablet.css?ln=skins HTTP/1.1" 304 -
192.168.9.6 - - [02/Sep/2019:11:13:00 +0200] "GET /RelaxMT/spring/javax.faces.resource/primefaces.css?ln=primefaces HTTP/1.1" 304 -
192.168.9.6 - - [02/Sep/2019:11:13:00 +0200] "GET /RelaxMT/spring/javax.faces.resource/jquery/jquery.js?ln=primefaces HTTP/1.1" 304 -
192.168.9.6 - - [02/Sep/2019:11:13:00 +0200] "GET /RelaxMT/spring/javax.faces.resource/jquery/jquery-plugins.js?ln=primefaces HTTP/1.1" 304 -
192.168.9.6 - - [02/Sep/2019:11:13:00 +0200] "GET /RelaxMT/spring/javax.faces.resource/primefaces.js?ln=primefaces HTTP/1.1" 304 -
192.168.9.6 - - [02/Sep/2019:11:13:00 +0200] "GET /RelaxMT/spring/javax.faces.resource/theme.css?ln=primefaces-aristo HTTP/1.1" 304 -
192.168.9.6 - - [02/Sep/2019:11:13:00 +0200] "GET /RelaxMT/resources/pics/ajaxloadingbar.gif HTTP/1.1" 304 -
192.168.9.6 - - [02/Sep/2019:11:13:00 +0200] "GET /RelaxMT/spring/javax.faces.resource/logo.png?ln=pics HTTP/1.1" 304 -
192.168.9.6 - - [02/Sep/2019:11:13:00 +0200] "GET /RelaxMT/spring/javax.faces.resource/green_on.png?ln=pics HTTP/1.1" 304 -
192.168.9.6 - - [02/Sep/2019:11:13:00 +0200] "GET /RelaxMT/spring/javax.faces.resource/green.gif?ln=pics HTTP/1.1" 304 -
192.168.9.6 - - [02/Sep/2019:11:13:00 +0200] "GET /RelaxMT/spring/javax.faces.resource/RGBColorDummy.gif?ln=pics HTTP/1.1" 304 -
192.168.9.6 - - [02/Sep/2019:11:13:00 +0200] "GET /RelaxMT/spring/javax.faces.resource/images/ui-icons_38667f_256x240.png?ln=primefaces-aristo HTTP/1.1" 304 -
192.168.9.6 - - [02/Sep/2019:11:13:00 +0200] "GET /RelaxMT/spring/javax.faces.resource/images/ui-icons_898989_256x240.png?ln=primefaces-aristo HTTP/1.1" 304 -
192.168.9.6 - - [02/Sep/2019:11:13:00 +0200] "GET /RelaxMT/spring/javax.faces.resource/images/ui-icons_616161_256x240.png?ln=primefaces-aristo HTTP/1.1" 304 -
192.168.9.6 - - [02/Sep/2019:11:13:00 +0200] "GET /favicon.ico HTTP/1.1" 404 1090
192.168.1.152 - - [02/Sep/2019:11:13:14 +0200] "POST /RelaxMT/spring/showTherapists?execution=e3s4 HTTP/1.1" 200 155
192.168.1.152 - - [02/Sep/2019:11:13:14 +0200] "POST /RelaxMT/spring/showTherapists?execution=e3s4 HTTP/1.1" 200 20733
192.168.1.152 - - [02/Sep/2019:11:13:14 +0200] "POST /RelaxMT/spring/showTherapists?execution=e3s4 HTTP/1.1" 200 479
192.168.1.152 - - [02/Sep/2019:11:13:25 +0200] "POST /RelaxMT/spring/showTherapists?execution=e3s4 HTTP/1.1" 302 -
192.168.1.152 - - [02/Sep/2019:11:13:25 +0200] "GET /RelaxMT/spring/showTherapists?execution=e3s5 HTTP/1.1" 200 11252
192.168.1.152 - - [02/Sep/2019:11:13:26 +0200] "GET /RelaxMT/spring/javax.faces.resource/theme.css?ln=primefaces-aristo HTTP/1.1" 304 -
192.168.1.152 - - [02/Sep/2019:11:13:26 +0200] "GET /RelaxMT/spring/javax.faces.resource/logo.png?ln=pics HTTP/1.1" 304 -
192.168.1.152 - - [02/Sep/2019:11:13:26 +0200] "GET /RelaxMT/spring/javax.faces.resource/jsf-tablet.css?ln=skins HTTP/1.1" 304 -
192.168.1.152 - - [02/Sep/2019:11:13:26 +0200] "GET /RelaxMT/spring/javax.faces.resource/primefaces.js?ln=primefaces HTTP/1.1" 304 -
192.168.1.152 - - [02/Sep/2019:11:13:26 +0200] "GET /RelaxMT/spring/javax.faces.resource/primefaces.css?ln=primefaces HTTP/1.1" 304 -
192.168.1.152 - - [02/Sep/2019:11:13:26 +0200] "GET /RelaxMT/spring/javax.faces.resource/jquery/jquery-plugins.js?ln=primefaces HTTP/1.1" 304 -
192.168.1.152 - - [02/Sep/2019:11:13:26 +0200] "GET /RelaxMT/spring/javax.faces.resource/jquery/jquery.js?ln=primefaces HTTP/1.1" 304 -
192.168.1.152 - - [02/Sep/2019:11:13:26 +0200] "GET /RelaxMT/spring/javax.faces.resource/images/ui-icons_38667f_256x240.png?ln=primefaces-aristo HTTP/1.1" 304 -
192.168.1.152 - - [02/Sep/2019:11:13:26 +0200] "GET /RelaxMT/spring/javax.faces.resource/images/ui-icons_898989_256x240.png?ln=primefaces-aristo HTTP/1.1" 304 -
192.168.1.152 - - [02/Sep/2019:11:13:26 +0200] "GET /RelaxMT/spring/javax.faces.resource/images/ui-icons_616161_256x240.png?ln=primefaces-aristo HTTP/1.1" 304 -
192.168.1.152 - - [02/Sep/2019:11:13:33 +0200] "GET /RelaxMT/spring/javax.faces.resource/images/ui-bg_flat_0_2d5972_40x100.png?ln=primefaces-aristo HTTP/1.1" 304 -
192.168.1.152 - - [02/Sep/2019:11:13:33 +0200] "POST /RelaxMT/spring/showTherapists?execution=e3s5 HTTP/1.1" 200 149
192.168.1.152 - - [02/Sep/2019:11:13:33 +0200] "GET /RelaxMT/spring/showTherapists?execution=e3s6 HTTP/1.1" 200 15461
192.168.1.152 - - [02/Sep/2019:11:13:33 +0200] "GET /RelaxMT/spring/javax.faces.resource/jsf-tablet.css?ln=skins HTTP/1.1" 304 -
192.168.1.152 - - [02/Sep/2019:11:13:33 +0200] "GET /RelaxMT/spring/javax.faces.resource/theme.css?ln=primefaces-aristo HTTP/1.1" 304 -
192.168.1.152 - - [02/Sep/2019:11:13:33 +0200] "GET /RelaxMT/spring/javax.faces.resource/primefaces.css?ln=primefaces HTTP/1.1" 304 -
192.168.1.152 - - [02/Sep/2019:11:13:33 +0200] "GET /RelaxMT/spring/javax.faces.resource/jquery/jquery.js?ln=primefaces HTTP/1.1" 304 -
192.168.1.152 - - [02/Sep/2019:11:13:33 +0200] "GET /RelaxMT/spring/javax.faces.resource/jquery/jquery-plugins.js?ln=primefaces HTTP/1.1" 304 -
192.168.1.152 - - [02/Sep/2019:11:13:33 +0200] "GET /RelaxMT/spring/javax.faces.resource/primefaces.js?ln=primefaces HTTP/1.1" 304 -
192.168.1.152 - - [02/Sep/2019:11:13:33 +0200] "GET /RelaxMT/spring/javax.faces.resource/logo.png?ln=pics HTTP/1.1" 304 -
192.168.1.152 - - [02/Sep/2019:11:13:33 +0200] "GET /RelaxMT/spring/javax.faces.resource/schedule/schedule.css?ln=primefaces HTTP/1.1" 304 -
192.168.1.152 - - [02/Sep/2019:11:13:34 +0200] "GET /RelaxMT/spring/javax.faces.resource/schedule/schedule.js?ln=primefaces HTTP/1.1" 304 -
192.168.1.152 - - [02/Sep/2019:11:13:34 +0200] "POST /RelaxMT/spring/showTherapists?execution=e3s6 HTTP/1.1" 200 9240
192.168.9.6 - - [02/Sep/2019:11:13:42 +0200] "GET /RelaxMT/spring/javax.faces.resource/images/ui-bg_flat_0_2d5972_40x100.png?ln=primefaces-aristo HTTP/1.1" 304 -
192.168.9.6 - - [02/Sep/2019:11:13:42 +0200] "POST /RelaxMT/spring/showTherapists;jsessionid=2039C84F20F7D712DDED3EF9F3DE05E3?execution=e1s1 HTTP/1.1" 200 155
192.168.9.6 - - [02/Sep/2019:11:13:43 +0200] "POST /RelaxMT/spring/showTherapists;jsessionid=2039C84F20F7D712DDED3EF9F3DE05E3?execution=e1s1 HTTP/1.1" 200 20682
192.168.9.6 - - [02/Sep/2019:11:13:43 +0200] "POST /RelaxMT/spring/showTherapists;jsessionid=2039C84F20F7D712DDED3EF9F3DE05E3?execution=e1s1 HTTP/1.1" 200 479
192.168.1.113 - - [02/Sep/2019:11:13:46 +0200] "POST /RelaxMT/spring/showTherapists?execution=e1s28 HTTP/1.1" 200 156
192.168.1.113 - - [02/Sep/2019:11:13:47 +0200] "POST /RelaxMT/spring/showTherapists?execution=e1s28 HTTP/1.1" 200 20683
192.168.1.113 - - [02/Sep/2019:11:13:47 +0200] "POST /RelaxMT/spring/showTherapists?execution=e1s28 HTTP/1.1" 200 480
192.168.1.152 - - [02/Sep/2019:11:13:56 +0200] "POST /RelaxMT/spring/showTherapists?execution=e3s6 HTTP/1.1" 200 8844
192.168.1.152 - - [02/Sep/2019:11:14:01 +0200] "POST /RelaxMT/spring/showTherapists?execution=e3s6 HTTP/1.1" 200 4673
192.168.1.152 - - [02/Sep/2019:11:14:06 +0200] "GET /RelaxMT/spring/javax.faces.resource/images/ui-icons_38667f_256x240.png?ln=primefaces-aristo HTTP/1.1" 304 -
192.168.1.152 - - [02/Sep/2019:11:14:06 +0200] "POST /RelaxMT/spring/showTherapists?execution=e3s6 HTTP/1.1" 302 -
192.168.1.152 - - [02/Sep/2019:11:14:06 +0200] "GET /RelaxMT/spring/showTherapists?execution=e3s7 HTTP/1.1" 200 33763
192.168.1.152 - - [02/Sep/2019:11:14:06 +0200] "GET /RelaxMT/spring/javax.faces.resource/theme.css?ln=primefaces-aristo HTTP/1.1" 304 -
192.168.1.152 - - [02/Sep/2019:11:14:06 +0200] "GET /RelaxMT/spring/javax.faces.resource/jsf-tablet.css?ln=skins HTTP/1.1" 304 -
192.168.1.152 - - [02/Sep/2019:11:14:06 +0200] "GET /RelaxMT/spring/javax.faces.resource/primefaces.css?ln=primefaces HTTP/1.1" 304 -
192.168.1.152 - - [02/Sep/2019:11:14:06 +0200] "GET /RelaxMT/spring/javax.faces.resource/jquery/jquery.js?ln=primefaces HTTP/1.1" 304 -
192.168.1.152 - - [02/Sep/2019:11:14:06 +0200] "GET /RelaxMT/spring/javax.faces.resource/primefaces.js?ln=primefaces HTTP/1.1" 304 -
192.168.1.152 - - [02/Sep/2019:11:14:06 +0200] "GET /RelaxMT/spring/javax.faces.resource/logo.png?ln=pics HTTP/1.1" 304 -
192.168.1.152 - - [02/Sep/2019:11:14:06 +0200] "GET /RelaxMT/spring/javax.faces.resource/jquery/jquery-plugins.js?ln=primefaces HTTP/1.1" 304 -
192.168.1.152 - - [02/Sep/2019:11:14:06 +0200] "GET /RelaxMT/spring/javax.faces.resource/green_on.png?ln=pics HTTP/1.1" 304 -
192.168.1.152 - - [02/Sep/2019:11:14:06 +0200] "GET /RelaxMT/spring/javax.faces.resource/green.gif?ln=pics HTTP/1.1" 304 -
192.168.1.152 - - [02/Sep/2019:11:14:06 +0200] "GET /RelaxMT/spring/javax.faces.resource/RGBColorDummy.gif?ln=pics HTTP/1.1" 304 -
192.168.9.6 - - [02/Sep/2019:11:14:42 +0200] "POST /RelaxMT/spring/showTherapists;jsessionid=2039C84F20F7D712DDED3EF9F3DE05E3?execution=e1s1 HTTP/1.1" 200 155
192.168.9.6 - - [02/Sep/2019:11:14:43 +0200] "POST /RelaxMT/spring/showTherapists;jsessionid=2039C84F20F7D712DDED3EF9F3DE05E3?execution=e1s1 HTTP/1.1" 200 20682
192.168.9.6 - - [02/Sep/2019:11:14:43 +0200] "POST /RelaxMT/spring/showTherapists;jsessionid=2039C84F20F7D712DDED3EF9F3DE05E3?execution=e1s1 HTTP/1.1" 200 479
192.168.1.113 - - [02/Sep/2019:11:14:46 +0200] "POST /RelaxMT/spring/showTherapists?execution=e1s28 HTTP/1.1" 200 156
192.168.1.113 - - [02/Sep/2019:11:14:47 +0200] "POST /RelaxMT/spring/showTherapists?execution=e1s28 HTTP/1.1" 200 20683
192.168.1.113 - - [02/Sep/2019:11:14:47 +0200] "POST /RelaxMT/spring/showTherapists?execution=e1s28 HTTP/1.1" 200 480
192.168.1.152 - - [02/Sep/2019:11:15:07 +0200] "POST /RelaxMT/spring/showTherapists?execution=e3s7 HTTP/1.1" 200 155
192.168.1.152 - - [02/Sep/2019:11:15:07 +0200] "POST /RelaxMT/spring/showTherapists?execution=e3s7 HTTP/1.1" 200 20682
192.168.1.152 - - [02/Sep/2019:11:15:07 +0200] "POST /RelaxMT/spring/showTherapists?execution=e3s7 HTTP/1.1" 200 479
192.168.9.6 - - [02/Sep/2019:11:15:42 +0200] "POST /RelaxMT/spring/showTherapists;jsessionid=2039C84F20F7D712DDED3EF9F3DE05E3?execution=e1s1 HTTP/1.1" 200 155
192.168.9.6 - - [02/Sep/2019:11:15:43 +0200] "POST /RelaxMT/spring/showTherapists;jsessionid=2039C84F20F7D712DDED3EF9F3DE05E3?execution=e1s1 HTTP/1.1" 200 20682
192.168.9.6 - - [02/Sep/2019:11:15:43 +0200] "POST /RelaxMT/spring/showTherapists;jsessionid=2039C84F20F7D712DDED3EF9F3DE05E3?execution=e1s1 HTTP/1.1" 200 479
192.168.1.113 - - [02/Sep/2019:11:15:46 +0200] "POST /RelaxMT/spring/showTherapists?execution=e1s28 HTTP/1.1" 200 156
192.168.1.113 - - [02/Sep/2019:11:15:47 +0200] "POST /RelaxMT/spring/showTherapists?execution=e1s28 HTTP/1.1" 200 20683
192.168.1.113 - - [02/Sep/2019:11:15:47 +0200] "POST /RelaxMT/spring/showTherapists?execution=e1s28 HTTP/1.1" 200 480
192.168.1.152 - - [02/Sep/2019:11:16:07 +0200] "POST /RelaxMT/spring/showTherapists?execution=e3s7 HTTP/1.1" 200 155
192.168.1.152 - - [02/Sep/2019:11:16:07 +0200] "POST /RelaxMT/spring/showTherapists?execution=e3s7 HTTP/1.1" 200 20646
192.168.1.152 - - [02/Sep/2019:11:16:07 +0200] "POST /RelaxMT/spring/showTherapists?execution=e3s7 HTTP/1.1" 200 479
192.168.9.6 - - [02/Sep/2019:11:16:42 +0200] "POST /RelaxMT/spring/showTherapists;jsessionid=2039C84F20F7D712DDED3EF9F3DE05E3?execution=e1s1 HTTP/1.1" 200 155
192.168.9.6 - - [02/Sep/2019:11:16:42 +0200] "POST /RelaxMT/spring/showTherapists;jsessionid=2039C84F20F7D712DDED3EF9F3DE05E3?execution=e1s1 HTTP/1.1" 200 20646
192.168.9.6 - - [02/Sep/2019:11:16:43 +0200] "POST /RelaxMT/spring/showTherapists;jsessionid=2039C84F20F7D712DDED3EF9F3DE05E3?execution=e1s1 HTTP/1.1" 200 479
192.168.1.113 - - [02/Sep/2019:11:16:46 +0200] "POST /RelaxMT/spring/showTherapists?execution=e1s28 HTTP/1.1" 200 156
192.168.1.113 - - [02/Sep/2019:11:16:47 +0200] "POST /RelaxMT/spring/showTherapists?execution=e1s28 HTTP/1.1" 200 20647
192.168.1.113 - - [02/Sep/2019:11:16:47 +0200] "POST /RelaxMT/spring/showTherapists?execution=e1s28 HTTP/1.1" 200 480
192.168.1.152 - - [02/Sep/2019:11:17:07 +0200] "POST /RelaxMT/spring/showTherapists?execution=e3s7 HTTP/1.1" 200 155
192.168.1.152 - - [02/Sep/2019:11:17:07 +0200] "POST /RelaxMT/spring/showTherapists?execution=e3s7 HTTP/1.1" 200 20646
192.168.1.152 - - [02/Sep/2019:11:17:07 +0200] "POST /RelaxMT/spring/showTherapists?execution=e3s7 HTTP/1.1" 200 479
192.168.9.6 - - [02/Sep/2019:11:17:42 +0200] "POST /RelaxMT/spring/showTherapists;jsessionid=2039C84F20F7D712DDED3EF9F3DE05E3?execution=e1s1 HTTP/1.1" 200 155
192.168.9.6 - - [02/Sep/2019:11:17:42 +0200] "POST /RelaxMT/spring/showTherapists;jsessionid=2039C84F20F7D712DDED3EF9F3DE05E3?execution=e1s1 HTTP/1.1" 200 20646
192.168.9.6 - - [02/Sep/2019:11:17:43 +0200] "POST /RelaxMT/spring/showTherapists;jsessionid=2039C84F20F7D712DDED3EF9F3DE05E3?execution=e1s1 HTTP/1.1" 200 479
192.168.1.113 - - [02/Sep/2019:11:17:46 +0200] "POST /RelaxMT/spring/showTherapists?execution=e1s28 HTTP/1.1" 200 156
192.168.1.113 - - [02/Sep/2019:11:17:47 +0200] "POST /RelaxMT/spring/showTherapists?execution=e1s28 HTTP/1.1" 200 20647
192.168.1.113 - - [02/Sep/2019:11:17:47 +0200] "POST /RelaxMT/spring/showTherapists?execution=e1s28 HTTP/1.1" 200 480
192.168.1.152 - - [02/Sep/2019:11:18:07 +0200] "POST /RelaxMT/spring/showTherapists?execution=e3s7 HTTP/1.1" 200 155
192.168.1.152 - - [02/Sep/2019:11:18:07 +0200] "POST /RelaxMT/spring/showTherapists?execution=e3s7 HTTP/1.1" 200 20646
192.168.1.152 - - [02/Sep/2019:11:18:07 +0200] "POST /RelaxMT/spring/showTherapists?execution=e3s7 HTTP/1.1" 200 479
192.168.9.6 - - [02/Sep/2019:11:18:42 +0200] "POST /RelaxMT/spring/showTherapists;jsessionid=2039C84F20F7D712DDED3EF9F3DE05E3?execution=e1s1 HTTP/1.1" 200 155
192.168.9.6 - - [02/Sep/2019:11:18:43 +0200] "POST /RelaxMT/spring/showTherapists;jsessionid=2039C84F20F7D712DDED3EF9F3DE05E3?execution=e1s1 HTTP/1.1" 200 20646
192.168.9.6 - - [02/Sep/2019:11:18:43 +0200] "POST /RelaxMT/spring/showTherapists;jsessionid=2039C84F20F7D712DDED3EF9F3DE05E3?execution=e1s1 HTTP/1.1" 200 479
192.168.1.113 - - [02/Sep/2019:11:18:46 +0200] "POST /RelaxMT/spring/showTherapists?execution=e1s28 HTTP/1.1" 200 156
192.168.1.113 - - [02/Sep/2019:11:18:47 +0200] "POST /RelaxMT/spring/showTherapists?execution=e1s28 HTTP/1.1" 200 20647
192.168.1.113 - - [02/Sep/2019:11:18:47 +0200] "POST /RelaxMT/spring/showTherapists?execution=e1s28 HTTP/1.1" 200 480
192.168.1.152 - - [02/Sep/2019:11:19:07 +0200] "POST /RelaxMT/spring/showTherapists?execution=e3s7 HTTP/1.1" 200 155
192.168.1.152 - - [02/Sep/2019:11:19:07 +0200] "POST /RelaxMT/spring/showTherapists?execution=e3s7 HTTP/1.1" 200 20646
192.168.1.152 - - [02/Sep/2019:11:19:07 +0200] "POST /RelaxMT/spring/showTherapists?execution=e3s7 HTTP/1.1" 200 479
192.168.9.6 - - [02/Sep/2019:11:19:42 +0200] "POST /RelaxMT/spring/showTherapists;jsessionid=2039C84F20F7D712DDED3EF9F3DE05E3?execution=e1s1 HTTP/1.1" 200 155
192.168.9.6 - - [02/Sep/2019:11:19:42 +0200] "POST /RelaxMT/spring/showTherapists;jsessionid=2039C84F20F7D712DDED3EF9F3DE05E3?execution=e1s1 HTTP/1.1" 200 20646
192.168.9.6 - - [02/Sep/2019:11:19:43 +0200] "POST /RelaxMT/spring/showTherapists;jsessionid=2039C84F20F7D712DDED3EF9F3DE05E3?execution=e1s1 HTTP/1.1" 200 479
192.168.1.113 - - [02/Sep/2019:11:19:46 +0200] "POST /RelaxMT/spring/showTherapists?execution=e1s28 HTTP/1.1" 200 156
192.168.1.113 - - [02/Sep/2019:11:19:47 +0200] "POST /RelaxMT/spring/showTherapists?execution=e1s28 HTTP/1.1" 200 20647
192.168.1.113 - - [02/Sep/2019:11:19:47 +0200] "POST /RelaxMT/spring/showTherapists?execution=e1s28 HTTP/1.1" 200 480
192.168.1.152 - - [02/Sep/2019:11:20:07 +0200] "POST /RelaxMT/spring/showTherapists?execution=e3s7 HTTP/1.1" 200 155
192.168.1.152 - - [02/Sep/2019:11:20:07 +0200] "POST /RelaxMT/spring/showTherapists?execution=e3s7 HTTP/1.1" 200 20760
192.168.1.152 - - [02/Sep/2019:11:20:07 +0200] "POST /RelaxMT/spring/showTherapists?execution=e3s7 HTTP/1.1" 200 479
192.168.9.6 - - [02/Sep/2019:11:20:42 +0200] "POST /RelaxMT/spring/showTherapists;jsessionid=2039C84F20F7D712DDED3EF9F3DE05E3?execution=e1s1 HTTP/1.1" 200 155
192.168.9.6 - - [02/Sep/2019:11:20:43 +0200] "POST /RelaxMT/spring/showTherapists;jsessionid=2039C84F20F7D712DDED3EF9F3DE05E3?execution=e1s1 HTTP/1.1" 200 20760
192.168.9.6 - - [02/Sep/2019:11:20:43 +0200] "POST /RelaxMT/spring/showTherapists;jsessionid=2039C84F20F7D712DDED3EF9F3DE05E3?execution=e1s1 HTTP/1.1" 200 479
192.168.1.113 - - [02/Sep/2019:11:20:45 +0200] "POST /RelaxMT/spring/showTherapists?execution=e1s28 HTTP/1.1" 200 16796
192.168.1.113 - - [02/Sep/2019:11:20:46 +0200] "POST /RelaxMT/spring/showTherapists?execution=e1s28 HTTP/1.1" 200 156
192.168.1.113 - - [02/Sep/2019:11:20:47 +0200] "POST /RelaxMT/spring/showTherapists?execution=e1s28 HTTP/1.1" 200 20759
192.168.1.113 - - [02/Sep/2019:11:20:47 +0200] "POST /RelaxMT/spring/showTherapists?execution=e1s28 HTTP/1.1" 200 480
192.168.1.113 - - [02/Sep/2019:11:20:51 +0200] "POST /RelaxMT/spring/showTherapists?execution=e1s28 HTTP/1.1" 200 16594
192.168.1.113 - - [02/Sep/2019:11:20:54 +0200] "POST /RelaxMT/spring/showTherapists?execution=e1s28 HTTP/1.1" 200 15757
192.168.1.113 - - [02/Sep/2019:11:20:57 +0200] "POST /RelaxMT/spring/showTherapists?execution=e1s28 HTTP/1.1" 200 16594
192.168.1.113 - - [02/Sep/2019:11:20:59 +0200] "POST /RelaxMT/spring/showTherapists?execution=e1s28 HTTP/1.1" 200 16780
192.168.1.152 - - [02/Sep/2019:11:21:07 +0200] "POST /RelaxMT/spring/showTherapists?execution=e3s7 HTTP/1.1" 200 155
192.168.1.152 - - [02/Sep/2019:11:21:07 +0200] "POST /RelaxMT/spring/showTherapists?execution=e3s7 HTTP/1.1" 200 20760
192.168.1.152 - - [02/Sep/2019:11:21:07 +0200] "POST /RelaxMT/spring/showTherapists?execution=e3s7 HTTP/1.1" 200 479
192.168.9.6 - - [02/Sep/2019:11:21:42 +0200] "POST /RelaxMT/spring/showTherapists;jsessionid=2039C84F20F7D712DDED3EF9F3DE05E3?execution=e1s1 HTTP/1.1" 200 155
192.168.9.6 - - [02/Sep/2019:11:21:43 +0200] "POST /RelaxMT/spring/showTherapists;jsessionid=2039C84F20F7D712DDED3EF9F3DE05E3?execution=e1s1 HTTP/1.1" 200 20760
192.168.9.6 - - [02/Sep/2019:11:21:43 +0200] "POST /RelaxMT/spring/showTherapists;jsessionid=2039C84F20F7D712DDED3EF9F3DE05E3?execution=e1s1 HTTP/1.1" 200 479
192.168.1.113 - - [02/Sep/2019:11:21:46 +0200] "POST /RelaxMT/spring/showTherapists?execution=e1s28 HTTP/1.1" 200 156
192.168.1.113 - - [02/Sep/2019:11:21:47 +0200] "POST /RelaxMT/spring/showTherapists?execution=e1s28 HTTP/1.1" 200 20743
192.168.1.113 - - [02/Sep/2019:11:21:47 +0200] "POST /RelaxMT/spring/showTherapists?execution=e1s28 HTTP/1.1" 200 480
192.168.1.152 - - [02/Sep/2019:11:23:36 +0200] "POST /RelaxMT/spring/showTherapists?execution=e3s7 HTTP/1.1" 200 155
192.168.1.152 - - [02/Sep/2019:11:23:36 +0200] "POST /RelaxMT/spring/showTherapists?execution=e3s7 HTTP/1.1" 200 20760
192.168.1.152 - - [02/Sep/2019:11:23:37 +0200] "POST /RelaxMT/spring/showTherapists?execution=e3s7 HTTP/1.1" 200 479
192.168.9.6 - - [02/Sep/2019:11:23:42 +0200] "POST /RelaxMT/spring/showTherapists;jsessionid=2039C84F20F7D712DDED3EF9F3DE05E3?execution=e1s1 HTTP/1.1" 200 155
192.168.9.6 - - [02/Sep/2019:11:23:43 +0200] "POST /RelaxMT/spring/showTherapists;jsessionid=2039C84F20F7D712DDED3EF9F3DE05E3?execution=e1s1 HTTP/1.1" 200 20760
192.168.9.6 - - [02/Sep/2019:11:23:43 +0200] "POST /RelaxMT/spring/showTherapists;jsessionid=2039C84F20F7D712DDED3EF9F3DE05E3?execution=e1s1 HTTP/1.1" 200 479
192.168.1.113 - - [02/Sep/2019:11:23:47 +0200] "POST /RelaxMT/spring/showTherapists?execution=e1s28 HTTP/1.1" 200 156
192.168.1.113 - - [02/Sep/2019:11:23:47 +0200] "POST /RelaxMT/spring/showTherapists?execution=e1s28 HTTP/1.1" 200 20761
192.168.1.113 - - [02/Sep/2019:11:23:47 +0200] "POST /RelaxMT/spring/showTherapists?execution=e1s28 HTTP/1.1" 200 480
192.168.1.152 - - [02/Sep/2019:11:24:07 +0200] "POST /RelaxMT/spring/showTherapists?execution=e3s7 HTTP/1.1" 200 155
192.168.1.152 - - [02/Sep/2019:11:24:07 +0200] "POST /RelaxMT/spring/showTherapists?execution=e3s7 HTTP/1.1" 200 20760
192.168.1.152 - - [02/Sep/2019:11:24:07 +0200] "POST /RelaxMT/spring/showTherapists?execution=e3s7 HTTP/1.1" 200 479
192.168.9.6 - - [02/Sep/2019:11:24:42 +0200] "POST /RelaxMT/spring/showTherapists;jsessionid=2039C84F20F7D712DDED3EF9F3DE05E3?execution=e1s1 HTTP/1.1" 200 155
192.168.9.6 - - [02/Sep/2019:11:24:43 +0200] "POST /RelaxMT/spring/showTherapists;jsessionid=2039C84F20F7D712DDED3EF9F3DE05E3?execution=e1s1 HTTP/1.1" 200 20760
192.168.9.6 - - [02/Sep/2019:11:24:43 +0200] "POST /RelaxMT/spring/showTherapists;jsessionid=2039C84F20F7D712DDED3EF9F3DE05E3?execution=e1s1 HTTP/1.1" 200 479
192.168.1.113 - - [02/Sep/2019:11:24:46 +0200] "POST /RelaxMT/spring/showTherapists?execution=e1s28 HTTP/1.1" 200 156
192.168.1.113 - - [02/Sep/2019:11:24:47 +0200] "POST /RelaxMT/spring/showTherapists?execution=e1s28 HTTP/1.1" 200 20761
192.168.1.113 - - [02/Sep/2019:11:24:47 +0200] "POST /RelaxMT/spring/showTherapists?execution=e1s28 HTTP/1.1" 200 480
192.168.1.152 - - [02/Sep/2019:11:25:07 +0200] "POST /RelaxMT/spring/showTherapists?execution=e3s7 HTTP/1.1" 200 155
192.168.1.152 - - [02/Sep/2019:11:25:07 +0200] "POST /RelaxMT/spring/showTherapists?execution=e3s7 HTTP/1.1" 200 20760
192.168.1.152 - - [02/Sep/2019:11:25:07 +0200] "POST /RelaxMT/spring/showTherapists?execution=e3s7 HTTP/1.1" 200 479
192.168.9.6 - - [02/Sep/2019:11:25:42 +0200] "POST /RelaxMT/spring/showTherapists;jsessionid=2039C84F20F7D712DDED3EF9F3DE05E3?execution=e1s1 HTTP/1.1" 200 155
192.168.9.6 - - [02/Sep/2019:11:25:42 +0200] "POST /RelaxMT/spring/showTherapists;jsessionid=2039C84F20F7D712DDED3EF9F3DE05E3?execution=e1s1 HTTP/1.1" 200 20760
192.168.9.6 - - [02/Sep/2019:11:25:42 +0200] "POST /RelaxMT/spring/showTherapists;jsessionid=2039C84F20F7D712DDED3EF9F3DE05E3?execution=e1s1 HTTP/1.1" 200 479
192.168.1.113 - - [02/Sep/2019:11:25:46 +0200] "POST /RelaxMT/spring/showTherapists?execution=e1s28 HTTP/1.1" 200 156
192.168.1.113 - - [02/Sep/2019:11:25:47 +0200] "POST /RelaxMT/spring/showTherapists?execution=e1s28 HTTP/1.1" 200 20761
192.168.1.113 - - [02/Sep/2019:11:25:47 +0200] "POST /RelaxMT/spring/showTherapists?execution=e1s28 HTTP/1.1" 200 480
192.168.1.152 - - [02/Sep/2019:11:26:07 +0200] "POST /RelaxMT/spring/showTherapists?execution=e3s7 HTTP/1.1" 200 155
192.168.1.152 - - [02/Sep/2019:11:26:07 +0200] "POST /RelaxMT/spring/showTherapists?execution=e3s7 HTTP/1.1" 200 20760
192.168.1.152 - - [02/Sep/2019:11:26:07 +0200] "POST /RelaxMT/spring/showTherapists?execution=e3s7 HTTP/1.1" 200 479
192.168.9.6 - - [02/Sep/2019:11:26:42 +0200] "POST /RelaxMT/spring/showTherapists;jsessionid=2039C84F20F7D712DDED3EF9F3DE05E3?execution=e1s1 HTTP/1.1" 200 155
192.168.9.6 - - [02/Sep/2019:11:26:42 +0200] "POST /RelaxMT/spring/showTherapists;jsessionid=2039C84F20F7D712DDED3EF9F3DE05E3?execution=e1s1 HTTP/1.1" 200 20760
192.168.9.6 - - [02/Sep/2019:11:26:42 +0200] "POST /RelaxMT/spring/showTherapists;jsessionid=2039C84F20F7D712DDED3EF9F3DE05E3?execution=e1s1 HTTP/1.1" 200 479
192.168.1.113 - - [02/Sep/2019:11:26:46 +0200] "POST /RelaxMT/spring/showTherapists?execution=e1s28 HTTP/1.1" 200 156
192.168.1.113 - - [02/Sep/2019:11:26:47 +0200] "POST /RelaxMT/spring/showTherapists?execution=e1s28 HTTP/1.1" 200 20761
192.168.1.113 - - [02/Sep/2019:11:26:47 +0200] "POST /RelaxMT/spring/showTherapists?execution=e1s28 HTTP/1.1" 200 480
192.168.1.113 - - [02/Sep/2019:11:26:47 +0200] "POST /RelaxMT/spring/showTherapists?execution=e1s28 HTTP/1.1" 200 156
192.168.1.152 - - [02/Sep/2019:11:27:07 +0200] "POST /RelaxMT/spring/showTherapists?execution=e3s7 HTTP/1.1" 200 155
192.168.1.152 - - [02/Sep/2019:11:27:07 +0200] "POST /RelaxMT/spring/showTherapists?execution=e3s7 HTTP/1.1" 200 20760
192.168.1.152 - - [02/Sep/2019:11:27:07 +0200] "POST /RelaxMT/spring/showTherapists?execution=e3s7 HTTP/1.1" 200 479
192.168.9.6 - - [02/Sep/2019:11:27:42 +0200] "POST /RelaxMT/spring/showTherapists;jsessionid=2039C84F20F7D712DDED3EF9F3DE05E3?execution=e1s1 HTTP/1.1" 200 155
192.168.9.6 - - [02/Sep/2019:11:27:42 +0200] "POST /RelaxMT/spring/showTherapists;jsessionid=2039C84F20F7D712DDED3EF9F3DE05E3?execution=e1s1 HTTP/1.1" 200 20760
192.168.9.6 - - [02/Sep/2019:11:27:42 +0200] "POST /RelaxMT/spring/showTherapists;jsessionid=2039C84F20F7D712DDED3EF9F3DE05E3?execution=e1s1 HTTP/1.1" 200 479
192.168.1.113 - - [02/Sep/2019:11:27:46 +0200] "POST /RelaxMT/spring/showTherapists?execution=e1s28 HTTP/1.1" 200 156
192.168.1.113 - - [02/Sep/2019:11:27:47 +0200] "POST /RelaxMT/spring/showTherapists?execution=e1s28 HTTP/1.1" 200 20761
192.168.1.113 - - [02/Sep/2019:11:27:47 +0200] "POST /RelaxMT/spring/showTherapists?execution=e1s28 HTTP/1.1" 200 480
192.168.1.152 - - [02/Sep/2019:11:28:07 +0200] "POST /RelaxMT/spring/showTherapists?execution=e3s7 HTTP/1.1" 200 155
192.168.1.152 - - [02/Sep/2019:11:28:07 +0200] "POST /RelaxMT/spring/showTherapists?execution=e3s7 HTTP/1.1" 200 20760
192.168.1.152 - - [02/Sep/2019:11:28:07 +0200] "POST /RelaxMT/spring/showTherapists?execution=e3s7 HTTP/1.1" 200 479
192.168.9.6 - - [02/Sep/2019:11:28:42 +0200] "POST /RelaxMT/spring/showTherapists;jsessionid=2039C84F20F7D712DDED3EF9F3DE05E3?execution=e1s1 HTTP/1.1" 200 155
192.168.9.6 - - [02/Sep/2019:11:28:42 +0200] "POST /RelaxMT/spring/showTherapists;jsessionid=2039C84F20F7D712DDED3EF9F3DE05E3?execution=e1s1 HTTP/1.1" 200 20760
192.168.9.6 - - [02/Sep/2019:11:28:42 +0200] "POST /RelaxMT/spring/showTherapists;jsessionid=2039C84F20F7D712DDED3EF9F3DE05E3?execution=e1s1 HTTP/1.1" 200 479
192.168.1.113 - - [02/Sep/2019:11:28:46 +0200] "POST /RelaxMT/spring/showTherapists?execution=e1s28 HTTP/1.1" 200 156
192.168.1.113 - - [02/Sep/2019:11:28:47 +0200] "POST /RelaxMT/spring/showTherapists?execution=e1s28 HTTP/1.1" 200 20761
192.168.1.113 - - [02/Sep/2019:11:28:47 +0200] "POST /RelaxMT/spring/showTherapists?execution=e1s28 HTTP/1.1" 200 480
192.168.1.152 - - [02/Sep/2019:11:29:07 +0200] "POST /RelaxMT/spring/showTherapists?execution=e3s7 HTTP/1.1" 200 155
192.168.1.152 - - [02/Sep/2019:11:29:07 +0200] "POST /RelaxMT/spring/showTherapists?execution=e3s7 HTTP/1.1" 200 20760
192.168.1.152 - - [02/Sep/2019:11:29:07 +0200] "POST /RelaxMT/spring/showTherapists?execution=e3s7 HTTP/1.1" 200 479
192.168.9.6 - - [02/Sep/2019:11:29:42 +0200] "POST /RelaxMT/spring/showTherapists;jsessionid=2039C84F20F7D712DDED3EF9F3DE05E3?execution=e1s1 HTTP/1.1" 200 155
192.168.9.6 - - [02/Sep/2019:11:29:42 +0200] "POST /RelaxMT/spring/showTherapists;jsessionid=2039C84F20F7D712DDED3EF9F3DE05E3?execution=e1s1 HTTP/1.1" 200 20760
192.168.9.6 - - [02/Sep/2019:11:29:42 +0200] "POST /RelaxMT/spring/showTherapists;jsessionid=2039C84F20F7D712DDED3EF9F3DE05E3?execution=e1s1 HTTP/1.1" 200 479
192.168.1.113 - - [02/Sep/2019:11:29:47 +0200] "POST /RelaxMT/spring/showTherapists?execution=e1s28 HTTP/1.1" 200 156
192.168.1.113 - - [02/Sep/2019:11:29:47 +0200] "POST /RelaxMT/spring/showTherapists?execution=e1s28 HTTP/1.1" 200 20761
192.168.1.113 - - [02/Sep/2019:11:29:47 +0200] "POST /RelaxMT/spring/showTherapists?execution=e1s28 HTTP/1.1" 200 480
192.168.1.152 - - [02/Sep/2019:11:30:07 +0200] "POST /RelaxMT/spring/showTherapists?execution=e3s7 HTTP/1.1" 200 155
192.168.1.152 - - [02/Sep/2019:11:30:07 +0200] "POST /RelaxMT/spring/showTherapists?execution=e3s7 HTTP/1.1" 200 20760
192.168.1.152 - - [02/Sep/2019:11:30:07 +0200] "POST /RelaxMT/spring/showTherapists?execution=e3s7 HTTP/1.1" 200 479
192.168.9.6 - - [02/Sep/2019:11:30:42 +0200] "POST /RelaxMT/spring/showTherapists;jsessionid=2039C84F20F7D712DDED3EF9F3DE05E3?execution=e1s1 HTTP/1.1" 200 155
192.168.9.6 - - [02/Sep/2019:11:30:42 +0200] "POST /RelaxMT/spring/showTherapists;jsessionid=2039C84F20F7D712DDED3EF9F3DE05E3?execution=e1s1 HTTP/1.1" 200 20760
192.168.9.6 - - [02/Sep/2019:11:30:42 +0200] "POST /RelaxMT/spring/showTherapists;jsessionid=2039C84F20F7D712DDED3EF9F3DE05E3?execution=e1s1 HTTP/1.1" 200 479
192.168.1.113 - - [02/Sep/2019:11:30:46 +0200] "POST /RelaxMT/spring/showTherapists?execution=e1s28 HTTP/1.1" 200 156
192.168.1.113 - - [02/Sep/2019:11:30:47 +0200] "POST /RelaxMT/spring/showTherapists?execution=e1s28 HTTP/1.1" 200 20761
192.168.1.113 - - [02/Sep/2019:11:30:47 +0200] "POST /RelaxMT/spring/showTherapists?execution=e1s28 HTTP/1.1" 200 480
192.168.1.152 - - [02/Sep/2019:11:31:07 +0200] "POST /RelaxMT/spring/showTherapists?execution=e3s7 HTTP/1.1" 200 155
192.168.1.152 - - [02/Sep/2019:11:31:07 +0200] "POST /RelaxMT/spring/showTherapists?execution=e3s7 HTTP/1.1" 200 20760
192.168.1.152 - - [02/Sep/2019:11:31:07 +0200] "POST /RelaxMT/spring/showTherapists?execution=e3s7 HTTP/1.1" 200 479
192.168.9.6 - - [02/Sep/2019:11:31:42 +0200] "POST /RelaxMT/spring/showTherapists;jsessionid=2039C84F20F7D712DDED3EF9F3DE05E3?execution=e1s1 HTTP/1.1" 200 155
192.168.9.6 - - [02/Sep/2019:11:31:42 +0200] "POST /RelaxMT/spring/showTherapists;jsessionid=2039C84F20F7D712DDED3EF9F3DE05E3?execution=e1s1 HTTP/1.1" 200 20760
192.168.9.6 - - [02/Sep/2019:11:31:42 +0200] "POST /RelaxMT/spring/showTherapists;jsessionid=2039C84F20F7D712DDED3EF9F3DE05E3?execution=e1s1 HTTP/1.1" 200 479
192.168.1.113 - - [02/Sep/2019:11:31:46 +0200] "POST /RelaxMT/spring/showTherapists?execution=e1s28 HTTP/1.1" 200 156
192.168.1.113 - - [02/Sep/2019:11:31:47 +0200] "POST /RelaxMT/spring/showTherapists?execution=e1s28 HTTP/1.1" 200 20761
192.168.1.113 - - [02/Sep/2019:11:31:47 +0200] "POST /RelaxMT/spring/showTherapists?execution=e1s28 HTTP/1.1" 200 480
192.168.1.152 - - [02/Sep/2019:11:32:07 +0200] "POST /RelaxMT/spring/showTherapists?execution=e3s7 HTTP/1.1" 200 155
192.168.1.152 - - [02/Sep/2019:11:32:07 +0200] "POST /RelaxMT/spring/showTherapists?execution=e3s7 HTTP/1.1" 200 20760
192.168.1.152 - - [02/Sep/2019:11:32:07 +0200] "POST /RelaxMT/spring/showTherapists?execution=e3s7 HTTP/1.1" 200 479
192.168.9.6 - - [02/Sep/2019:11:32:42 +0200] "POST /RelaxMT/spring/showTherapists;jsessionid=2039C84F20F7D712DDED3EF9F3DE05E3?execution=e1s1 HTTP/1.1" 200 155
192.168.9.6 - - [02/Sep/2019:11:32:42 +0200] "POST /RelaxMT/spring/showTherapists;jsessionid=2039C84F20F7D712DDED3EF9F3DE05E3?execution=e1s1 HTTP/1.1" 200 20760
192.168.9.6 - - [02/Sep/2019:11:32:42 +0200] "POST /RelaxMT/spring/showTherapists;jsessionid=2039C84F20F7D712DDED3EF9F3DE05E3?execution=e1s1 HTTP/1.1" 200 479
192.168.9.6 - - [02/Sep/2019:11:32:42 +0200] "POST /RelaxMT/spring/showTherapists;jsessionid=2039C84F20F7D712DDED3EF9F3DE05E3?execution=e1s1 HTTP/1.1" 200 155
192.168.1.113 - - [02/Sep/2019:11:32:46 +0200] "POST /RelaxMT/spring/showTherapists?execution=e1s28 HTTP/1.1" 200 156
192.168.1.113 - - [02/Sep/2019:11:32:47 +0200] "POST /RelaxMT/spring/showTherapists?execution=e1s28 HTTP/1.1" 200 20761
192.168.1.113 - - [02/Sep/2019:11:32:47 +0200] "POST /RelaxMT/spring/showTherapists?execution=e1s28 HTTP/1.1" 200 480
192.168.1.152 - - [02/Sep/2019:11:33:07 +0200] "POST /RelaxMT/spring/showTherapists?execution=e3s7 HTTP/1.1" 200 155
192.168.1.152 - - [02/Sep/2019:11:33:07 +0200] "POST /RelaxMT/spring/showTherapists?execution=e3s7 HTTP/1.1" 200 20760
192.168.1.152 - - [02/Sep/2019:11:33:07 +0200] "POST /RelaxMT/spring/showTherapists?execution=e3s7 HTTP/1.1" 200 479
192.168.9.6 - - [02/Sep/2019:11:33:42 +0200] "POST /RelaxMT/spring/showTherapists;jsessionid=2039C84F20F7D712DDED3EF9F3DE05E3?execution=e1s1 HTTP/1.1" 200 155
192.168.9.6 - - [02/Sep/2019:11:33:42 +0200] "POST /RelaxMT/spring/showTherapists;jsessionid=2039C84F20F7D712DDED3EF9F3DE05E3?execution=e1s1 HTTP/1.1" 200 20760
192.168.9.6 - - [02/Sep/2019:11:33:42 +0200] "POST /RelaxMT/spring/showTherapists;jsessionid=2039C84F20F7D712DDED3EF9F3DE05E3?execution=e1s1 HTTP/1.1" 200 479
192.168.1.113 - - [02/Sep/2019:11:33:46 +0200] "POST /RelaxMT/spring/showTherapists?execution=e1s28 HTTP/1.1" 200 156
192.168.1.113 - - [02/Sep/2019:11:33:46 +0200] "POST /RelaxMT/spring/showTherapists?execution=e1s28 HTTP/1.1" 200 20761
192.168.1.113 - - [02/Sep/2019:11:33:47 +0200] "POST /RelaxMT/spring/showTherapists?execution=e1s28 HTTP/1.1" 200 480
192.168.1.152 - - [02/Sep/2019:11:34:07 +0200] "POST /RelaxMT/spring/showTherapists?execution=e3s7 HTTP/1.1" 200 155
192.168.1.152 - - [02/Sep/2019:11:34:07 +0200] "POST /RelaxMT/spring/showTherapists?execution=e3s7 HTTP/1.1" 200 20760
192.168.1.152 - - [02/Sep/2019:11:34:07 +0200] "POST /RelaxMT/spring/showTherapists?execution=e3s7 HTTP/1.1" 200 479
192.168.1.152 - - [02/Sep/2019:11:34:07 +0200] "POST /RelaxMT/spring/showTherapists?execution=e3s7 HTTP/1.1" 200 155
192.168.9.6 - - [02/Sep/2019:11:34:42 +0200] "POST /RelaxMT/spring/showTherapists;jsessionid=2039C84F20F7D712DDED3EF9F3DE05E3?execution=e1s1 HTTP/1.1" 200 155
192.168.9.6 - - [02/Sep/2019:11:34:42 +0200] "POST /RelaxMT/spring/showTherapists;jsessionid=2039C84F20F7D712DDED3EF9F3DE05E3?execution=e1s1 HTTP/1.1" 200 20760
192.168.9.6 - - [02/Sep/2019:11:34:42 +0200] "POST /RelaxMT/spring/showTherapists;jsessionid=2039C84F20F7D712DDED3EF9F3DE05E3?execution=e1s1 HTTP/1.1" 200 479
192.168.1.113 - - [02/Sep/2019:11:34:46 +0200] "POST /RelaxMT/spring/showTherapists?execution=e1s28 HTTP/1.1" 200 156
192.168.1.113 - - [02/Sep/2019:11:34:47 +0200] "POST /RelaxMT/spring/showTherapists?execution=e1s28 HTTP/1.1" 200 20761
192.168.1.113 - - [02/Sep/2019:11:34:47 +0200] "POST /RelaxMT/spring/showTherapists?execution=e1s28 HTTP/1.1" 200 480
192.168.1.152 - - [02/Sep/2019:11:35:07 +0200] "POST /RelaxMT/spring/showTherapists?execution=e3s7 HTTP/1.1" 200 155
192.168.1.152 - - [02/Sep/2019:11:35:07 +0200] "POST /RelaxMT/spring/showTherapists?execution=e3s7 HTTP/1.1" 200 20760
192.168.1.152 - - [02/Sep/2019:11:35:07 +0200] "POST /RelaxMT/spring/showTherapists?execution=e3s7 HTTP/1.1" 200 479
192.168.9.6 - - [02/Sep/2019:11:35:42 +0200] "POST /RelaxMT/spring/showTherapists;jsessionid=2039C84F20F7D712DDED3EF9F3DE05E3?execution=e1s1 HTTP/1.1" 200 155
192.168.9.6 - - [02/Sep/2019:11:35:42 +0200] "POST /RelaxMT/spring/showTherapists;jsessionid=2039C84F20F7D712DDED3EF9F3DE05E3?execution=e1s1 HTTP/1.1" 200 20760
